From mboxrd@z Thu Jan 1 00:00:00 1970 Return-Path: Received: from mails.dpdk.org (mails.dpdk.org [217.70.189.124]) by inbox.dpdk.org (Postfix) with ESMTP id 820DF48909 for ; Sat, 11 Oct 2025 09:56:11 +0200 (CEST) Received: from mails.dpdk.org (localhost [127.0.0.1]) by mails.dpdk.org (Postfix) with ESMTP id 623F54021F; Sat, 11 Oct 2025 09:56:11 +0200 (CEST) Received: from mail-io1-f98.google.com (mail-io1-f98.google.com [209.85.166.98]) by mails.dpdk.org (Postfix) with ESMTP id 85A894021F for ; Sat, 11 Oct 2025 09:56:10 +0200 (CEST) Received: by mail-io1-f98.google.com with SMTP id ca18e2360f4ac-92790f12293so122937739f.2 for ; Sat, 11 Oct 2025 00:56:10 -0700 (PDT) DKIM-Signature: v=1; a=rsa-sha256; c=relaxed/relaxed; d=iol.unh.edu; s=unh-iol; t=1760169370; x=1760774170; darn=dpdk.org; h=cc:to:from:subject:message-id:date:from:to:cc:subject:date :message-id:reply-to; bh=52lRyQsQ7zKM495B0cy1hJo5gjtmoCE/XRtuPMtB1U0=; b=h3DCgFyjf99qAo+i4NlFZ5NR/cCL6xWX+EdSrTshm13acACd2MafBduo+7Soipv9Di lkuHR6seOJbT4cY3GNaezGJhF3RA2YrN9T5rnVHstvvpKsF0OglzxQpcEtaS1I/woSQS 1+VD2mbUzwiYuQ9eBnpdqW+ApWMMrBkdzbXi4= X-Google-DKIM-Signature: v=1; a=rsa-sha256; c=relaxed/relaxed; d=1e100.net; s=20230601; t=1760169370; x=1760774170; h=cc:to:from:subject:message-id:date:x-gm-message-state:from:to:cc :subject:date:message-id:reply-to; bh=52lRyQsQ7zKM495B0cy1hJo5gjtmoCE/XRtuPMtB1U0=; b=vkpu5OOBHv65978Cuif+TIX9fXtmaWkfd8lsDP9bDfUstkY1h/HshIi6yEwjAiKTTq /litCoh1DAHDCS4HjmX1muPFeuhdgy25d7fuNTrUZn/orPZXtRd3csZGr0C/sN5hHVst v3j8bP1MzpKWvo19r2sJXHNvTjEPC3MbINMZzKCBjspE2/ygL1xwbp2sauR3hRUJ2fTI fdSD92D8DHSf2HIKflVm6N/G+LoYUOeHk9Rj6EgMz3t8W4klyQjq7cBhCmAD8ZMXlIxz 2yWhr5PIrsc4nnHLFURZ//u2JqQ4FJMsRKpAqLzsWCjL9USubBylVDEQwYutLZS+Gj2s xq3w== X-Gm-Message-State: AOJu0Yx48gTlyc96x29569oITXAu+3P7JavW912VNB5fmjbg3weOPWlX otShiJM1TI/NweCm+hlBiqi/uraLojQCJRNRmJV5Mn/vd9VmuHddPfL7/2wyBu7s3MloylpwqQB 8p66Q4ne2u9Zcy6YW2ryudgP0LvoeLldrU9bfzxv0PFICjuQC8ftk X-Gm-Gg: ASbGncsJ2XSVbW/AsEZeIafLYebYpCMlpYBLp0EEX9VRPu/oCcCpnPX92woed4Lu4Iw Hcn7dhgK8HZxATG/a0vXoGwXw/Y1yug14by8JP6qO99ywR6GPjRDW5l99oQloyOdliYkKpWP1WB YCAi7I3qnnuILYSCqu7t8YxuBd+AJmrbiR/d0oP2fpmoZ1W1mrVrv1fjDE7P0TzW85vQ/HvWWdx uw7rpzcGBh5uQAs7p2o4slr/dx4axs+8lsnRdH11prQZaTIKoj0ilqU7U+mIOjhvuxCFmg70j1B ZWzG/8QnJHuYLle7ZVOLpIuccqCkXoKpyReB2PAU2UX3zt8MrQ== X-Google-Smtp-Source: AGHT+IFMiYzpxFqqf7CxULiy8pqCYmSfBOQ03vsgLkRXof42Q9cM/DfP1B+bNCDIXg8JRXREAJTRwiIzb+Dj X-Received: by 2002:a05:6602:6c1c:b0:93e:2603:15a2 with SMTP id ca18e2360f4ac-93e26031a2fmr1274773239f.7.1760169369741; Sat, 11 Oct 2025 00:56:09 -0700 (PDT) Received: from postal.iol.unh.edu (postal.iol.unh.edu. [2606:4100:3880:1234::84]) by smtp-relay.gmail.com with ESMTPS id ca18e2360f4ac-93e2594e7easm29066639f.4.2025.10.11.00.56.09 (version=TLS1_2 cipher=ECDHE-ECDSA-AES128-GCM-SHA256 bits=128/128); Sat, 11 Oct 2025 00:56:09 -0700 (PDT) X-Relaying-Domain: iol.unh.edu Date: Sat, 11 Oct 2025 00:56:09 -0700 (PDT) Message-ID: <68ea0d99.050a0220.3ae565.edb5SMTPIN_ADDED_MISSING@mx.google.com> Received: from [172.21.0.2] (unknown [172.18.0.240]) by postal.iol.unh.edu (Postfix) with ESMTP id 4DE5A6051830; Sat, 11 Oct 2025 03:56:09 -0400 (EDT) Subject: |FAILURE| [GIT MASTER] 62f583c49bf67dd4d6733ece14e55fe6839e66d1 From: dpdklab@iol.unh.edu To: Test Report Cc: dpdk-test-reports@iol.unh.edu, Xueming Li , Christian Ehrhardt , Kevin Traynor , Luca Boccassi Content-Type: text/plain X-BeenThere: test-report@dpdk.org X-Mailman-Version: 2.1.29 Precedence: list List-Id: automatic DPDK test reports List-Unsubscribe: , List-Archive: List-Post: List-Help: List-Subscribe: , Errors-To: test-report-bounces@dpdk.org _Testing issues_ Branch: tags/v23.11 62f583c49bf67dd4d6733ece14e55fe6839e66d1 --> testing issues Upstream job id: Generic-DPDK-Compile-Meson#433329 Test environment and result as below: +------------------------------+--------------------+ | Environment | dpdk_meson_compile | +==============================+====================+ | Red Hat Enterprise Linux 9.5 | PASS | +------------------------------+--------------------+ | Debian GNU/Linux 12 | PASS | +------------------------------+--------------------+ | Ubuntu 20.04 | PASS | +------------------------------+--------------------+ | Fedora Linux 42 | PASS | +------------------------------+--------------------+ | Ubuntu 22.04 | PASS | +------------------------------+--------------------+ | Ubuntu 24.04 | PASS | +------------------------------+--------------------+ | CentOS Stream 9 | PASS | +------------------------------+--------------------+ | CentOS Stream 10 | PASS | +------------------------------+--------------------+ Red Hat Enterprise Linux 9.5 Kernel: 5.4 Compiler: gcc gcc (GCC) 11.5.0 20240719 (Red Hat 11.5.0-2) Debian GNU/Linux 12 Kernel: 5.4 Compiler: gcc gcc (Debian 12.2.0-14+deb12u1) 12.2.0 Ubuntu 20.04 Kernel: 5.15 Compiler: aarch64-linux-gnu-gcc gcc (Ubuntu 9.4.0-1ubuntu1~20.04.2) 9.4.0 Fedora Linux 42 Kernel: 5.4 Compiler: gcc gcc (GCC) 15.2.1 20250808 (Red Hat 15.2.1-1) Ubuntu 22.04 Kernel: 5.4 Compiler: gcc gcc (Ubuntu 11.4.0-1ubuntu1~22.04) 11.4.0 Ubuntu 24.04 Kernel: 5.4 Compiler: gcc gcc (Ubuntu 13.3.0-6ubuntu2~24.04) 13.3.0 CentOS Stream 9 Kernel: 5.4 Compiler: gcc gcc (GCC) 11.5.0 20240719 (Red Hat 11.5.0-11) CentOS Stream 10 Kernel: 5.4 Compiler: gcc gcc (GCC) 14.2.1 20250110 (Red Hat 14.2.1-8) To view detailed results, visit: https://lab.dpdk.org/results/dashboard/tarballs/35172/ UNH-IOL DPDK Community Lab To manage your email subscriptions, visit: https://lab.dpdk.org/results/dashboard/preferences/subscriptions/