From mboxrd@z Thu Jan 1 00:00:00 1970 Return-Path: Received: from mails.dpdk.org (mails.dpdk.org [217.70.189.124]) by inbox.dpdk.org (Postfix) with ESMTP id 5561048913 for ; Sun, 12 Oct 2025 06:18:09 +0200 (CEST) Received: from mails.dpdk.org (localhost [127.0.0.1]) by mails.dpdk.org (Postfix) with ESMTP id 35C3F4021F; Sun, 12 Oct 2025 06:18:09 +0200 (CEST) Received: from mail-pg1-f226.google.com (mail-pg1-f226.google.com [209.85.215.226]) by mails.dpdk.org (Postfix) with ESMTP id 623744021F for ; Sun, 12 Oct 2025 06:18:07 +0200 (CEST) Received: by mail-pg1-f226.google.com with SMTP id 41be03b00d2f7-b57bffc0248so2340797a12.0 for ; Sat, 11 Oct 2025 21:18:07 -0700 (PDT) DKIM-Signature: v=1; a=rsa-sha256; c=relaxed/relaxed; d=iol.unh.edu; s=unh-iol; t=1760242686; x=1760847486; darn=dpdk.org; h=cc:to:from:subject:message-id:date:from:to:cc:subject:date :message-id:reply-to; bh=sMkv43QD/WyuD0tkz+fK/50+mxLDHqZ+WHcHbrpUfxo=; b=VJrMrrXXzSmA40+ao+Q5xtvelRwBWXT/9+GXXeKa65s/O6dlMDUVcuhCWtTMazXnnY 5lRA6b8STyxp9NJQY5SnjJt1EWYnjYjBRJmZF39o/DQtZAFvj8tV7n96RXtBSBcH3hsa UaPBvhp72FA2JZBNLj/iIWwXlbOc/vhLnwwUs= X-Google-DKIM-Signature: v=1; a=rsa-sha256; c=relaxed/relaxed; d=1e100.net; s=20230601; t=1760242686; x=1760847486; h=cc:to:from:subject:message-id:date:x-gm-message-state:from:to:cc :subject:date:message-id:reply-to; bh=sMkv43QD/WyuD0tkz+fK/50+mxLDHqZ+WHcHbrpUfxo=; b=ZE3dCnBZXetTQpxsoVrGevSSgh35fi8dqEWCKhq+xRQ/B4p6aiCa054zspBTpiirnd au68Yi9Kdstcn3ufWZQrEhTHL+WC70smlx6VgBDvXTXa0PRRoSE2mmEEtN5WgIW05x2I xiA25gtPs5l1e//YBEpFBplLiUjZtdEQn1VoAVypfTLjYqngBDZcbHkcGgiEYfjFMSsz 8mDFub4QOwYz/vL/edSlJWYarFUJNOFKyqyHtO1z5TAEUpy+UzIqlFk8LfuBu9z8kAoQ lQZk/GZVUshTKmM9S5dA9wZNxMNOBV/0+957zXx8XYC7XiP+5RXsjAlDmbJS987bV5/L ZW6A== X-Gm-Message-State: AOJu0Ywx57BaqrI9HmxewMqZ0u0nZikj0tCB1PLgf7U1c34X47UKYloo tthSeqDJiorFLh/WiIhK/DD65GfHJxzM7mbN4xdcR11S7dkp7dH1KSssjbTXdY8Bj5PfQcXd3fd Me+KcNejbajix8DWhoxefpz91fSfRwUznXCNOCN6VnuOSuyeOpywx X-Gm-Gg: ASbGncvq4wlBfUnB/iR5VR+Ke2Tw9Wjcihlye4iMwueXfbGCzlWR4arOPvUAP5hcZ/7 OIREH8L7c2uh/z8ZpamHd3JvqLStBw491YHVch/8Z1EAn/tmS9LwyOyGoigyXjZz6OdaNunxYh2 ILs78F9qUVRuNLWTSJJSvJvLPUeF1RgByEPZR81l7KdIx1TIvBR6rhUNTYDQTCNFXBDqmMgMd9R XJxBiSwyF+PTS0F25QJJ53WvdcUeAxWk5iEBuK/waOon+3qzY/64el348E2tcCz5Wl+DUYNWAom TOoy5cuU3sp29V1TPMjb4WvBwluUeOUmMzBTilmQ0S8J8KASMQ== X-Google-Smtp-Source: AGHT+IGNwt3j6/qBNEv9556m+xVX8EMPxSENibhOH2mOCixTFleM0rj1I5aWnJZXOKhFKKLys1ZGXyUaWHtV X-Received: by 2002:a17:902:e550:b0:265:f460:ab26 with SMTP id d9443c01a7336-28ec9c0c7d6mr278036495ad.3.1760242686408; Sat, 11 Oct 2025 21:18:06 -0700 (PDT) Received: from postal.iol.unh.edu (postal.iol.unh.edu. [2606:4100:3880:1234::84]) by smtp-relay.gmail.com with ESMTPS id d9443c01a7336-29034df5b0dsm7849225ad.15.2025.10.11.21.18.06 (version=TLS1_2 cipher=ECDHE-ECDSA-AES128-GCM-SHA256 bits=128/128); Sat, 11 Oct 2025 21:18:06 -0700 (PDT) X-Relaying-Domain: iol.unh.edu Date: Sat, 11 Oct 2025 21:18:06 -0700 (PDT) Message-ID: <68eb2bfe.170a0220.3353c8.8594SMTPIN_ADDED_MISSING@mx.google.com> Received: from [172.21.0.3] (unknown [172.18.0.240]) by postal.iol.unh.edu (Postfix) with ESMTP id 9DEF36051830; Sun, 12 Oct 2025 00:18:05 -0400 (EDT) Subject: |FAILURE| [GIT MASTER] 3b43ce3f4a54468e7ef65760c2fd7b4d6ee6d9fc From: dpdklab@iol.unh.edu To: Test Report Cc: dpdk-test-reports@iol.unh.edu, Xueming Li , Christian Ehrhardt , Kevin Traynor , Luca Boccassi Content-Type: text/plain X-BeenThere: test-report@dpdk.org X-Mailman-Version: 2.1.29 Precedence: list List-Id: automatic DPDK test reports List-Unsubscribe: , List-Archive: List-Post: List-Help: List-Subscribe: , Errors-To: test-report-bounces@dpdk.org _Testing issues_ Branch: tags/v22.11 3b43ce3f4a54468e7ef65760c2fd7b4d6ee6d9fc --> testing issues Upstream job id: Generic-Unit-Test-DPDK#380518 Test environment and result as below: +-------------------------------+----------------+ | Environment | dpdk_unit_test | +===============================+================+ | CentOS Stream 10 | FAIL | +-------------------------------+----------------+ | Fedora Linux 40 | PEND | +-------------------------------+----------------+ | Debian GNU/Linux 12 | FAIL | +-------------------------------+----------------+ | Ubuntu 22.04 | FAIL | +-------------------------------+----------------+ | Fedora Linux 42 | PEND | +-------------------------------+----------------+ | CentOS Stream 9 | FAIL | +-------------------------------+----------------+ | Ubuntu 20.04 | PEND | +-------------------------------+----------------+ | Red Hat Enterprise Linux 8.10 | PEND | +-------------------------------+----------------+ | Fedora Linux 41 | PEND | +-------------------------------+----------------+ | Ubuntu 24.04 | PEND | +-------------------------------+----------------+ | Red Hat Enterprise Linux 9.5 | PEND | +-------------------------------+----------------+ | Windows Server 2022 | PASS | +-------------------------------+----------------+ ==== Unit test summary for CentOS Stream 9 (dpdk_unit_test): ==== ninja: Entering directory `/root/workspace/Generic-Unit-Test-DPDK/dpdk/build' ninja: no work to do. 1/105 DPDK:fast-tests / acl_autotest OK 5.17 s 2/105 DPDK:fast-tests / atomic_autotest OK 0.72 s 3/105 DPDK:fast-tests / bitmap_autotest OK 0.19 s 4/105 DPDK:fast-tests / bitops_autotest OK 0.39 s 5/105 DPDK:fast-tests / byteorder_autotest OK 0.33 s 6/105 DPDK:fast-tests / cksum_autotest OK 0.29 s 7/105 DPDK:fast-tests / cmdline_autotest OK 0.28 s 8/105 DPDK:fast-tests / common_autotest OK 0.69 s 9/105 DPDK:fast-tests / cpuflags_autotest OK 0.26 s 10/105 DPDK:fast-tests / debug_autotest OK 0.55 s 11/105 DPDK:fast-tests / devargs_autotest OK 0.31 s 12/105 DPDK:fast-tests / eal_flags_c_opt_autotest OK 1.19 s 13/105 DPDK:fast-tests / eal_flags_main_opt_autotest OK 0.41 s 14/105 DPDK:fast-tests / eal_flags_n_opt_autotest OK 0.66 s 15/105 DPDK:fast-tests / eal_flags_hpet_autotest OK 0.35 s 16/105 DPDK:fast-tests / eal_flags_no_huge_autotest OK 0.69 s 17/105 DPDK:fast-tests / eal_flags_a_opt_autotest OK 0.64 s 18/105 DPDK:fast-tests / eal_flags_b_opt_autotest OK 0.52 s 19/105 DPDK:fast-tests / eal_flags_vdev_opt_autotest OK 0.88 s 20/105 DPDK:fast-tests / eal_flags_r_opt_autotest OK 0.30 s 21/105 DPDK:fast-tests / eal_flags_mem_autotest OK 1.01 s 22/105 DPDK:fast-tests / eal_flags_file_prefix_autotest OK 3.26 s 23/105 DPDK:fast-tests / eal_flags_misc_autotest OK 2.61 s 24/105 DPDK:fast-tests / eal_fs_autotest OK 0.25 s 25/105 DPDK:fast-tests / errno_autotest OK 0.32 s 26/105 DPDK:fast-tests / ethdev_link_status OK 0.30 s 27/105 DPDK:fast-tests / event_ring_autotest OK 0.30 s 28/105 DPDK:fast-tests / fib_autotest OK 1.34 s 29/105 DPDK:fast-tests / fib6_autotest OK 1.42 s 30/105 DPDK:fast-tests / func_reentrancy_autotest OK 1.04 s 31/105 DPDK:fast-tests / hash_autotest OK 0.49 s 32/105 DPDK:fast-tests / interrupt_autotest OK 2.01 s 33/105 DPDK:fast-tests / ipfrag_autotest OK 0.32 s 34/105 DPDK:fast-tests / lcores_autotest OK 2.80 s 35/105 DPDK:fast-tests / logs_autotest OK 0.17 s 36/105 DPDK:fast-tests / lpm_autotest OK 6.73 s 37/105 DPDK:fast-tests / lpm6_autotest OK 8.92 s 38/105 DPDK:fast-tests / malloc_autotest OK 1.15 s 39/105 DPDK:fast-tests / mbuf_autotest OK 0.81 s 40/105 DPDK:fast-tests / mcslock_autotest OK 0.73 s 41/105 DPDK:fast-tests / memcpy_autotest OK 3.60 s 42/105 DPDK:fast-tests / memory_autotest OK 0.36 s 43/105 DPDK:fast-tests / mempool_autotest OK 0.42 s 44/105 DPDK:fast-tests / memzone_autotest OK 0.29 s 45/105 DPDK:fast-tests / meter_autotest OK 0.32 s 46/105 DPDK:fast-tests / multiprocess_autotest OK 0.36 s 47/105 DPDK:fast-tests / node_list_dump OK 0.30 s 48/105 DPDK:fast-tests / per_lcore_autotest OK 0.40 s 49/105 DPDK:fast-tests / pflock_autotest OK 0.40 s 50/105 DPDK:fast-tests / prefetch_autotest OK 0.45 s 51/105 DPDK:fast-tests / rcu_qsbr_autotest OK 0.42 s 52/105 DPDK:fast-tests / pie_autotest OK 0.37 s 53/105 DPDK:fast-tests / rib_autotest OK 8.02 s 54/105 DPDK:fast-tests / rib6_autotest OK 7.60 s 55/105 DPDK:fast-tests / ring_autotest OK 0.25 s 56/105 DPDK:fast-tests / rwlock_test1_autotest OK 0.32 s 57/105 DPDK:fast-tests / rwlock_rda_autotest OK 5.29 s 58/105 DPDK:fast-tests / rwlock_rds_wrm_autotest OK 5.14 s 59/105 DPDK:fast-tests / rwlock_rde_wro_autotest OK 5.41 s 60/105 DPDK:fast-tests / sched_autotest OK 0.27 s 61/105 DPDK:fast-tests / security_autotest OK 0.24 s 62/105 DPDK:fast-tests / seqlock_autotest SKIP 0.27 s 63/105 DPDK:fast-tests / spinlock_autotest OK 0.26 s 64/105 DPDK:fast-tests / stack_autotest OK 0.20 s 65/105 DPDK:fast-tests / stack_lf_autotest OK 0.50 s 66/105 DPDK:fast-tests / string_autotest OK 0.31 s 67/105 DPDK:fast-tests / tailq_autotest OK 0.28 s 68/105 DPDK:fast-tests / ticketlock_autotest OK 0.17 s 69/105 DPDK:fast-tests / timer_autotest OK 2.99 s 70/105 DPDK:fast-tests / user_delay_us OK 0.25 s 71/105 DPDK:fast-tests / version_autotest OK 0.17 s 72/105 DPDK:fast-tests / crc_autotest OK 0.25 s 73/105 DPDK:fast-tests / distributor_autotest OK 1.48 s 74/105 DPDK:fast-tests / eventdev_common_autotest OK 0.29 s 75/105 DPDK:fast-tests / fbarray_autotest OK 0.17 s 76/105 DPDK:fast-tests / hash_readwrite_func_autotest SKIP 0.29 s 77/105 DPDK:fast-tests / ipsec_autotest SKIP 0.22 s 78/105 DPDK:fast-tests / kni_autotest SKIP 0.33 s 79/105 DPDK:fast-tests / kvargs_autotest OK 0.23 s 80/105 DPDK:fast-tests / member_autotest OK 1.29 s 81/105 DPDK:fast-tests / power_cpufreq_autotest SKIP 0.28 s 82/105 DPDK:fast-tests / power_autotest OK 0.17 s 83/105 DPDK:fast-tests / power_kvm_vm_autotest SKIP 0.18 s 84/105 DPDK:fast-tests / power_intel_uncore_autotest SKIP 0.29 s 85/105 DPDK:fast-tests / reorder_autotest OK 0.38 s 86/105 DPDK:fast-tests / service_autotest OK 1.54 s 87/105 DPDK:fast-tests / thash_autotest OK 0.30 s 88/105 DPDK:fast-tests / threads_autotest OK 0.51 s 89/105 DPDK:fast-tests / trace_autotest OK 0.17 s 90/105 DPDK:fast-tests / trace_autotest_with_traces OK 0.21 s 91/105 DPDK:fast-tests / graph_autotest OK 0.29 s 92/105 DPDK:fast-tests / metrics_autotest OK 0.17 s 93/105 DPDK:fast-tests / telemetry_json_autotest OK 0.40 s 94/105 DPDK:fast-tests / telemetry_data_autotest OK 0.29 s 95/105 DPDK:fast-tests / table_autotest FAIL 1.36 s (exit status 255 or signal 127 SIGinvalid) 96/105 DPDK:fast-tests / ring_pmd_autotest OK 0.25 s 97/105 DPDK:fast-tests / event_eth_tx_adapter_autotest OK 0.93 s 98/105 DPDK:fast-tests / bitratestats_autotest OK 0.17 s 99/105 DPDK:fast-tests / latencystats_autotest OK 0.32 s 100/105 DPDK:fast-tests / pdump_autotest OK 5.37 s 101/105 DPDK:fast-tests / vdev_autotest OK 0.17 s 102/105 DPDK:fast-tests / bpf_autotest OK 0.19 s 103/105 DPDK:fast-tests / bpf_convert_autotest OK 0.17 s 104/105 DPDK:fast-tests / compressdev_autotest SKIP 0.26 s 105/105 DPDK:fast-tests / telemetry_all SKIP 0.01 s Ok: 95 Expected Fail: 0 Fail: 1 Unexpected Pass: 0 Skipped: 9 Timeout: 0 Full log written to /root/workspace/Generic-Unit-Test-DPDK/dpdk/build/meson-logs/testlog.txt Test log output from the failed test table_autotest: Sorry, we were not able to find the logs for this test. Download the log output from the CI site for this test run. ==== End log output ==== CentOS Stream 10 Kernel: 5.15 Compiler: gcc gcc (GCC) 14.2.1 20250110 (Red Hat 14.2.1-8) Fedora Linux 40 Kernel: 5.15 Compiler: gcc gcc (GCC) 14.2.1 20240912 (Red Hat 14.2.1-3) Debian GNU/Linux 12 Kernel: 5.15 Compiler: gcc gcc (Debian 12.2.0-14+deb12u1) 12.2.0 Ubuntu 22.04 Kernel: 5.15 Compiler: gcc gcc (Ubuntu 11.4.0-1ubuntu1~22.04) 11.4.0 Fedora Linux 42 Kernel: 5.15 Compiler: gcc gcc (GCC) 15.2.1 20250808 (Red Hat 15.2.1-1) CentOS Stream 9 Kernel: 5.15 Compiler: gcc gcc (GCC) 11.5.0 20240719 (Red Hat 11.5.0-11) Ubuntu 20.04 Kernel: 5.15 Compiler: gcc gcc (Ubuntu 9.4.0-1ubuntu1~20.04.2) 9.4.0 Red Hat Enterprise Linux 8.10 Kernel: 5.15 Compiler: gcc gcc (GCC) 8.5.0 20210514 (Red Hat 8.5.0-22) Fedora Linux 41 Kernel: 5.15 Compiler: clang gcc (GCC) 14.3.1 20250523 (Red Hat 14.3.1-1) Ubuntu 24.04 Kernel: 5.15 Compiler: gcc gcc (Ubuntu 13.3.0-6ubuntu2~24.04) 13.3.0 Red Hat Enterprise Linux 9.5 Kernel: 5.15 Compiler: gcc gcc (GCC) 11.5.0 20240719 (Red Hat 11.5.0-2) Windows Server 2022 Kernel: 10.0.20348.2031 Compiler: clang 15.0.7, gcc 14.1.0 (MinGW), and MSVC VS 19.39.33521 To view detailed results, visit: https://lab.dpdk.org/results/dashboard/tarballs/35177/ UNH-IOL DPDK Community Lab To manage your email subscriptions, visit: https://lab.dpdk.org/results/dashboard/preferences/subscriptions/