From mboxrd@z Thu Jan 1 00:00:00 1970 Return-Path: Received: from mails.dpdk.org (mails.dpdk.org [217.70.189.124]) by inbox.dpdk.org (Postfix) with ESMTP id D90B048913 for ; Sun, 12 Oct 2025 06:50:57 +0200 (CEST) Received: from mails.dpdk.org (localhost [127.0.0.1]) by mails.dpdk.org (Postfix) with ESMTP id BC2D04021F; Sun, 12 Oct 2025 06:50:57 +0200 (CEST) Received: from mail-qv1-f100.google.com (mail-qv1-f100.google.com [209.85.219.100]) by mails.dpdk.org (Postfix) with ESMTP id 8A4FE4021F for ; Sun, 12 Oct 2025 06:50:56 +0200 (CEST) Received: by mail-qv1-f100.google.com with SMTP id 6a1803df08f44-79599d65f75so37240986d6.2 for ; Sat, 11 Oct 2025 21:50:56 -0700 (PDT) DKIM-Signature: v=1; a=rsa-sha256; c=relaxed/relaxed; d=iol.unh.edu; s=unh-iol; t=1760244656; x=1760849456; darn=dpdk.org; h=cc:to:from:subject:message-id:date:from:to:cc:subject:date :message-id:reply-to; bh=58BTM9evvWnCc2Yit5Of1f8koThvft7TXL9u2sO13DY=; b=KJTo7qmR2lTgq7P9usK2bc1XswTC2s+jpnQvjgCXBOkC6R4kd82ut0nS3i1/UzFo73 hS+fKe/iqrBRXiTzFNS5JGXpSHMtVntPd4ZU2GRQ0P7C2oiI2f0TzPCTttrHjIBAJYGw MMKtUi72ce8lQtOLaYDq/5OF0XCOJp9MK0VW8= X-Google-DKIM-Signature: v=1; a=rsa-sha256; c=relaxed/relaxed; d=1e100.net; s=20230601; t=1760244656; x=1760849456; h=cc:to:from:subject:message-id:date:x-gm-message-state:from:to:cc :subject:date:message-id:reply-to; bh=58BTM9evvWnCc2Yit5Of1f8koThvft7TXL9u2sO13DY=; b=GOsp/efj60ckYb3rWwtQvIaoNZ7P+as/DqV1ONIZzPldLw6Cq4nVuKq0O6jw5TlMfB n8A2ipVaxwCXroyMiDmZY6Oc5NKDCokIB8DPuNOG5lTiDzs4Do8kJTtKHhbJaHQ+aaI4 SjfodRQWSRADM22D2rwizMkAfngqgpN38pJ4RwEYCagn9uv7yQfrmWm0YH9VzlxSC9y4 t+zV0oO7rIlMGOaY86A0+p+gZGQK0zMMiu5RrJxe8gz/kreNRyIpUH8t4WoR0pYcpouv rIipeZV/bwfvTX1rsSsRm4vXEZkEoPthmdH8TZW+DRpPPvxSdnOfkcdE9t67oAi49X32 SGLw== X-Gm-Message-State: AOJu0YyOT2fmfG52bPNxYVM5Tj+2ClKYKbd8GpREYMyK7Lojf2IasFKb 3M46I6NODcE7ghyAihSdDnazyBzuQxeX0Fo+SDpQz2syph6m+F/rUhgGs4BItbm7Xg6TDP0HU0G gJwnyrGJy+sZvW1gzitDSVbEiMpUtIHD140o+ X-Gm-Gg: ASbGncvWOIr8xbViB3mihuiLt107wMGZt+ArMO3Wk13CYZy/658MT2NE1+Ag16gbtJn F6t8XnRFDjB/Na5Vcgj8J99HByUaq4CIIY9h++XZw6whEqdtsLlxo2qzH77/QuWmeOKxa81VFIM AdqOBw8ND0aHGV9g3aLJ4661b6YcM2Q/UxfgRpUUOK3eMaVxldj1FHmnFrDNvAyVkRDSxvF3eql OROaUEjysxw9eFxL3CUGEo01Mn57UPvchWAfpovK4kiKU/JLlfEuAsW79fKUQAY/QO2X77IzI0j dATm9SCYoGITV2Ldo/o25BkgZgiHXjGn0vtk2ardrCemBsEoyI1R0UJn1IsJDouK2kMA9O2I X-Google-Smtp-Source: AGHT+IGg7oECZVGmXaHCGpJhvgKQuMhhOsxz1ikL6fH9ToSBYDKG3Pht/Pbd5oKrczUkjkVaOEs5KlE9MseE X-Received: by 2002:ac8:5e07:0:b0:4e7:587:48f6 with SMTP id d75a77b69052e-4e7058755bfmr171189591cf.81.1760244655785; Sat, 11 Oct 2025 21:50:55 -0700 (PDT) Received: from postal.iol.unh.edu (postal.iol.unh.edu. [132.177.123.84]) by smtp-relay.gmail.com with ESMTPS id 6a1803df08f44-87bc34628b5sm5372416d6.13.2025.10.11.21.50.55 (version=TLS1_2 cipher=ECDHE-ECDSA-AES128-GCM-SHA256 bits=128/128); Sat, 11 Oct 2025 21:50:55 -0700 (PDT) X-Relaying-Domain: iol.unh.edu Date: Sat, 11 Oct 2025 21:50:55 -0700 (PDT) Message-ID: <68eb33af.0c0a0220.267132.ab0bSMTPIN_ADDED_MISSING@mx.google.com> Received: from [172.21.0.2] (unknown [172.18.0.240]) by postal.iol.unh.edu (Postfix) with ESMTP id 59A0A6051830; Sun, 12 Oct 2025 00:50:55 -0400 (EDT) Subject: |FAILURE| [GIT MASTER] 3b43ce3f4a54468e7ef65760c2fd7b4d6ee6d9fc From: dpdklab@iol.unh.edu To: Test Report Cc: dpdk-test-reports@iol.unh.edu, Xueming Li , Christian Ehrhardt , Kevin Traynor , Luca Boccassi Content-Type: text/plain X-BeenThere: test-report@dpdk.org X-Mailman-Version: 2.1.29 Precedence: list List-Id: automatic DPDK test reports List-Unsubscribe: , List-Archive: List-Post: List-Help: List-Subscribe: , Errors-To: test-report-bounces@dpdk.org _Testing issues_ Branch: tags/v22.11 3b43ce3f4a54468e7ef65760c2fd7b4d6ee6d9fc --> testing issues Upstream job id: Aarch32-Unit-Test#7809 Test environment and result as below: +-----------------+--------------+---------------------------+------------------------------+----------------+ | Environment | lpm_autotest | cryptodev_sw_zuc_autotest | cryptodev_sw_snow3g_autotest | dpdk_unit_test | +=================+==============+===========================+==============================+================+ | Ubuntu 20.04 | FAIL | SKIPPED | SKIPPED | SKIPPED | +-----------------+--------------+---------------------------+------------------------------+----------------+ | Debian 12 (arm) | SKIPPED | PASS | PASS | SKIPPED | +-----------------+--------------+---------------------------+------------------------------+----------------+ | Ubuntu 22.04 | SKIPPED | SKIPPED | SKIPPED | PASS | +-----------------+--------------+---------------------------+------------------------------+----------------+ ==== 20 line log output for Ubuntu 20.04 (lpm_autotest): ==== [671/690] Compiling C object 'app/test/3062f5d@@dpdk-test@exe/test_threads.c.o'. [672/690] Compiling C object 'app/test/3062f5d@@dpdk-test@exe/test_thash.c.o'. [673/690] Compiling C object 'app/test/3062f5d@@dpdk-test@exe/test_thash_perf.c.o'. [674/690] Compiling C object 'app/test/3062f5d@@dpdk-test@exe/test_timer.c.o'. [675/690] Compiling C object 'app/test/3062f5d@@dpdk-test@exe/test_timer_perf.c.o'. [676/690] Compiling C object 'app/test/3062f5d@@dpdk-test@exe/test_timer_racecond.c.o'. [677/690] Compiling C object 'app/test/3062f5d@@dpdk-test@exe/test_timer_secondary.c.o'. [678/690] Compiling C object 'app/test/3062f5d@@dpdk-test@exe/test_ticketlock.c.o'. [679/690] Compiling C object 'app/test/3062f5d@@dpdk-test@exe/test_trace_register.c.o'. [680/690] Compiling C object 'app/test/3062f5d@@dpdk-test@exe/test_trace.c.o'. [681/690] Compiling C object 'app/test/3062f5d@@dpdk-test@exe/test_version.c.o'. [682/690] Compiling C object 'app/test/3062f5d@@dpdk-test@exe/test_ring.c.o'. [683/690] Compiling C object 'app/test/3062f5d@@dpdk-test@exe/test_telemetry_data.c.o'. [684/690] Compiling C object 'app/test/3062f5d@@dpdk-test@exe/test_telemetry_json.c.o'. [685/690] Compiling C object 'app/test/3062f5d@@dpdk-test@exe/test_pcapng.c.o'. [686/690] Compiling C object 'app/test/3062f5d@@dpdk-test@exe/virtual_pmd.c.o'. [687/690] Compiling C object 'app/test/3062f5d@@dpdk-test@exe/test_bpf.c.o'. [688/690] Compiling C object 'app/test/3062f5d@@dpdk-test@exe/test_compressdev.c.o'. [689/690] Compiling C object 'app/test/3062f5d@@dpdk-test@exe/test_trace_perf.c.o'. [690/690] Linking target app/test/dpdk-test. ==== End log output ==== Ubuntu 20.04 Kernel: 5.4 Compiler: gcc gcc (Ubuntu 9.4.0-1ubuntu1~20.04.2) 9.4.0 Debian 12 (arm) Kernel: Depends on container host Compiler: gcc (Debian 12.2.0-14) 12.2.0 Ubuntu 22.04 Kernel: 5.15 Compiler: gcc gcc (Ubuntu 11.4.0-1ubuntu1~22.04.2) 11.4.0 To view detailed results, visit: https://lab.dpdk.org/results/dashboard/tarballs/35177/ UNH-IOL DPDK Community Lab To manage your email subscriptions, visit: https://lab.dpdk.org/results/dashboard/preferences/subscriptions/