From mboxrd@z Thu Jan 1 00:00:00 1970 Return-Path: Received: from mails.dpdk.org (mails.dpdk.org [217.70.189.124]) by inbox.dpdk.org (Postfix) with ESMTP id 8441E48913 for ; Sun, 12 Oct 2025 07:55:47 +0200 (CEST) Received: from mails.dpdk.org (localhost [127.0.0.1]) by mails.dpdk.org (Postfix) with ESMTP id 5C3584021F; Sun, 12 Oct 2025 07:55:47 +0200 (CEST) Received: from mail-oo1-f99.google.com (mail-oo1-f99.google.com [209.85.161.99]) by mails.dpdk.org (Postfix) with ESMTP id 1B9854021F for ; Sun, 12 Oct 2025 07:55:46 +0200 (CEST) Received: by mail-oo1-f99.google.com with SMTP id 006d021491bc7-64e5f669511so1761638eaf.2 for ; Sat, 11 Oct 2025 22:55:46 -0700 (PDT) DKIM-Signature: v=1; a=rsa-sha256; c=relaxed/relaxed; d=iol.unh.edu; s=unh-iol; t=1760248545; x=1760853345; darn=dpdk.org; h=cc:to:from:subject:message-id:date:from:to:cc:subject:date :message-id:reply-to; bh=QLDFGWb3SdaN7AWSUmIAZlm1rzSBBAPEpXHztJ8Cgrg=; b=NRNXxQ8vJOPJFeO+mxzGWj9rUvC7XyM3b8H4ybz+Sf+WFy6+dNl7rGtBcHyzmGHqJz 4NDSOQZhXjykYess8Tcy6SbKZrIyuwM0HzsoxMyacximWZ+JteuQLDBpytOkFqbhL+l4 +iC9G0c4yP6f2ZD4ljiGiWWNFO7HnPB/GzKvY= X-Google-DKIM-Signature: v=1; a=rsa-sha256; c=relaxed/relaxed; d=1e100.net; s=20230601; t=1760248545; x=1760853345; h=cc:to:from:subject:message-id:date:x-gm-message-state:from:to:cc :subject:date:message-id:reply-to; bh=QLDFGWb3SdaN7AWSUmIAZlm1rzSBBAPEpXHztJ8Cgrg=; b=hRDChtHfMZRJVV0UufD+aRS6w48agTMCxLjqvQhC8yDqaRYEwf8fXEeEskqAQF7niw wbV3nPf086SSjQ+wJZDH4KFv3oVaXwjlW6MaUNRbwczjp2evwmhaa0NTnKTrGAYOVF3V YL5GX1GHhH5JtJckfDZmZg39iVw5658sEiP3JH/gjSjUe2jTBE1g/7eB2LaKD98AB/7d nEmIhZl9/Sconuz9FfaH/Wfk5StExXx+Dk06B4n/SkoxRS8IpnIbZ6pbb06MWs8F4SIm UR6BMUPsindygxrAk4fE1Goiqp9be4RjdBa18qviR3r9vFEuscSHAhUrNGNgLGkFNrPs XmOA== X-Gm-Message-State: AOJu0YzXWdNyh+B6K4JNW3pGAevVFQm+D6/cNZUg18H+s9/fRR0fLHJJ jGcue6OxN8PjznREJrpyvpspN9iA60Yt5QYYNFzTmHHEqC3+3F7K2r/sUbDibtbeANsm9vs4vF+ f+Fa/n/GSNrzzw04kepta5gH008Zzli20sKai X-Gm-Gg: ASbGncsTgVSfydm+1ttXsEOx4hFPZFeGTt5ibDQGDP+rxPnu2THF95QYq96F17PV8hr s0nERRugkHAPkPBosv9MyA8wKBTvLHXqaVbopyjX6eNpTzcxJkFTavGnZgpZYABkwf+7I0LqtCJ emBBO5PxxM5Nxmnf5Gz+KZw2ivWqdXDDOJ1sxpHTfXemqhw050feJEyejbNXc17Q4Kh8CqKDdNu 6SfC27UgNMTClUKmJH0w/pcEq5sDuVMSg0pymbDbT5nKHtDAL4JnJVZWURhguRnXcS7QrDFHrsw arMR7rpugNmQ9lKjrWGa4x8pRhnHYDKhYxPNL8gzfuDs1JAgdPvOtArSsLja46NosOdR4tgT X-Google-Smtp-Source: AGHT+IHTbML5mpW432mkeucyWdEMITvxzLKRgSCoW2LO1xTRUUWS89M+kL16RuAQHULZ91BdaqVZMlzWARl1 X-Received: by 2002:a05:6870:8185:b0:348:6276:f92e with SMTP id 586e51a60fabf-3c0f69edd0emr7483183fac.11.1760248545098; Sat, 11 Oct 2025 22:55:45 -0700 (PDT) Received: from postal.iol.unh.edu (postal.iol.unh.edu. [132.177.123.84]) by smtp-relay.gmail.com with ESMTPS id 586e51a60fabf-3c8c8af53desm617271fac.3.2025.10.11.22.55.45 (version=TLS1_2 cipher=ECDHE-ECDSA-AES128-GCM-SHA256 bits=128/128); Sat, 11 Oct 2025 22:55:45 -0700 (PDT) X-Relaying-Domain: iol.unh.edu Date: Sat, 11 Oct 2025 22:55:45 -0700 (PDT) Message-ID: <68eb42e1.050a0220.1788d8.e147SMTPIN_ADDED_MISSING@mx.google.com> Received: from [172.21.0.2] (unknown [172.18.0.240]) by postal.iol.unh.edu (Postfix) with ESMTP id B451C6051830; Sun, 12 Oct 2025 01:55:44 -0400 (EDT) Subject: |FAILURE| [GIT MASTER] 62f583c49bf67dd4d6733ece14e55fe6839e66d1 From: dpdklab@iol.unh.edu To: Test Report Cc: dpdk-test-reports@iol.unh.edu, Xueming Li , Christian Ehrhardt , Kevin Traynor , Luca Boccassi Content-Type: text/plain X-BeenThere: test-report@dpdk.org X-Mailman-Version: 2.1.29 Precedence: list List-Id: automatic DPDK test reports List-Unsubscribe: , List-Archive: List-Post: List-Help: List-Subscribe: , Errors-To: test-report-bounces@dpdk.org _Testing issues_ Branch: tags/v23.11 62f583c49bf67dd4d6733ece14e55fe6839e66d1 --> testing issues Upstream job id: Generic-Unit-Test-DPDK#380574 Test environment and result as below: +-------------------------------+----------------+ | Environment | dpdk_unit_test | +===============================+================+ | Fedora Linux 40 | PASS | +-------------------------------+----------------+ | CentOS Stream 9 | PASS | +-------------------------------+----------------+ | Fedora Linux 41 | PASS | +-------------------------------+----------------+ | Fedora Linux 42 | PASS | +-------------------------------+----------------+ | CentOS Stream 10 | PASS | +-------------------------------+----------------+ | Red Hat Enterprise Linux 8.10 | PASS | +-------------------------------+----------------+ | Debian GNU/Linux 12 | PASS | +-------------------------------+----------------+ | Red Hat Enterprise Linux 9.5 | PASS | +-------------------------------+----------------+ | Ubuntu 20.04 | PASS | +-------------------------------+----------------+ | Ubuntu 22.04 | PASS | +-------------------------------+----------------+ | Ubuntu 24.04 | PASS | +-------------------------------+----------------+ | Windows Server 2022 | FAIL | +-------------------------------+----------------+ ==== Unit test summary for Windows Server 2022 (dpdk_unit_test): ==== Failed to get the unit test results. Displaying the unit test results is not supported for some environments, such as our aarch32 testing, where meson is not used to run the tests. Download the logs available on our CI site. ==== End log output ==== Fedora Linux 40 Kernel: 5.15 Compiler: clang gcc (GCC) 14.2.1 20240912 (Red Hat 14.2.1-3) CentOS Stream 9 Kernel: 5.15 Compiler: gcc gcc (GCC) 11.5.0 20240719 (Red Hat 11.5.0-11) Fedora Linux 41 Kernel: 5.15 Compiler: clang gcc (GCC) 14.3.1 20250523 (Red Hat 14.3.1-1) Fedora Linux 42 Kernel: 5.15 Compiler: gcc gcc (GCC) 15.2.1 20250808 (Red Hat 15.2.1-1) CentOS Stream 10 Kernel: 5.15 Compiler: gcc gcc (GCC) 14.2.1 20250110 (Red Hat 14.2.1-8) Red Hat Enterprise Linux 8.10 Kernel: 5.15 Compiler: gcc gcc (GCC) 8.5.0 20210514 (Red Hat 8.5.0-22) Debian GNU/Linux 12 Kernel: 5.15 Compiler: gcc gcc (Debian 12.2.0-14+deb12u1) 12.2.0 Red Hat Enterprise Linux 9.5 Kernel: 5.15 Compiler: gcc gcc (GCC) 11.5.0 20240719 (Red Hat 11.5.0-2) Ubuntu 20.04 Kernel: 5.15 Compiler: gcc gcc (Ubuntu 9.4.0-1ubuntu1~20.04.2) 9.4.0 Ubuntu 22.04 Kernel: 5.15 Compiler: gcc gcc (Ubuntu 11.4.0-1ubuntu1~22.04) 11.4.0 Ubuntu 24.04 Kernel: 5.15 Compiler: gcc gcc (Ubuntu 13.3.0-6ubuntu2~24.04) 13.3.0 Windows Server 2022 Kernel: 10.0.20348.2031 Compiler: clang 15.0.7, gcc 14.1.0 (MinGW), and MSVC VS 19.39.33521 To view detailed results, visit: https://lab.dpdk.org/results/dashboard/tarballs/35178/ UNH-IOL DPDK Community Lab To manage your email subscriptions, visit: https://lab.dpdk.org/results/dashboard/preferences/subscriptions/