From mboxrd@z Thu Jan 1 00:00:00 1970 Return-Path: Received: from mails.dpdk.org (mails.dpdk.org [217.70.189.124]) by inbox.dpdk.org (Postfix) with ESMTP id 4516C48917 for ; Sun, 12 Oct 2025 09:05:26 +0200 (CEST) Received: from mails.dpdk.org (localhost [127.0.0.1]) by mails.dpdk.org (Postfix) with ESMTP id 1F7CA4021F; Sun, 12 Oct 2025 09:05:26 +0200 (CEST) Received: from mail-il1-f226.google.com (mail-il1-f226.google.com [209.85.166.226]) by mails.dpdk.org (Postfix) with ESMTP id 771B44021F for ; Sun, 12 Oct 2025 09:05:25 +0200 (CEST) Received: by mail-il1-f226.google.com with SMTP id e9e14a558f8ab-42d8bf52325so16328205ab.3 for ; Sun, 12 Oct 2025 00:05:25 -0700 (PDT) DKIM-Signature: v=1; a=rsa-sha256; c=relaxed/relaxed; d=iol.unh.edu; s=unh-iol; t=1760252724; x=1760857524; darn=dpdk.org; h=cc:to:from:subject:message-id:date:from:to:cc:subject:date :message-id:reply-to; bh=/t3haf6YwyKBfR4gx9iyjvBb5QqH5Am1JR/caBRiimc=; b=NTh8Ucqyu84k0MrDcMKGiUtssjNvvu2AR9+3MJGBKESnYhb3m/BXKgYdeUA90k9DMe 8QtkpvKBZAj2IblDfrn9uRxVzYS7QTrvpCTguHQitN4zRIQi5V3W7nZEeWJeq4gIfn2a gBEaHKnau1drFMKF0p+VrW2b6m7XSIcgBGVQU= X-Google-DKIM-Signature: v=1; a=rsa-sha256; c=relaxed/relaxed; d=1e100.net; s=20230601; t=1760252724; x=1760857524; h=cc:to:from:subject:message-id:date:x-gm-message-state:from:to:cc :subject:date:message-id:reply-to; bh=/t3haf6YwyKBfR4gx9iyjvBb5QqH5Am1JR/caBRiimc=; b=Pb/5wUAZP8Qfpyx1xestF6Gnu6w4YfocyzT+7uTu5H0QTXE2CWZbpKAXfmEUOqQZMd XYIoIdzpABPYP3T3nWOY0/VJ8W4B+8YF7/2SLTK7zrZGWcnMzltnmillfEiorjQpH4jb q3JsHJ2zYFhG6UNhw+TVLm31U5P2yEWV/ZIjpnUrU/4P3EYRdqt9iOHRJhKtyZ42Slaz Gzdq0ZtB8W3OXdoyKIeLM6oDYf+nolN0ggyKpE6LrB+xqopo6KGHqGUgL/0Hwr5lzTXT WjdAHrIx4GGIGUzvOCBTeobmPuvwUCagaTtwQAdQLOuoJWHzr8yp4DuwU8cy3Z71/3gE koEw== X-Gm-Message-State: AOJu0Yw/F8yjsSIVwu+ChrD+aMUL8mIaco5imJP2iyJp0buHOF2u02Qn c/F59yFjEqmAA5a83SVk4Y3b503Le11yQLGBk1Z9C90+G31tr9UIo83ALjxb7BtuxzKU7yJ+Tsp Bw4BSSEN7Vop6iE5V0g8yu7jBndVI/PTRHxFL X-Gm-Gg: ASbGnctWDmRqAIvvMT2qXlDms4Ja1lUXTmiCmlGzh9IJjXkT/zRrw/kQu2Jld//AOLl Pb60dUd8vv9ZJE46zTA4cNBuOPL+qVvBSH9TW6dQ/lQP4gu8mg3GU6e/L4BNS3pnxVEiYhCj4Fo dEiCAhXNlhPckRKDsE2ij7umM8TSRTQYSMuue3x/fvgGnS16GraFW+4AHae2eDhmQEIT+6QRKr5 mOmVS+dxd4kDBwA8FeVpNLFjnXvNh7TCIHjgn8Z2Ozw9TVixavW137ZU/8dXK3mHGKTKUnS0UZn VJN5VFF04KCkzQkFOrQ4Io6kI97t/Ei9VL+xy2qJ+pcHOB49m1yWG9hxv7mqvd3oxLN+07co X-Google-Smtp-Source: AGHT+IEWdG8D4saMIoXVif5S35h30JT5vBu0bdL2PYvC/n0AbR+Y8Bxtz8q+hVjZ6ndJzWr2Vjbn8FnAn6c4 X-Received: by 2002:a05:6e02:18c5:b0:3f2:a771:9fb3 with SMTP id e9e14a558f8ab-42f873f432amr186428305ab.27.1760252724552; Sun, 12 Oct 2025 00:05:24 -0700 (PDT) Received: from postal.iol.unh.edu (postal.iol.unh.edu. [132.177.123.84]) by smtp-relay.gmail.com with ESMTPS id e9e14a558f8ab-42f903396a7sm6427735ab.25.2025.10.12.00.05.24 (version=TLS1_2 cipher=ECDHE-ECDSA-AES128-GCM-SHA256 bits=128/128); Sun, 12 Oct 2025 00:05:24 -0700 (PDT) X-Relaying-Domain: iol.unh.edu Date: Sun, 12 Oct 2025 00:05:24 -0700 (PDT) Message-ID: <68eb5334.050a0220.123f10.0e55SMTPIN_ADDED_MISSING@mx.google.com> Received: from [172.21.0.2] (unknown [172.18.0.240]) by postal.iol.unh.edu (Postfix) with ESMTP id 142616050A61; Sun, 12 Oct 2025 03:05:24 -0400 (EDT) Subject: |FAILURE| [GIT MASTER] 62f583c49bf67dd4d6733ece14e55fe6839e66d1 From: dpdklab@iol.unh.edu To: Test Report Cc: dpdk-test-reports@iol.unh.edu, Xueming Li , Christian Ehrhardt , Kevin Traynor , Luca Boccassi Content-Type: text/plain X-BeenThere: test-report@dpdk.org X-Mailman-Version: 2.1.29 Precedence: list List-Id: automatic DPDK test reports List-Unsubscribe: , List-Archive: List-Post: List-Help: List-Subscribe: , Errors-To: test-report-bounces@dpdk.org _Testing issues_ Branch: tags/v23.11 62f583c49bf67dd4d6733ece14e55fe6839e66d1 --> testing issues Upstream job id: Generic-Unit-Test-DPDK#380573 Test environment and result as below: +------------------------------+--------------+----------------+---------------------------+------------------------------+ | Environment | lpm_autotest | dpdk_unit_test | cryptodev_sw_zuc_autotest | cryptodev_sw_snow3g_autotest | +==============================+==============+================+===========================+==============================+ | Ubuntu 20.04 | PASS | PEND | SKIPPED | SKIPPED | +------------------------------+--------------+----------------+---------------------------+------------------------------+ | CentOS Stream 9 | SKIPPED | PASS | SKIPPED | SKIPPED | +------------------------------+--------------+----------------+---------------------------+------------------------------+ | Debian GNU/Linux 12 | SKIPPED | PASS | SKIPPED | SKIPPED | +------------------------------+--------------+----------------+---------------------------+------------------------------+ | CentOS Stream 10 | SKIPPED | PASS | SKIPPED | SKIPPED | +------------------------------+--------------+----------------+---------------------------+------------------------------+ | Fedora Linux 40 | SKIPPED | PEND | SKIPPED | SKIPPED | +------------------------------+--------------+----------------+---------------------------+------------------------------+ | Fedora Linux 41 | SKIPPED | PEND | SKIPPED | SKIPPED | +------------------------------+--------------+----------------+---------------------------+------------------------------+ | Red Hat Enterprise Linux 9.5 | SKIPPED | PASS | SKIPPED | SKIPPED | +------------------------------+--------------+----------------+---------------------------+------------------------------+ | Ubuntu 24.04 | SKIPPED | PEND | SKIPPED | SKIPPED | +------------------------------+--------------+----------------+---------------------------+------------------------------+ | Fedora Linux 42 | SKIPPED | PEND | SKIPPED | SKIPPED | +------------------------------+--------------+----------------+---------------------------+------------------------------+ | Ubuntu 22.04 | SKIPPED | PASS | SKIPPED | SKIPPED | +------------------------------+--------------+----------------+---------------------------+------------------------------+ | Debian 12 (arm) | SKIPPED | SKIPPED | PASS | PASS | +------------------------------+--------------+----------------+---------------------------+------------------------------+ Ubuntu 20.04 Kernel: 5.4 Compiler: gcc gcc (Ubuntu 9.4.0-1ubuntu1~20.04.2) 9.4.0 CentOS Stream 9 Kernel: 5.4 Compiler: gcc gcc (GCC) 11.5.0 20240719 (Red Hat 11.5.0-11) Debian GNU/Linux 12 Kernel: 5.4 Compiler: gcc gcc (Debian 12.2.0-14+deb12u1) 12.2.0 CentOS Stream 10 Kernel: 5.4 Compiler: gcc gcc (GCC) 14.2.1 20250110 (Red Hat 14.2.1-8) Fedora Linux 40 Kernel: 5.4 Compiler: gcc gcc (GCC) 14.2.1 20240912 (Red Hat 14.2.1-3) Fedora Linux 41 Kernel: 5.4 Compiler: gcc gcc (GCC) 14.3.1 20250523 (Red Hat 14.3.1-1) Red Hat Enterprise Linux 9.5 Kernel: 5.4 Compiler: gcc gcc (GCC) 11.5.0 20240719 (Red Hat 11.5.0-2) Ubuntu 24.04 Kernel: 5.4 Compiler: gcc gcc (Ubuntu 13.3.0-6ubuntu2~24.04) 13.3.0 Fedora Linux 42 Kernel: 5.4 Compiler: gcc gcc (GCC) 15.2.1 20250808 (Red Hat 15.2.1-1) Ubuntu 22.04 Kernel: 5.4 Compiler: gcc gcc (Ubuntu 11.4.0-1ubuntu1~22.04) 11.4.0 Debian 12 (arm) Kernel: Depends on container host Compiler: gcc (Debian 12.2.0-14) 12.2.0 To view detailed results, visit: https://lab.dpdk.org/results/dashboard/tarballs/35178/ UNH-IOL DPDK Community Lab To manage your email subscriptions, visit: https://lab.dpdk.org/results/dashboard/preferences/subscriptions/