From mboxrd@z Thu Jan 1 00:00:00 1970 Return-Path: Received: from mails.dpdk.org (mails.dpdk.org [217.70.189.124]) by inbox.dpdk.org (Postfix) with ESMTP id 37CF748917 for ; Sun, 12 Oct 2025 09:17:27 +0200 (CEST) Received: from mails.dpdk.org (localhost [127.0.0.1]) by mails.dpdk.org (Postfix) with ESMTP id 13F274021F; Sun, 12 Oct 2025 09:17:27 +0200 (CEST) Received: from mail-qv1-f97.google.com (mail-qv1-f97.google.com [209.85.219.97]) by mails.dpdk.org (Postfix) with ESMTP id 09EF84021F for ; Sun, 12 Oct 2025 09:17:26 +0200 (CEST) Received: by mail-qv1-f97.google.com with SMTP id 6a1803df08f44-7946137e7a2so47592766d6.0 for ; Sun, 12 Oct 2025 00:17:25 -0700 (PDT) DKIM-Signature: v=1; a=rsa-sha256; c=relaxed/relaxed; d=iol.unh.edu; s=unh-iol; t=1760253445; x=1760858245; darn=dpdk.org; h=cc:to:from:subject:message-id:date:from:to:cc:subject:date :message-id:reply-to; bh=DoqoIVPblxYDaoTouHj52l5EpC9Gs+EqB8bOQGUbPpg=; b=C76JOTwizuvnmB42ntou6llJguzwNwW5EcWaZaHNnltWf2B2wIrRbZmrYXMWKAQHvt vCtx9qzwK7ID7/LDnDUODAeFiOUz9nAKGiVqdAAkIRSDhUwtZtquVUMdr2xNpiGSm1A1 +ZyE5qiFZhY4Lz5aIhW7LTRu9pyn45lh2qL5w= X-Google-DKIM-Signature: v=1; a=rsa-sha256; c=relaxed/relaxed; d=1e100.net; s=20230601; t=1760253445; x=1760858245; h=cc:to:from:subject:message-id:date:x-gm-message-state:from:to:cc :subject:date:message-id:reply-to; bh=DoqoIVPblxYDaoTouHj52l5EpC9Gs+EqB8bOQGUbPpg=; b=HKWV+WYtMlYxpi2P85gf+sqhqb1W5Og1Ww0hONE3rG/9kJlil7jIDv/H1zDU4D+ReI hCZtK5L0wKNpLepgSOeJ2yXduIQAsIJMdoIyz8LbQoYA6bz9yzPqqGIE1LqYLbuRE0vQ FmVp2X5gjJZPXoDinaApvDlmraAXi3+Ou7/0/riC5q4soV3+UtZBNTa1txI5zUHNuln0 +O89bH2bD5cmex+Z88SFPAy1W4XdyuxQHIiDuNm8kOP9APy+Q3TEJb5PyTWg0q0xPvch Q1WsjNahFp8VlYv1ECn0EyeTO1JV5saFR6k5RtKmxKyWJICxQJ8mOTEHE5NV/MbX9HHA WDLw== X-Gm-Message-State: AOJu0YzdI7kkTGqDnU3JhAefPP3PG6zEUwA7VU/SDYQTac+QL7/hmowW fM+kIBE/bBFIR2RAcEdaUMWMOmzHzf0qASRnL6x6L31gZNUxZDewjpzAGwBp91y4yqZyrwVPYyt BUHhCos4DQtkQyxjDxoNA0Fn22hy5nUw0c7vi X-Gm-Gg: ASbGncvLHM1XhgVyP5exBCBouGmem4dKjxvdjOr7swAxrOZzAYd1qiYnIJLLxAWDDez tddZ1e5pCPu8uLU1jy4KNa6jjzgLvYjmWwN8FAhMFbsAtLl4EJBUVT7v5Z2BZp4nBisI8dImd2C K4W9dRMFlbbn7Vhj9xYt+pasGHdDx9tB0+mxM9PNB26OlR6dzI1KEqdjB4ex+YOYj30ZNfb7Nzb QKKsxrGaqNCKJ0nbf2p88bZDg7GrpPGzVL8i4uS2s/iw6ztftXs6+5DKo1uCzafCsGZrPOhJgG8 BLdFFj4U+gGAMWEV5kqnrF+IkZdTCbvyQYsbec9XvxntpfUfgr0zCZRFFmdzyOH9w+s26OcY X-Google-Smtp-Source: AGHT+IHnM17tCqHgW6epO7hU+CGOTjH35OcOtKcSMeYrjTOlcbgsAZKlVAlv/3IZhwQxkzEb/tmMDq7MaLRS X-Received: by 2002:a05:6214:1c85:b0:7ef:4bbc:7767 with SMTP id 6a1803df08f44-87b2eff1be6mr210966906d6.52.1760253445149; Sun, 12 Oct 2025 00:17:25 -0700 (PDT) Received: from postal.iol.unh.edu (postal.iol.unh.edu. [132.177.123.84]) by smtp-relay.gmail.com with ESMTPS id 6a1803df08f44-87bc345075csm5819226d6.8.2025.10.12.00.17.25 (version=TLS1_2 cipher=ECDHE-ECDSA-AES128-GCM-SHA256 bits=128/128); Sun, 12 Oct 2025 00:17:25 -0700 (PDT) X-Relaying-Domain: iol.unh.edu Date: Sun, 12 Oct 2025 00:17:25 -0700 (PDT) Message-ID: <68eb5605.050a0220.b270b.d399SMTPIN_ADDED_MISSING@mx.google.com> Received: from [172.21.0.2] (unknown [172.18.0.240]) by postal.iol.unh.edu (Postfix) with ESMTP id D635A60003E8; Sun, 12 Oct 2025 03:17:24 -0400 (EDT) Subject: |FAILURE| [GIT MASTER] 62f583c49bf67dd4d6733ece14e55fe6839e66d1 From: dpdklab@iol.unh.edu To: Test Report Cc: dpdk-test-reports@iol.unh.edu, Xueming Li , Christian Ehrhardt , Kevin Traynor , Luca Boccassi Content-Type: text/plain X-BeenThere: test-report@dpdk.org X-Mailman-Version: 2.1.29 Precedence: list List-Id: automatic DPDK test reports List-Unsubscribe: , List-Archive: List-Post: List-Help: List-Subscribe: , Errors-To: test-report-bounces@dpdk.org _Testing issues_ Branch: tags/v23.11 62f583c49bf67dd4d6733ece14e55fe6839e66d1 --> testing issues Upstream job id: Generic-DPDK-Compile-Meson#433492 Test environment and result as below: +------------------------------+--------------------+ | Environment | dpdk_meson_compile | +==============================+====================+ | Ubuntu 20.04 | PASS | +------------------------------+--------------------+ | Red Hat Enterprise Linux 9.5 | PASS | +------------------------------+--------------------+ | Debian GNU/Linux 12 | PASS | +------------------------------+--------------------+ | Fedora Linux 42 | PASS | +------------------------------+--------------------+ | Ubuntu 22.04 | PASS | +------------------------------+--------------------+ | Ubuntu 24.04 | PASS | +------------------------------+--------------------+ | CentOS Stream 9 | PASS | +------------------------------+--------------------+ | CentOS Stream 10 | PASS | +------------------------------+--------------------+ Ubuntu 20.04 Kernel: 5.15 Compiler: aarch64-linux-gnu-gcc gcc (Ubuntu 9.4.0-1ubuntu1~20.04.2) 9.4.0 Red Hat Enterprise Linux 9.5 Kernel: 5.4 Compiler: gcc gcc (GCC) 11.5.0 20240719 (Red Hat 11.5.0-2) Debian GNU/Linux 12 Kernel: 5.4 Compiler: gcc gcc (Debian 12.2.0-14+deb12u1) 12.2.0 Fedora Linux 42 Kernel: 5.4 Compiler: gcc gcc (GCC) 15.2.1 20250808 (Red Hat 15.2.1-1) Ubuntu 22.04 Kernel: 5.4 Compiler: gcc gcc (Ubuntu 11.4.0-1ubuntu1~22.04) 11.4.0 Ubuntu 24.04 Kernel: 5.4 Compiler: gcc gcc (Ubuntu 13.3.0-6ubuntu2~24.04) 13.3.0 CentOS Stream 9 Kernel: 5.4 Compiler: gcc gcc (GCC) 11.5.0 20240719 (Red Hat 11.5.0-11) CentOS Stream 10 Kernel: 5.4 Compiler: gcc gcc (GCC) 14.2.1 20250110 (Red Hat 14.2.1-8) To view detailed results, visit: https://lab.dpdk.org/results/dashboard/tarballs/35178/ UNH-IOL DPDK Community Lab To manage your email subscriptions, visit: https://lab.dpdk.org/results/dashboard/preferences/subscriptions/