From mboxrd@z Thu Jan 1 00:00:00 1970 Return-Path: Received: from mails.dpdk.org (mails.dpdk.org [217.70.189.124]) by inbox.dpdk.org (Postfix) with ESMTP id E546948920 for ; Mon, 13 Oct 2025 07:00:02 +0200 (CEST) Received: from mails.dpdk.org (localhost [127.0.0.1]) by mails.dpdk.org (Postfix) with ESMTP id DE0C24013F; Mon, 13 Oct 2025 07:00:02 +0200 (CEST) Received: from mail-il1-f227.google.com (mail-il1-f227.google.com [209.85.166.227]) by mails.dpdk.org (Postfix) with ESMTP id 3198C4013F for ; Mon, 13 Oct 2025 07:00:02 +0200 (CEST) Received: by mail-il1-f227.google.com with SMTP id e9e14a558f8ab-42f9353c810so14515195ab.0 for ; Sun, 12 Oct 2025 22:00:02 -0700 (PDT) DKIM-Signature: v=1; a=rsa-sha256; c=relaxed/relaxed; d=iol.unh.edu; s=unh-iol; t=1760331601; x=1760936401; darn=dpdk.org; h=cc:to:from:subject:message-id:date:from:to:cc:subject:date :message-id:reply-to; bh=LnzjVSj2G1V0kEDyXwmbIMV0douRe/g4gVhmI/f0SAw=; b=NeCJoe3U6KXW9Wl/kpvnV3U4d6QJIOcg28LLaJwe3CsjuoS+kYSqi8tv7lbVzKWrSz Fr6llGq+TOUC9Q/kIxnAQzf1+iOeshyDuQg8Zf36b3zFRD1EVnvaWeYKjPtFZgXHSvR4 f8bx4weLRovon9fmHk1h/ene2JNkSS8ulrexA= X-Google-DKIM-Signature: v=1; a=rsa-sha256; c=relaxed/relaxed; d=1e100.net; s=20230601; t=1760331601; x=1760936401; h=cc:to:from:subject:message-id:date:x-gm-message-state:from:to:cc :subject:date:message-id:reply-to; bh=LnzjVSj2G1V0kEDyXwmbIMV0douRe/g4gVhmI/f0SAw=; b=Pcn1ynHzlB9k0VU8nsO/+uM9AZOWaedYjTT/yUSjeWixWcIXcbMPwqN/hokKacRuAw 8fHv+D2nOPXMXzftC5amch31qjD2wou+/mBX+TePNNF2L0ULUd8pKyMWfs/nEOngz++i AlJH3WQnR/HNuuiVtRK2JOovtffAzNt/dfclbLkzc9swlc+9vGXdEN1gl4DXfkC17g8B y3k6XxIJMJRpP7Jb4qcKFyrWe3I3nUy0cgUy+AKfjbnrMUJEvowApew/AAvPfWfrQjsr E7LWgTTDhrE8yn9qy+rad2tp30gmGJFTfAnW2664bn6Malnb0vTro0UuzelhajHzxaeW sS6w== X-Gm-Message-State: AOJu0Yw+YhYrZcLdOJ+6wHCypPH0DlK6A2AGrSofNZu7OEBihi61QEfL 9P6Y5Fjp2cI8+K3HBTuqDt1SZF7ffuJytgmf0nt+sQ/rFeXTQGn5UwtZfj9WtCWYt3tJPjxLB3L OhJsKUMl35D/ktsYvoXwIZkUSh3ajthyXRmwG6S91gMKLSdwf1H0y X-Gm-Gg: ASbGncuM1C5WtcnC9Tt4phdWMF3DEbJ2+kpq47Ni4m1rDExujUXIWfTZ1sEJrnRgqjZ lLtSRydFecDanGIE2gTJ/z8k++I+b9JlavCheWJPnqnOjZtqCwNKWPlwUfNWAJemyT8rcg1kDeT pwtilT1YrmlrHwbMvny6vjqAyO0/2lt/cYOZ30LpLpEuMUR/iktSzMwWCJF0E96DU/cOwyl+H1K 9lMkj9A6NWVcoj6mH0AHGYKgVg2NSQt1EhzgdwsFFP4vlj0G2IkgQ1vH1yX2rzBuDBVRanxGDV3 XK3glQfJ9rPesS4ITsIQ2ObuqfpaQQUMd/1XfkTgwQtE/sELVg== X-Google-Smtp-Source: AGHT+IHYO4wgYZle2hiJ2WUILiwWQDf2tZpCZhXqSQg6NFlXPwCLcYxW2oUH9dWFpY+NN/i7TCLcQtKT9RzJ X-Received: by 2002:a05:6e02:2144:b0:42f:6790:476c with SMTP id e9e14a558f8ab-42f8740712dmr210659525ab.23.1760331601327; Sun, 12 Oct 2025 22:00:01 -0700 (PDT) Received: from postal.iol.unh.edu (postal.iol.unh.edu. [2606:4100:3880:1234::84]) by smtp-relay.gmail.com with ESMTPS id 8926c6da1cb9f-58f6d041f28sm770159173.7.2025.10.12.22.00.01 (version=TLS1_2 cipher=ECDHE-ECDSA-AES128-GCM-SHA256 bits=128/128); Sun, 12 Oct 2025 22:00:01 -0700 (PDT) X-Relaying-Domain: iol.unh.edu Date: Sun, 12 Oct 2025 22:00:01 -0700 (PDT) Message-ID: <68ec8751.050a0220.18e08d.6040SMTPIN_ADDED_MISSING@mx.google.com> Received: from [172.21.0.3] (unknown [172.18.0.240]) by postal.iol.unh.edu (Postfix) with ESMTP id DDF9B6051830; Mon, 13 Oct 2025 01:00:00 -0400 (EDT) Subject: |FAILURE| [GIT MASTER] 3b43ce3f4a54468e7ef65760c2fd7b4d6ee6d9fc From: dpdklab@iol.unh.edu To: Test Report Cc: dpdk-test-reports@iol.unh.edu, Xueming Li , Christian Ehrhardt , Kevin Traynor , Luca Boccassi Content-Type: text/plain X-BeenThere: test-report@dpdk.org X-Mailman-Version: 2.1.29 Precedence: list List-Id: automatic DPDK test reports List-Unsubscribe: , List-Archive: List-Post: List-Help: List-Subscribe: , Errors-To: test-report-bounces@dpdk.org _Testing issues_ Branch: tags/v22.11 3b43ce3f4a54468e7ef65760c2fd7b4d6ee6d9fc --> testing issues Upstream job id: Aarch32-Unit-Test#7813 Test environment and result as below: +-----------------+------------------------------+---------------------------+--------------+----------------+ | Environment | cryptodev_sw_snow3g_autotest | cryptodev_sw_zuc_autotest | lpm_autotest | dpdk_unit_test | +=================+==============================+===========================+==============+================+ | Debian 12 (arm) | PASS | PASS | SKIPPED | SKIPPED | +-----------------+------------------------------+---------------------------+--------------+----------------+ | Ubuntu 20.04 | SKIPPED | SKIPPED | FAIL | SKIPPED | +-----------------+------------------------------+---------------------------+--------------+----------------+ | Ubuntu 22.04 | SKIPPED | SKIPPED | SKIPPED | PASS | +-----------------+------------------------------+---------------------------+--------------+----------------+ ==== 20 line log output for Ubuntu 20.04 (lpm_autotest): ==== [671/690] Compiling C object 'app/test/3062f5d@@dpdk-test@exe/test_threads.c.o'. [672/690] Compiling C object 'app/test/3062f5d@@dpdk-test@exe/test_thash.c.o'. [673/690] Compiling C object 'app/test/3062f5d@@dpdk-test@exe/test_thash_perf.c.o'. [674/690] Compiling C object 'app/test/3062f5d@@dpdk-test@exe/test_timer.c.o'. [675/690] Compiling C object 'app/test/3062f5d@@dpdk-test@exe/test_timer_perf.c.o'. [676/690] Compiling C object 'app/test/3062f5d@@dpdk-test@exe/test_timer_racecond.c.o'. [677/690] Compiling C object 'app/test/3062f5d@@dpdk-test@exe/test_timer_secondary.c.o'. [678/690] Compiling C object 'app/test/3062f5d@@dpdk-test@exe/test_ticketlock.c.o'. [679/690] Compiling C object 'app/test/3062f5d@@dpdk-test@exe/test_trace_register.c.o'. [680/690] Compiling C object 'app/test/3062f5d@@dpdk-test@exe/test_trace.c.o'. [681/690] Compiling C object 'app/test/3062f5d@@dpdk-test@exe/test_version.c.o'. [682/690] Compiling C object 'app/test/3062f5d@@dpdk-test@exe/test_telemetry_json.c.o'. [683/690] Compiling C object 'app/test/3062f5d@@dpdk-test@exe/test_ring.c.o'. [684/690] Compiling C object 'app/test/3062f5d@@dpdk-test@exe/test_telemetry_data.c.o'. [685/690] Compiling C object 'app/test/3062f5d@@dpdk-test@exe/virtual_pmd.c.o'. [686/690] Compiling C object 'app/test/3062f5d@@dpdk-test@exe/test_pcapng.c.o'. [687/690] Compiling C object 'app/test/3062f5d@@dpdk-test@exe/test_bpf.c.o'. [688/690] Compiling C object 'app/test/3062f5d@@dpdk-test@exe/test_compressdev.c.o'. [689/690] Compiling C object 'app/test/3062f5d@@dpdk-test@exe/test_trace_perf.c.o'. [690/690] Linking target app/test/dpdk-test. ==== End log output ==== Debian 12 (arm) Kernel: Depends on container host Compiler: gcc (Debian 12.2.0-14) 12.2.0 Ubuntu 20.04 Kernel: 5.4 Compiler: gcc gcc (Ubuntu 9.4.0-1ubuntu1~20.04.2) 9.4.0 Ubuntu 22.04 Kernel: 5.15 Compiler: gcc gcc (Ubuntu 11.4.0-1ubuntu1~22.04.2) 11.4.0 To view detailed results, visit: https://lab.dpdk.org/results/dashboard/tarballs/35181/ UNH-IOL DPDK Community Lab To manage your email subscriptions, visit: https://lab.dpdk.org/results/dashboard/preferences/subscriptions/