From mboxrd@z Thu Jan 1 00:00:00 1970 Return-Path: Received: from mails.dpdk.org (mails.dpdk.org [217.70.189.124]) by inbox.dpdk.org (Postfix) with ESMTP id 89AB748920 for ; Mon, 13 Oct 2025 07:45:48 +0200 (CEST) Received: from mails.dpdk.org (localhost [127.0.0.1]) by mails.dpdk.org (Postfix) with ESMTP id 84D794013F; Mon, 13 Oct 2025 07:45:48 +0200 (CEST) Received: from mail-pl1-f227.google.com (mail-pl1-f227.google.com [209.85.214.227]) by mails.dpdk.org (Postfix) with ESMTP id C02194013F for ; Mon, 13 Oct 2025 07:45:47 +0200 (CEST) Received: by mail-pl1-f227.google.com with SMTP id d9443c01a7336-27d3540a43fso35445725ad.3 for ; Sun, 12 Oct 2025 22:45:47 -0700 (PDT) DKIM-Signature: v=1; a=rsa-sha256; c=relaxed/relaxed; d=iol.unh.edu; s=unh-iol; t=1760334347; x=1760939147; darn=dpdk.org; h=cc:to:from:subject:message-id:date:from:to:cc:subject:date :message-id:reply-to; bh=Izw2Okzsui9y+XMpE3W/rn6/Jd6RHXePqXKuL1U0w80=; b=CF90PgU9+kcT/XTXkUhaw4ATUiN8TE2oqze5EbFEkY2raMPcruGZBHfkVu4DZ7E3le 6vCbvCs+d0Rp3IlVAP87GdePUHzWBg0tiVMJKPM4g73R0gzGEw0rPba+yqgkuzkh+UZE YzJ5W+J1R+y2OpIUCUBUQaTB5EA2b4pMxyGAw= X-Google-DKIM-Signature: v=1; a=rsa-sha256; c=relaxed/relaxed; d=1e100.net; s=20230601; t=1760334347; x=1760939147; h=cc:to:from:subject:message-id:date:x-gm-message-state:from:to:cc :subject:date:message-id:reply-to; bh=Izw2Okzsui9y+XMpE3W/rn6/Jd6RHXePqXKuL1U0w80=; b=GwzAV+6a0NDJg+rnTXqCaXZpci5zdkjUI9G8YXdaPqhyZlhjXrZnqgAYDeqjMQ/eSG 3feBarfLdjPErh7PDwysX8645X1P4zhAFS6m2T3url2LzibxpDOr4Lc6kSKCuR03o7oc P2LyF0Uo52HcDsmgg35T9s1Z5UxufvVVPgIT+PaonkcYwAULpFURr/6ppj4KUBuVLaga V4qsYKLyBJKdKmxqL9mpnbARAtzvbMGtkKAtn1XbELR9XDxz0PGZrw3MpqTpIHjV3cVK Xi2rK/8AEj/2gAvppm/jvFCq84F+zjylminE08mIAGCVhOQhJYV4VOn8H3NPyzeIPOCT PmIw== X-Gm-Message-State: AOJu0YyIzoMAm5DGKjvGyhgBdrV4lI4h/nWzvx3ExjJdpIWCc5ldy7t8 c93xPaqvFgowpp2ZgUbrDvFiasA1T9RA0kN0fSfgEKW2Y8zSSXfxKjkyFkj21rpvBngK90FKZdE yf88nCaYuXyppWTNjDpH0VmC1X/On/CF+kWP6 X-Gm-Gg: ASbGncv+RMAN2iwL/nUQxVVGH+JYUbFnfBUNK7cEwowhBOuZ3yBj4ljvy29lnLmJqVv JQlCQRN4YLts4Hkh3IufHirf7wOOGayu8gqtbwSAG8FkotYcOuBgGLzWs8/Br9WDDnp1EV2CH0e /kLkXBHADH6gLp92FcogInz4qfrX7xMrH387k6wkOvy2Ssu4eR+SddWhnvqljwh7b1KYOeLrAoZ 8nMXf8evR7/RfI4nlhbwOtQGnzfnb/dfI+Oazpim79j2JetovHf7vDq6JJXEUZufjQ0Mw6JjbLt lYXZDuK1PTSL0edad8boxaUouhWiZj+QcmUuIcYPuQpdxkJAfPAJHPmiZUOEgYs1/gRmOc2d X-Google-Smtp-Source: AGHT+IEubWVhTJ+dgPYFsaQTjNxKVPEgM5q/kqNdKir/yBANIHt5RyngeFte2yY6yvpX9O6cpreTZa2Xy8d4 X-Received: by 2002:a17:902:f609:b0:282:2c52:5094 with SMTP id d9443c01a7336-290272c31d0mr259674775ad.37.1760334346975; Sun, 12 Oct 2025 22:45:46 -0700 (PDT) Received: from postal.iol.unh.edu (postal.iol.unh.edu. [132.177.123.84]) by smtp-relay.gmail.com with ESMTPS id d9443c01a7336-29034df081fsm9919335ad.7.2025.10.12.22.45.46 (version=TLS1_2 cipher=ECDHE-ECDSA-AES128-GCM-SHA256 bits=128/128); Sun, 12 Oct 2025 22:45:46 -0700 (PDT) X-Relaying-Domain: iol.unh.edu Date: Sun, 12 Oct 2025 22:45:46 -0700 (PDT) Message-ID: <68ec920a.170a0220.2a99be.2a2aSMTPIN_ADDED_MISSING@mx.google.com> Received: from [172.21.0.2] (unknown [172.18.0.240]) by postal.iol.unh.edu (Postfix) with ESMTP id 7061A6051830; Mon, 13 Oct 2025 01:45:46 -0400 (EDT) Subject: |FAILURE| [GIT MASTER] 62f583c49bf67dd4d6733ece14e55fe6839e66d1 From: dpdklab@iol.unh.edu To: Test Report Cc: dpdk-test-reports@iol.unh.edu, Xueming Li , Christian Ehrhardt , Kevin Traynor , Luca Boccassi Content-Type: text/plain X-BeenThere: test-report@dpdk.org X-Mailman-Version: 2.1.29 Precedence: list List-Id: automatic DPDK test reports List-Unsubscribe: , List-Archive: List-Post: List-Help: List-Subscribe: , Errors-To: test-report-bounces@dpdk.org _Testing issues_ Branch: tags/v23.11 62f583c49bf67dd4d6733ece14e55fe6839e66d1 --> testing issues Upstream job id: Generic-Unit-Test-DPDK#380650 Test environment and result as below: +-------------------------------+----------------+ | Environment | dpdk_unit_test | +===============================+================+ | Fedora Linux 40 | PASS | +-------------------------------+----------------+ | Fedora Linux 42 | PASS | +-------------------------------+----------------+ | CentOS Stream 9 | PASS | +-------------------------------+----------------+ | Fedora Linux 41 | PASS | +-------------------------------+----------------+ | CentOS Stream 10 | PASS | +-------------------------------+----------------+ | Red Hat Enterprise Linux 9.5 | PASS | +-------------------------------+----------------+ | Debian GNU/Linux 12 | PASS | +-------------------------------+----------------+ | Ubuntu 24.04 | PASS | +-------------------------------+----------------+ | Ubuntu 22.04 | PASS | +-------------------------------+----------------+ | Ubuntu 20.04 | PASS | +-------------------------------+----------------+ | Red Hat Enterprise Linux 8.10 | PASS | +-------------------------------+----------------+ | Windows Server 2022 | FAIL | +-------------------------------+----------------+ ==== Unit test summary for Windows Server 2022 (dpdk_unit_test): ==== Failed to get the unit test results. Displaying the unit test results is not supported for some environments, such as our aarch32 testing, where meson is not used to run the tests. Download the logs available on our CI site. ==== End log output ==== Fedora Linux 40 Kernel: 5.15 Compiler: clang gcc (GCC) 14.2.1 20240912 (Red Hat 14.2.1-3) Fedora Linux 42 Kernel: 5.15 Compiler: gcc gcc (GCC) 15.2.1 20250808 (Red Hat 15.2.1-1) CentOS Stream 9 Kernel: 5.15 Compiler: gcc gcc (GCC) 11.5.0 20240719 (Red Hat 11.5.0-11) Fedora Linux 41 Kernel: 5.15 Compiler: clang gcc (GCC) 14.3.1 20250523 (Red Hat 14.3.1-1) CentOS Stream 10 Kernel: 5.15 Compiler: gcc gcc (GCC) 14.2.1 20250110 (Red Hat 14.2.1-8) Red Hat Enterprise Linux 9.5 Kernel: 5.15 Compiler: gcc gcc (GCC) 11.5.0 20240719 (Red Hat 11.5.0-2) Debian GNU/Linux 12 Kernel: 5.15 Compiler: gcc gcc (Debian 12.2.0-14+deb12u1) 12.2.0 Ubuntu 24.04 Kernel: 5.15 Compiler: gcc gcc (Ubuntu 13.3.0-6ubuntu2~24.04) 13.3.0 Ubuntu 22.04 Kernel: 5.15 Compiler: gcc gcc (Ubuntu 11.4.0-1ubuntu1~22.04) 11.4.0 Ubuntu 20.04 Kernel: 5.15 Compiler: gcc gcc (Ubuntu 9.4.0-1ubuntu1~20.04.2) 9.4.0 Red Hat Enterprise Linux 8.10 Kernel: 5.15 Compiler: gcc gcc (GCC) 8.5.0 20210514 (Red Hat 8.5.0-22) Windows Server 2022 Kernel: 10.0.20348.2031 Compiler: clang 15.0.7, gcc 14.1.0 (MinGW), and MSVC VS 19.39.33521 To view detailed results, visit: https://lab.dpdk.org/results/dashboard/tarballs/35182/ UNH-IOL DPDK Community Lab To manage your email subscriptions, visit: https://lab.dpdk.org/results/dashboard/preferences/subscriptions/