From mboxrd@z Thu Jan 1 00:00:00 1970 Return-Path: Received: from mails.dpdk.org (mails.dpdk.org [217.70.189.124]) by inbox.dpdk.org (Postfix) with ESMTP id 00B9C48922 for ; Mon, 13 Oct 2025 09:02:45 +0200 (CEST) Received: from mails.dpdk.org (localhost [127.0.0.1]) by mails.dpdk.org (Postfix) with ESMTP id ED3354013F; Mon, 13 Oct 2025 09:02:44 +0200 (CEST) Received: from mail-yw1-f228.google.com (mail-yw1-f228.google.com [209.85.128.228]) by mails.dpdk.org (Postfix) with ESMTP id 41C204013F for ; Mon, 13 Oct 2025 09:02:44 +0200 (CEST) Received: by mail-yw1-f228.google.com with SMTP id 00721157ae682-73b4e3d0756so42283657b3.3 for ; Mon, 13 Oct 2025 00:02:44 -0700 (PDT) DKIM-Signature: v=1; a=rsa-sha256; c=relaxed/relaxed; d=iol.unh.edu; s=unh-iol; t=1760338963; x=1760943763; darn=dpdk.org; h=cc:to:from:subject:message-id:date:from:to:cc:subject:date :message-id:reply-to; bh=2q6030n4WZHwVG84MnByFSGXIGoN/CCnvbnhv2nGCic=; b=a4bt0SncCFksSBQWjcfJgnoomtbugnz0aEoFcpKQshRikoWZ5G88hjeOibCq6Xnw2B 5uRiAundjg4qBClIN8K74uMS7fXrTwKKhnEQULziTKjx0N4usiE/ACMMdu+QqDwO2hyA QOmhOvueffAdf6wBiJbA69B8X0VMK0lAUWCYA= X-Google-DKIM-Signature: v=1; a=rsa-sha256; c=relaxed/relaxed; d=1e100.net; s=20230601; t=1760338963; x=1760943763; h=cc:to:from:subject:message-id:date:x-gm-message-state:from:to:cc :subject:date:message-id:reply-to; bh=2q6030n4WZHwVG84MnByFSGXIGoN/CCnvbnhv2nGCic=; b=qV2m66B7IJsCXsVKrguIxU/e4W2GOWdikLaImPl1PfDfCF639Q4wub0hB2koIg5CId yoLrkl9+AhK8jsM9jFq3r6J88HfiVd+0jAYo47OfTd29Sk2zPVULZ8IRsfjw3L4jFoDo ec85soMSoWnzJYwzGtE3eRNv6td5I8tLWrAHOdD0FVwcjf/Xk4D+RxGoIi3UqVMcTuos hX7cSanw7ZZaK74yR3uizKw4prcCLXc3DuzlvovcDdChxIr7doix3zIFvV+dkHOWMr+T JwUD2t7BQ1Vpz+TBFPKBWvMNhxVr2fgev4BvvOXPCT+svy1lXvgbm+Nc5gfSy2fYEoHr aatA== X-Gm-Message-State: AOJu0YzCr8ymXCPhrgdnqUi6aEstNA5SynwLlbyf/ts+RU79fi1P5ZuR 56VCoe5jK0Kc3ezquLrOmscolG5ariKYnHgE0+cICoV+xPvzTAviFhABX7POnffm4iq5AtkCqhH Eyw8Wi5iDvOKUCMglARCGpkO4PJ9v2sczDZ5W X-Gm-Gg: ASbGncvIrFCyEonPF/CbZkHIJubRLSdp+gcqqtoUNlNiuaXCA654V/vHtA5f7rt1Wg7 TVbSV9ksFQ9jS3sxZkc+JAKkJmUfVi2MU0t3xMZOfKr01J/8ltqncdCrMXC94RDTNW47omHcaLp MIyBgl8Sb4T+dsFw6ZI3tPrM3S6AxmqQ/2aCN+MJU3+/u7zdxHwjg16mX+USAtXV59Dpel18/48 tn3zUKEtbawQv2PMbGFR6RJV+p2uvUXT6Cg2Me3aSzZpT8BzZhAfYQpaHo7XAY6+Iv7VU+Xhn1d uw/tlY2WUE6s1JQHrpK6sweodt+mN2nIqjY/cAkgKHh4TbIzALQ+RJoS7Gz9oQe9TFQYr/O2 X-Google-Smtp-Source: AGHT+IEliLXENtnI/pPwSVKrFYpxtdq1iIgz49XnKhsEcUAMUFSs0RMhn4SHgMkoaEjEb2NT/SQlbhUsKpT6 X-Received: by 2002:a53:a04f:0:b0:633:bbf7:412b with SMTP id 956f58d0204a3-63ccb892787mr13418340d50.19.1760338963597; Mon, 13 Oct 2025 00:02:43 -0700 (PDT) Received: from postal.iol.unh.edu (postal.iol.unh.edu. [132.177.123.84]) by smtp-relay.gmail.com with ESMTPS id 956f58d0204a3-63cd95e6be4sm688214d50.13.2025.10.13.00.02.43 (version=TLS1_2 cipher=ECDHE-ECDSA-AES128-GCM-SHA256 bits=128/128); Mon, 13 Oct 2025 00:02:43 -0700 (PDT) X-Relaying-Domain: iol.unh.edu Date: Mon, 13 Oct 2025 00:02:43 -0700 (PDT) Message-ID: <68eca413.530a0220.3837f6.1f2eSMTPIN_ADDED_MISSING@mx.google.com> Received: from [172.21.0.3] (unknown [172.18.0.240]) by postal.iol.unh.edu (Postfix) with ESMTP id 496CC6051830; Mon, 13 Oct 2025 03:02:43 -0400 (EDT) Subject: |FAILURE| [GIT MASTER] 62f583c49bf67dd4d6733ece14e55fe6839e66d1 From: dpdklab@iol.unh.edu To: Test Report Cc: dpdk-test-reports@iol.unh.edu, Xueming Li , Christian Ehrhardt , Kevin Traynor , Luca Boccassi Content-Type: text/plain X-BeenThere: test-report@dpdk.org X-Mailman-Version: 2.1.29 Precedence: list List-Id: automatic DPDK test reports List-Unsubscribe: , List-Archive: List-Post: List-Help: List-Subscribe: , Errors-To: test-report-bounces@dpdk.org _Testing issues_ Branch: tags/v23.11 62f583c49bf67dd4d6733ece14e55fe6839e66d1 --> testing issues Upstream job id: Generic-DPDK-Compile-Meson#433566 Test environment and result as below: +------------------------------+--------------------+ | Environment | dpdk_meson_compile | +==============================+====================+ | Ubuntu 20.04 | PASS | +------------------------------+--------------------+ | Red Hat Enterprise Linux 9.5 | PASS | +------------------------------+--------------------+ | Fedora Linux 42 | PASS | +------------------------------+--------------------+ | Debian GNU/Linux 12 | PASS | +------------------------------+--------------------+ | CentOS Stream 10 | PASS | +------------------------------+--------------------+ | Ubuntu 24.04 | PASS | +------------------------------+--------------------+ | Ubuntu 22.04 | PASS | +------------------------------+--------------------+ | CentOS Stream 9 | PASS | +------------------------------+--------------------+ Ubuntu 20.04 Kernel: 5.15 Compiler: aarch64-linux-gnu-gcc gcc (Ubuntu 9.4.0-1ubuntu1~20.04.2) 9.4.0 Red Hat Enterprise Linux 9.5 Kernel: 5.4 Compiler: gcc gcc (GCC) 11.5.0 20240719 (Red Hat 11.5.0-2) Fedora Linux 42 Kernel: 5.4 Compiler: gcc gcc (GCC) 15.2.1 20250808 (Red Hat 15.2.1-1) Debian GNU/Linux 12 Kernel: 5.4 Compiler: gcc gcc (Debian 12.2.0-14+deb12u1) 12.2.0 CentOS Stream 10 Kernel: 5.4 Compiler: gcc gcc (GCC) 14.2.1 20250110 (Red Hat 14.2.1-8) Ubuntu 24.04 Kernel: 5.4 Compiler: gcc gcc (Ubuntu 13.3.0-6ubuntu2~24.04) 13.3.0 Ubuntu 22.04 Kernel: 5.4 Compiler: gcc gcc (Ubuntu 11.4.0-1ubuntu1~22.04) 11.4.0 CentOS Stream 9 Kernel: 5.4 Compiler: gcc gcc (GCC) 11.5.0 20240719 (Red Hat 11.5.0-11) To view detailed results, visit: https://lab.dpdk.org/results/dashboard/tarballs/35182/ UNH-IOL DPDK Community Lab To manage your email subscriptions, visit: https://lab.dpdk.org/results/dashboard/preferences/subscriptions/