From: dpdklab@iol.unh.edu
To: Test Report <test-report@dpdk.org>
Cc: dpdk-test-reports@iol.unh.edu,
Bruce Richardson <bruce.richardson@intel.com>
Subject: |SUCCESS| pw157498-157500 [PATCH] [v6,3/3] net/ice: add PFC statisti
Date: Mon, 13 Oct 2025 14:45:44 -0700 (PDT) [thread overview]
Message-ID: <68ed7308.050a0220.2dc414.055cSMTPIN_ADDED_MISSING@mx.google.com> (raw)
In-Reply-To: <20251013180523.61468-4-vladimir.medvedkin@intel.com>
Test-Label: iol-compile-arm64-testing
Test-Status: SUCCESS
http://dpdk.org/patch/157500
_Testing PASS_
Submitter: Vladimir Medvedkin <vladimir.medvedkin@intel.com>
Date: Monday, October 13 2025 18:05:23
DPDK git baseline: Repo:dpdk-next-net-intel
Branch: master
CommitID:b26049c00e3c452cb446d688a43c6c7eebbee32e
157498-157500 --> testing pass
Upstream job id: Generic-DPDK-Compile-Meson#433763
Test environment and result as below:
+------------------------------+--------------------+
| Environment | dpdk_meson_compile |
+==============================+====================+
| Red Hat Enterprise Linux 9.5 | PASS |
+------------------------------+--------------------+
| Ubuntu 20.04 | PASS |
+------------------------------+--------------------+
| CentOS Stream 10 | PASS |
+------------------------------+--------------------+
| Debian GNU/Linux 12 | PASS |
+------------------------------+--------------------+
| Fedora Linux 42 | PASS |
+------------------------------+--------------------+
| CentOS Stream 9 | PASS |
+------------------------------+--------------------+
| Ubuntu 24.04 | PASS |
+------------------------------+--------------------+
| Ubuntu 22.04 | PASS |
+------------------------------+--------------------+
Red Hat Enterprise Linux 9.5
Kernel: 5.4
Compiler: gcc gcc (GCC) 11.5.0 20240719 (Red Hat 11.5.0-2)
Ubuntu 20.04
Kernel: 5.15
Compiler: aarch64-linux-gnu-gcc gcc (Ubuntu 9.4.0-1ubuntu1~20.04.2) 9.4.0
CentOS Stream 10
Kernel: 5.4
Compiler: gcc gcc (GCC) 14.2.1 20250110 (Red Hat 14.2.1-8)
Debian GNU/Linux 12
Kernel: 5.4
Compiler: gcc gcc (Debian 12.2.0-14+deb12u1) 12.2.0
Fedora Linux 42
Kernel: 5.4
Compiler: clang gcc (GCC) 15.2.1 20250808 (Red Hat 15.2.1-1)
CentOS Stream 9
Kernel: 5.4
Compiler: gcc gcc (GCC) 11.5.0 20240719 (Red Hat 11.5.0-11)
Ubuntu 24.04
Kernel: 5.4
Compiler: gcc gcc (Ubuntu 13.3.0-6ubuntu2~24.04) 13.3.0
Ubuntu 22.04
Kernel: 5.4
Compiler: gcc gcc (Ubuntu 11.4.0-1ubuntu1~22.04) 11.4.0
To view detailed results, visit:
https://lab.dpdk.org/results/dashboard/patchsets/34264/
UNH-IOL DPDK Community Lab
To manage your email subscriptions, visit:
https://lab.dpdk.org/results/dashboard/preferences/subscriptions/
prev parent reply other threads:[~2025-10-13 21:45 UTC|newest]
Thread overview: 22+ messages / expand[flat|nested] mbox.gz Atom feed top
[not found] <20251013180523.61468-4-vladimir.medvedkin@intel.com>
2025-10-13 17:31 ` |SUCCESS| pw157498-157500 [PATCH v6 3/3] net/ice: add PFC statistics qemudev
2025-10-13 17:36 ` qemudev
2025-10-13 18:06 ` |SUCCESS| pw157500 " checkpatch
2025-10-13 18:31 ` |PENDING| pw157498-157500 [PATCH] [v6,3/3] net/ice: add PFC statisti dpdklab
2025-10-13 18:33 ` dpdklab
2025-10-13 18:34 ` |SUCCESS| " dpdklab
2025-10-13 18:34 ` |PENDING| " dpdklab
2025-10-13 18:39 ` |SUCCESS| " dpdklab
2025-10-13 18:40 ` |PENDING| " dpdklab
2025-10-13 18:40 ` |FAILURE| pw157500 [PATCH v6 3/3] net/ice: add PFC statistics 0-day Robot
2025-10-13 18:43 ` |PENDING| pw157498-157500 [PATCH] [v6,3/3] net/ice: add PFC statisti dpdklab
2025-10-13 18:54 ` |SUCCESS| " dpdklab
2025-10-13 18:56 ` dpdklab
2025-10-13 18:56 ` dpdklab
2025-10-13 19:05 ` dpdklab
2025-10-13 19:10 ` dpdklab
2025-10-13 19:13 ` dpdklab
2025-10-13 19:15 ` dpdklab
2025-10-13 19:18 ` dpdklab
2025-10-13 19:27 ` dpdklab
2025-10-13 20:04 ` dpdklab
2025-10-13 21:45 ` dpdklab [this message]
Reply instructions:
You may reply publicly to this message via plain-text email
using any one of the following methods:
* Save the following mbox file, import it into your mail client,
and reply-to-all from there: mbox
Avoid top-posting and favor interleaved quoting:
https://en.wikipedia.org/wiki/Posting_style#Interleaved_style
* Reply using the --to, --cc, and --in-reply-to
switches of git-send-email(1):
git send-email \
--in-reply-to=68ed7308.050a0220.2dc414.055cSMTPIN_ADDED_MISSING@mx.google.com \
--to=dpdklab@iol.unh.edu \
--cc=bruce.richardson@intel.com \
--cc=dpdk-test-reports@iol.unh.edu \
--cc=test-report@dpdk.org \
/path/to/YOUR_REPLY
https://kernel.org/pub/software/scm/git/docs/git-send-email.html
* If your mail client supports setting the In-Reply-To header
via mailto: links, try the mailto: link
Be sure your reply has a Subject: header at the top and a blank line
before the message body.
This is a public inbox, see mirroring instructions
for how to clone and mirror all data and code used for this inbox;
as well as URLs for NNTP newsgroup(s).