From mboxrd@z Thu Jan 1 00:00:00 1970 Return-Path: Received: from mails.dpdk.org (mails.dpdk.org [217.70.189.124]) by inbox.dpdk.org (Postfix) with ESMTP id 665FE4892B for ; Tue, 14 Oct 2025 00:12:23 +0200 (CEST) Received: from mails.dpdk.org (localhost [127.0.0.1]) by mails.dpdk.org (Postfix) with ESMTP id 451EB40288; Tue, 14 Oct 2025 00:12:23 +0200 (CEST) Received: from mail-oa1-f97.google.com (mail-oa1-f97.google.com [209.85.160.97]) by mails.dpdk.org (Postfix) with ESMTP id D124140288 for ; Tue, 14 Oct 2025 00:12:22 +0200 (CEST) Received: by mail-oa1-f97.google.com with SMTP id 586e51a60fabf-3c8f257b7e1so1762985fac.1 for ; Mon, 13 Oct 2025 15:12:22 -0700 (PDT) DKIM-Signature: v=1; a=rsa-sha256; c=relaxed/relaxed; d=iol.unh.edu; s=unh-iol; t=1760393542; x=1760998342; darn=dpdk.org; h=references:in-reply-to:cc:to:from:subject:message-id:date:from:to :cc:subject:date:message-id:reply-to; bh=UPhvTDFsp2gk0Kqvr/WF+Q32VBk11QORjvEI4Td/PHk=; b=V2rngnS4WP9ePk30SmIg2jIS9cumS1GL0Zke2MfoUMTU587AVN1gKLUlD/tlMajjvC jA3Bmx65LCI7ZzEtZsMyQyx+w/4aAv+d++Noz0qieL14AIbPWjZvEJKNqp69VuCXwMee Q1KySsmYfIIORMK5nBAlx3NKEspOZrNmwYiiI= X-Google-DKIM-Signature: v=1; a=rsa-sha256; c=relaxed/relaxed; d=1e100.net; s=20230601; t=1760393542; x=1760998342; h=references:in-reply-to:cc:to:from:subject:message-id:date :x-gm-message-state:from:to:cc:subject:date:message-id:reply-to; bh=UPhvTDFsp2gk0Kqvr/WF+Q32VBk11QORjvEI4Td/PHk=; b=bOmNPamIDEVY6BVFIt13r/9uaJcSej+04hErlz3L+1tR9MAhNJ4HI3v3CfAODsiEtn wmOu1MU1lYSL0I0kyep3i04naQex53UQsAPJUA1Wikq5Tw26BiBu9WcyOywCjuRw5jVT MTH37l18cjJsvBVoAWJhsADCbA8TCdYVv+uPFvSSoh0BU4s2b56WNWT2wqnlnFSZgK9W f/eCVUZtDKoFjtuC/ZYUhh2LcuywNRUK3RHhor9SM6ANeHt/21j4xWUd9IUnyssH8OJi wqsbjERqeMMhSIhyRUlsxuVw4XVcYvf95dwIwFZCnm8N8baakKa5UmEH4lnf9yFDbDY2 E6tA== X-Gm-Message-State: AOJu0Yx7Xzpbuz78+Z70nppgI7hjkikwFJynu6zf46OMQWtHPqh4hLFh 3G9rxTHC0uYyYa78uPUEPsTnZtGTAO2P+LN8uRghYq9JhjH03OKls+QtVoNOO4RVehXBdh6tZCg CFcvq2DpSa+DVvt8z/8Zghj68cFzR3wY8QdsKWsca74I3pPsFkzRqBZ/BGf8k X-Gm-Gg: ASbGncvR2SyIIbyzzpcjh/3bdWA1k8RNcB+kaDPCrdZxtDautOs34g9mOjwFEZRWfiy VzbWMjEwdjiOOXf/CviFkD6yUGAF6DoBOE/l3DkOSfPAg8rQ8a7XuA4ucCaQJ//k9j5THm2zXzv MmajJN7bCf/MbaSbZIpnhkzPe0UrUaawtSwi9Dn3y7ggAZItwkmwniLc9NWoV5O+tMj1rBTWuDB mAJacUhh4J6OUA24tjAb5FXTPsjI7a4jnUoXxn4GyQxNUg9YepG5yRO8jSY2hDzTwcgcshWPyh8 tqS8mrdo0kizgMiQ+Rw7AUhzk+rGAfMdhy6qlN1Bkg1nWm8ksw== X-Google-Smtp-Source: AGHT+IFTLNW1Zn/+0iHd0CcOBq9zqc7prlEzTTpTmbwTEu0ORoir+1sVmaRsYsfg+MjXLIzUHe5uSJJocfDX X-Received: by 2002:a05:6871:70b:b0:31a:70c0:d498 with SMTP id 586e51a60fabf-3be69f05bc5mr11065341fac.2.1760393542112; Mon, 13 Oct 2025 15:12:22 -0700 (PDT) Received: from postal.iol.unh.edu (postal.iol.unh.edu. [2606:4100:3880:1234::84]) by smtp-relay.gmail.com with ESMTPS id 586e51a60fabf-3c8c8e8e6f1sm966739fac.13.2025.10.13.15.12.22 (version=TLS1_2 cipher=ECDHE-ECDSA-AES128-GCM-SHA256 bits=128/128); Mon, 13 Oct 2025 15:12:22 -0700 (PDT) X-Relaying-Domain: iol.unh.edu Date: Mon, 13 Oct 2025 15:12:22 -0700 (PDT) Message-ID: <68ed7946.050a0220.27d060.0bd7SMTPIN_ADDED_MISSING@mx.google.com> Received: from [172.21.0.2] (unknown [172.18.0.240]) by postal.iol.unh.edu (Postfix) with ESMTP id B54D7604D420; Mon, 13 Oct 2025 18:12:21 -0400 (EDT) Subject: |FAILURE| pw157502-157508 [PATCH] [v4,7/7] usertools/mbuf: parse mbu From: dpdklab@iol.unh.edu To: Test Report Cc: dpdk-test-reports@iol.unh.edu, Thomas Monjalon In-Reply-To: <20251013212019.892032-8-thomas@monjalon.net> References: <20251013212019.892032-8-thomas@monjalon.net> Content-Type: text/plain X-BeenThere: test-report@dpdk.org X-Mailman-Version: 2.1.29 Precedence: list List-Id: automatic DPDK test reports List-Unsubscribe: , List-Archive: List-Post: List-Help: List-Subscribe: , Errors-To: test-report-bounces@dpdk.org Test-Label: iol-compile-amd64-testing Test-Status: FAILURE http://dpdk.org/patch/157508 _Testing issues_ Submitter: Thomas Monjalon Date: Monday, October 13 2025 21:16:07 DPDK git baseline: Repo:dpdk Branch: master CommitID:2b403dd8fb37d0ba13723e44ffc7ee2c2795f838 157502-157508 --> testing issues Upstream job id: Windows-Compile-DPDK-VS#7178 Test environment and result as below: +-------------------------------+--------------------+-------------------+------------------+-------------------+-------------------------+ | Environment | dpdk_meson_compile | dpdk_compile_spdk | dpdk_compile_ovs | dpdk_msvc_compile | dpdk_llvm_clang_compile | +===============================+====================+===================+==================+===================+=========================+ | Debian GNU/Linux 12 | PEND | PEND | SKIPPED | SKIPPED | SKIPPED | +-------------------------------+--------------------+-------------------+------------------+-------------------+-------------------------+ | CentOS Stream 10 | PEND | SKIPPED | SKIPPED | SKIPPED | SKIPPED | +-------------------------------+--------------------+-------------------+------------------+-------------------+-------------------------+ | CentOS Stream 9 | PEND | PEND | SKIPPED | SKIPPED | SKIPPED | +-------------------------------+--------------------+-------------------+------------------+-------------------+-------------------------+ | Fedora Linux 42 | PEND | PEND | PEND | SKIPPED | SKIPPED | +-------------------------------+--------------------+-------------------+------------------+-------------------+-------------------------+ | Red Hat Enterprise Linux 8.10 | PEND | SKIPPED | SKIPPED | SKIPPED | SKIPPED | +-------------------------------+--------------------+-------------------+------------------+-------------------+-------------------------+ | openSUSE Leap 15.6 | PEND | SKIPPED | SKIPPED | SKIPPED | SKIPPED | +-------------------------------+--------------------+-------------------+------------------+-------------------+-------------------------+ | Red Hat Enterprise Linux 9.5 | PEND | SKIPPED | SKIPPED | SKIPPED | SKIPPED | +-------------------------------+--------------------+-------------------+------------------+-------------------+-------------------------+ | Ubuntu 24.04 | PEND | PEND | PEND | SKIPPED | SKIPPED | +-------------------------------+--------------------+-------------------+------------------+-------------------+-------------------------+ | Ubuntu 20.04 | PASS | SKIPPED | SKIPPED | SKIPPED | SKIPPED | +-------------------------------+--------------------+-------------------+------------------+-------------------+-------------------------+ | FreeBSD 14.2 | PASS | SKIPPED | SKIPPED | SKIPPED | SKIPPED | +-------------------------------+--------------------+-------------------+------------------+-------------------+-------------------------+ | Ubuntu 22.04 | PEND | PEND | SKIPPED | SKIPPED | SKIPPED | +-------------------------------+--------------------+-------------------+------------------+-------------------+-------------------------+ | Alpine Linux 3.22.0 | PEND | SKIPPED | SKIPPED | SKIPPED | SKIPPED | +-------------------------------+--------------------+-------------------+------------------+-------------------+-------------------------+ | Windows Server 2022 | SKIPPED | SKIPPED | SKIPPED | FAIL | PEND | +-------------------------------+--------------------+-------------------+------------------+-------------------+-------------------------+ ==== 20 line log output for Windows Server 2022 (dpdk_msvc_compile): ==== [696/874] Compiling C object app/dpdk-testpmd.exe.p/test-pmd_cmdline.c.obj FAILED: app/dpdk-testpmd.exe.p/test-pmd_cmdline.c.obj "cl" "-Iapp\dpdk-testpmd.exe.p" "-Iapp" "-I..\app" "-Iapp\test-pmd" "-I..\app\test-pmd" "-Ilib\ethdev" "-I..\lib\ethdev" "-Ilib\eal\common" "-I..\lib\eal\common" "-I." "-I.." "-Iconfig" "-I..\config" "-Ilib\eal\include" "-I..\lib\eal\include" "-Ilib\eal\windows\include" "-I..\lib\eal\windows\include" "-Ilib\eal\x86\include" "-I..\lib\eal\x86\include" "-Ilib\eal" "-I..\lib\eal" "-Ilib\log" "-I..\lib\log" "-Ilib\kvargs" "-I..\lib\kvargs" "-Ilib\net" "-I..\lib\net" "-Ilib\mbuf" "-I..\lib\mbuf" "-I lib\mempool" "-I..\lib\mempool" "-Ilib\ring" "-I..\lib\ring" "-Ilib\metrics" "-I..\lib\metrics" "-Ilib\telemetry" "-I..\lib\telemetry" "-Ilib\meter" "-I..\lib\meter" "-Ilib\cmdline" "-I..\lib\cmdline" "-Ilib\pci" "-I..\lib\pci" "-Ilib\bitratestats" "-I..\lib\bitratestats" "-Ilib\gro" "-I..\lib\gro" "-Ilib\gso" "-I..\lib\gso" "-Ilib\latencystats" "-I..\lib\latencystats" "-Idrivers\net\intel\i40e" "-I..\drivers\net\intel\i40e" "-Idrivers\net\intel\i40e\base" "-I..\drivers\net\intel\i40e\base" "- Idrivers\bus\pci" "-I..\drivers\bus\pci" "-I..\drivers\bus\pci\windows" "-Idrivers\bus\vdev" "-I..\drivers\bus\vdev" "-Ilib\hash" "-I..\lib\hash" "-Ilib\rcu" "-I..\lib\rcu" "-Idrivers\net\intel\ixgbe" "-I..\drivers\net\intel\ixgbe" "-Idrivers\net\intel\ixgbe\base" "-I..\drivers\net\intel\ixgbe\base" "-Ilib\security" "-I..\lib\security" "-Ilib\cryptodev" "-I..\lib\cryptodev" "-Idrivers\net\intel\iavf" "-I..\drivers\net\intel\iavf" "-I..\drivers\net\intel\iavf\base" "-Idrivers\net\intel\ice" "-I. .\drivers\net\intel\ice" "-Idrivers\net\intel\ice\base" "-I..\drivers\net\intel\ice\base" "-Idrivers\net\mlx5" "-I..\drivers\net\mlx5" "-Idrivers\net/mlx5\windows" "-I..\drivers\net\mlx5\windows" "-Idrivers\common\mlx5" "-I..\drivers\common\mlx5" "-Idrivers\common/mlx5\windows" "-I..\drivers\common\mlx5\windows" "-Idrivers\bus\auxiliary" "-I..\drivers\bus\auxiliary" "-IC:\Program Files\Mellanox\MLNX_WinOF2_DevX_SDK\inc" "/MD" "/nologo" "/showIncludes" "/utf-8" "/W3" "/WX" "/std:c11" "/O2" "/Gw " "/wd4244" "/wd4267" "/wd4146" "/experimental:c11atomics" "/d1experimental:typeof" "/experimental:statementExpressions" "/FI" "rte_config.h" "-D_GNU_SOURCE" "-D_WIN32_WINNT=0x0A00" "-DALLOW_EXPERIMENTAL_API" "/Fdapp\dpdk-testpmd.exe.p\test-pmd_cmdline.c.pdb" /Foapp/dpdk-testpmd.exe.p/test-pmd_cmdline.c.obj "/c" ../app/test-pmd/cmdline.c ../app/test-pmd/cmdline.c(9115): error C2220: the following warning is treated as an error ../app/test-pmd/cmdline.c(9115): warning C5101: use of preprocessor directive in function-like macro argument list is undefined behavior ../app/test-pmd/cmdline.c(9117): warning C5101: use of preprocessor directive in function-like macro argument list is undefined behavior ../app/test-pmd/cmdline.c(9119): error C2059: syntax error: '#' [697/874] Compiling C object app/dpdk-testpmd.exe.p/test-pmd_cmdline_cman.c.obj [698/874] Compiling C object app/dpdk-test-flow-perf.exe.p/test-flow-perf_main.c.obj [699/874] Compiling C object app/dpdk-testpmd.exe.p/test-pmd_parameters.c.obj [700/874] Compiling C object app/dpdk-testpmd.exe.p/test-pmd_csumonly.c.obj [701/874] Compiling C object app/dpdk-testpmd.exe.p/test-pmd_icmpecho.c.obj [702/874] Compiling C object app/dpdk-testpmd.exe.p/test-pmd_config.c.obj [703/874] Compiling C object app/dpdk-testpmd.exe.p/test-pmd_ieee1588fwd.c.obj [704/874] Compiling C object app/dpdk-testpmd.exe.p/test-pmd_cmdline_flow.c.obj [705/874] Compiling C object drivers/librte_net_iavf_base_lib.a.p/net_intel_ice_base_ice_fdir.c.obj ninja: build stopped: subcommand failed. INFO: autodetecting backend as ninja INFO: calculating backend command to run: "C:\Program Files\Meson\ninja.EXE" -C C:/Users/builder/jenkins/workspace/Windows-Compile-DPDK-VS/dpdk/build ==== End log output ==== Debian GNU/Linux 12 Kernel: 5.15 Compiler: gcc gcc (Debian 12.2.0-14+deb12u1) 12.2.0 CentOS Stream 10 Kernel: 5.15 Compiler: gcc gcc (GCC) 14.2.1 20250110 (Red Hat 14.2.1-8) CentOS Stream 9 Kernel: 5.15 Compiler: gcc gcc (GCC) 11.5.0 20240719 (Red Hat 11.5.0-11) Fedora Linux 42 Kernel: 5.15 Compiler: clang gcc (GCC) 15.2.1 20250808 (Red Hat 15.2.1-1) Red Hat Enterprise Linux 8.10 Kernel: 5.15 Compiler: gcc gcc (GCC) 8.5.0 20210514 (Red Hat 8.5.0-22) openSUSE Leap 15.6 Kernel: 5.15 Compiler: gcc gcc (SUSE Linux) 7.5.0 Red Hat Enterprise Linux 9.5 Kernel: 5.15 Compiler: gcc gcc (GCC) 11.5.0 20240719 (Red Hat 11.5.0-2) Ubuntu 24.04 Kernel: 5.15 Compiler: gcc gcc (Ubuntu 13.3.0-6ubuntu2~24.04) 13.3.0 Ubuntu 20.04 Kernel: 5.15 Compiler: gcc gcc (Ubuntu 9.4.0-1ubuntu1~20.04.2) 9.4.0 FreeBSD 14.2 Kernel: 14.2-RELEASE Compiler: clang 18.1.6 Ubuntu 22.04 Kernel: 5.15 Compiler: gcc gcc (Ubuntu 11.4.0-1ubuntu1~22.04) 11.4.0 Alpine Linux 3.22.0 Kernel: 5.15 Compiler: gcc gcc (Alpine 14.2.0) 14.2.0 Windows Server 2022 Kernel: 10.0.20348.2031 Compiler: clang 15.0.7, gcc 14.1.0 (MinGW), and MSVC VS 19.39.33521 To view detailed results, visit: https://lab.dpdk.org/results/dashboard/patchsets/34266/ UNH-IOL DPDK Community Lab To manage your email subscriptions, visit: https://lab.dpdk.org/results/dashboard/preferences/subscriptions/