* |SUCCESS| pw157502-157508 [PATCH v4 7/7] usertools/mbuf: parse mbuf history dump
[not found] <20251013212019.892032-8-thomas@monjalon.net>
@ 2025-10-13 20:57 ` qemudev
2025-10-13 21:05 ` |FAILURE| " qemudev
` (20 subsequent siblings)
21 siblings, 0 replies; 22+ messages in thread
From: qemudev @ 2025-10-13 20:57 UTC (permalink / raw)
To: test-report
Test-Label: loongarch-compilation
Test-Status: SUCCESS
http://dpdk.org/patch/157508
_Compilation OK_
Submitter: Thomas Monjalon <thomas@monjalon.net>
Date: Mon, 13 Oct 2025 23:16:01 +0200
DPDK git baseline: Repo:dpdk
Branch: main
CommitID: 2b403dd8fb37d0ba13723e44ffc7ee2c2795f838
157502-157508 --> meson & ninja build successfully
Test environment and result as below:
+---------------------+----------------+
| Environment | compilation |
+---------------------+----------------+
| Loongnix-Server 8.3 | PASS |
+---------------------+----------------+
Loongnix-Server 8.3
Kernel: 4.19.190+
Compiler: gcc 8.3
^ permalink raw reply [flat|nested] 22+ messages in thread
* |FAILURE| pw157502-157508 [PATCH v4 7/7] usertools/mbuf: parse mbuf history dump
[not found] <20251013212019.892032-8-thomas@monjalon.net>
2025-10-13 20:57 ` |SUCCESS| pw157502-157508 [PATCH v4 7/7] usertools/mbuf: parse mbuf history dump qemudev
@ 2025-10-13 21:05 ` qemudev
2025-10-13 21:21 ` |SUCCESS| pw157508 " checkpatch
` (19 subsequent siblings)
21 siblings, 0 replies; 22+ messages in thread
From: qemudev @ 2025-10-13 21:05 UTC (permalink / raw)
To: test-report; +Cc: Thomas Monjalon, zhoumin
Test-Label: loongarch-unit-testing
Test-Status: FAILURE
http://dpdk.org/patch/157508
_Unit Testing FAIL_
Submitter: Thomas Monjalon <thomas@monjalon.net>
Date: Mon, 13 Oct 2025 23:16:01 +0200
DPDK git baseline: Repo:dpdk
Branch: main
CommitID: 2b403dd8fb37d0ba13723e44ffc7ee2c2795f838
157502-157508 --> testing fail
Test environment and result as below:
+---------------------+----------------+
| Environment | dpdk_unit_test |
+---------------------+----------------+
| Loongnix-Server 8.3 | FAIL |
+---------------------+----------------+
Loongnix-Server 8.3
Kernel: 4.19.190+
Compiler: gcc 8.3
Test result details:
1/120 DPDK:fast-tests / acl_autotest OK 3.27s
2/120 DPDK:fast-tests / alarm_autotest OK 1.53s
3/120 DPDK:fast-tests / argparse_autotest OK 0.51s
4/120 DPDK:fast-tests / atomic_autotest OK 6.91s
5/120 DPDK:fast-tests / bitcount_autotest OK 0.20s
6/120 DPDK:fast-tests / bitmap_autotest OK 0.20s
7/120 DPDK:fast-tests / bitops_autotest OK 1.70s
8/120 DPDK:fast-tests / bitratestats_autotest OK 0.20s
9/120 DPDK:fast-tests / bitset_autotest OK 2.95s
10/120 DPDK:fast-tests / bpf_autotest OK 0.20s
11/120 DPDK:fast-tests / bpf_convert_autotest OK 0.20s
12/120 DPDK:fast-tests / byteorder_autotest OK 0.20s
13/120 DPDK:fast-tests / cfgfile_autotest OK 0.20s
14/120 DPDK:fast-tests / cksum_autotest OK 0.19s
15/120 DPDK:fast-tests / cmdline_autotest OK 0.20s
16/120 DPDK:fast-tests / common_autotest OK 1.08s
17/120 DPDK:fast-tests / compressdev_autotest SKIP 0.06s exit status 77
18/120 DPDK:fast-tests / cpuflags_autotest OK 0.20s
19/120 DPDK:fast-tests / crc_autotest OK 0.20s
20/120 DPDK:fast-tests / user_delay_us OK 0.20s
21/120 DPDK:fast-tests / debug_autotest OK 24.67s
22/120 DPDK:fast-tests / devargs_autotest OK 0.20s
23/120 DPDK:fast-tests / dispatcher_autotest TIMEOUT 200.11s exit status -15
24/120 DPDK:fast-tests / distributor_autotest OK 1.20s
25/120 DPDK:fast-tests / eal_flags_c_opt_autotest OK 0.79s
26/120 DPDK:fast-tests / eal_flags_main_opt_autotest OK 0.22s
27/120 DPDK:fast-tests / eal_flags_n_opt_autotest OK 0.19s
28/120 DPDK:fast-tests / eal_flags_hpet_autotest OK 0.13s
29/120 DPDK:fast-tests / eal_flags_no_huge_autotest OK 0.22s
30/120 DPDK:fast-tests / eal_flags_a_opt_autotest OK 0.30s
31/120 DPDK:fast-tests / eal_flags_b_opt_autotest OK 0.24s
32/120 DPDK:fast-tests / eal_flags_vdev_opt_autotest OK 0.19s
33/120 DPDK:fast-tests / eal_flags_r_opt_autotest OK 0.18s
34/120 DPDK:fast-tests / eal_flags_mem_autotest OK 0.58s
35/120 DPDK:fast-tests / eal_flags_file_prefix_autotest OK 22.24s
36/120 DPDK:fast-tests / eal_flags_misc_autotest OK 1.04s
37/120 DPDK:fast-tests / eal_fs_autotest OK 0.20s
38/120 DPDK:fast-tests / errno_autotest OK 0.20s
39/120 DPDK:fast-tests / ethdev_link_status OK 0.20s
40/120 DPDK:fast-tests / event_eth_tx_adapter_autotest OK 1.67s
41/120 DPDK:fast-tests / event_ring_autotest OK 0.21s
42/120 DPDK:fast-tests / eventdev_common_autotest OK 0.20s
43/120 DPDK:fast-tests / eventdev_selftest_sw OK 7.04s
44/120 DPDK:fast-tests / fbarray_autotest OK 0.20s
45/120 DPDK:fast-tests / fib_autotest OK 1.06s
46/120 DPDK:fast-tests / fib6_autotest OK 0.85s
47/120 DPDK:fast-tests / func_reentrancy_autotest OK 2.29s
48/120 DPDK:fast-tests / graph_autotest OK 0.21s
49/120 DPDK:fast-tests / node_list_dump OK 0.20s
50/120 DPDK:fast-tests / graph_feature_arc_autotest OK 0.21s
51/120 DPDK:fast-tests / hash_autotest OK 0.83s
52/120 DPDK:fast-tests / hash_readwrite_func_autotest OK 6.39s
53/120 DPDK:fast-tests / interrupt_autotest OK 1.79s
54/120 DPDK:fast-tests / ipfrag_autotest OK 0.08s
55/120 DPDK:fast-tests / ipsec_autotest SKIP 0.49s exit status 77
56/120 DPDK:fast-tests / kvargs_autotest OK 0.49s
57/120 DPDK:fast-tests / latencystats_autotest OK 0.49s
58/120 DPDK:fast-tests / lcore_var_autotest OK 0.63s
59/120 DPDK:fast-tests / lcores_autotest OK 5.30s
60/120 DPDK:fast-tests / logs_autotest OK 0.49s
61/120 DPDK:fast-tests / lpm_autotest OK 2.52s
62/120 DPDK:fast-tests / lpm6_autotest OK 5.67s
63/120 DPDK:fast-tests / malloc_autotest OK 61.84s
64/120 DPDK:fast-tests / mbuf_autotest OK 5.47s
65/120 DPDK:fast-tests / mcslock_autotest OK 4.45s
66/120 DPDK:fast-tests / member_autotest OK 1.70s
67/120 DPDK:fast-tests / memcpy_autotest OK 7.08s
68/120 DPDK:fast-tests / memory_autotest OK 0.10s
69/120 DPDK:fast-tests / mempool_autotest OK 0.44s
70/120 DPDK:fast-tests / memzone_autotest OK 0.15s
71/120 DPDK:fast-tests / meter_autotest OK 0.48s
72/120 DPDK:fast-tests / metrics_autotest OK 0.48s
73/120 DPDK:fast-tests / multiprocess_autotest OK 0.19s
74/120 DPDK:fast-tests / net_ether_autotest OK 1.14s
75/120 DPDK:fast-tests / net_ipv6_autotest OK 0.49s
76/120 DPDK:fast-tests / pcapng_autotest OK 7.02s
77/120 DPDK:fast-tests / pdcp_autotest SKIP 0.08s exit status 77
78/120 DPDK:fast-tests / pdump_autotest OK 0.59s
79/120 DPDK:fast-tests / per_lcore_autotest OK 0.59s
80/120 DPDK:fast-tests / pflock_autotest OK 1.30s
81/120 DPDK:fast-tests / pie_autotest OK 0.49s
82/120 DPDK:fast-tests / ring_pmd_autotest OK 0.49s
83/120 DPDK:fast-tests / power_autotest OK 0.49s
84/120 DPDK:fast-tests / power_cpufreq_autotest SKIP 0.08s exit status 77
85/120 DPDK:fast-tests / power_intel_uncore_autotest SKIP 0.48s exit status 77
86/120 DPDK:fast-tests / power_kvm_vm_autotest SKIP 0.07s exit status 77
87/120 DPDK:fast-tests / prefetch_autotest OK 0.48s
88/120 DPDK:fast-tests / ptr_compress_autotest OK 0.49s
89/120 DPDK:fast-tests / rawdev_autotest OK 0.49s
90/120 DPDK:fast-tests / rcu_qsbr_autotest OK 1.01s
91/120 DPDK:fast-tests / reorder_autotest OK 0.54s
92/120 DPDK:fast-tests / rib_autotest OK 9.14s
93/120 DPDK:fast-tests / rib6_autotest OK 9.13s
94/120 DPDK:fast-tests / ring_autotest OK 0.62s
95/120 DPDK:fast-tests / rwlock_test1_autotest OK 1.33s
96/120 DPDK:fast-tests / rwlock_rda_autotest OK 5.58s
97/120 DPDK:fast-tests / rwlock_rds_wrm_autotest OK 5.59s
98/120 DPDK:fast-tests / rwlock_rde_wro_autotest OK 5.58s
99/120 DPDK:fast-tests / sched_autotest OK 0.59s
100/120 DPDK:fast-tests / security_autotest OK 0.07s
101/120 DPDK:fast-tests / seqlock_autotest OK 2.43s
102/120 DPDK:fast-tests / service_autotest OK 3.14s
103/120 DPDK:fast-tests / soring_autotest OK 0.44s
104/120 DPDK:fast-tests / spinlock_autotest OK 0.51s
105/120 DPDK:fast-tests / stack_autotest OK 0.87s
106/120 DPDK:fast-tests / stack_lf_autotest SKIP 0.06s exit status 77
107/120 DPDK:fast-tests / string_autotest OK 0.43s
108/120 DPDK:fast-tests / table_autotest OK 7.80s
109/120 DPDK:fast-tests / tailq_autotest OK 0.43s
110/120 DPDK:fast-tests / telemetry_data_autotest OK 0.44s
111/120 DPDK:fast-tests / telemetry_json_autotest OK 0.43s
112/120 DPDK:fast-tests / thash_autotest OK 0.45s
113/120 DPDK:fast-tests / threads_autotest OK 0.61s
114/120 DPDK:fast-tests / ticketlock_autotest OK 0.58s
115/120 DPDK:fast-tests / timer_autotest OK 3.93s
116/120 DPDK:fast-tests / trace_autotest OK 0.76s
117/120 DPDK:fast-tests / trace_autotest_with_traces OK 0.58s
118/120 DPDK:fast-tests / vdev_autotest OK 0.58s
119/120 DPDK:fast-tests / version_autotest OK 0.58s
120/120 DPDK:fast-tests / telemetry_all OK 19.46s
Ok: 112
Expected Fail: 0
Fail: 0
Unexpected Pass: 0
Skipped: 7
Timeout: 1
Test logs for failed test cases:
================================================================================
DPDK:fast-tests / dispatcher_autotest: TIMEOUT
================================================================================
-------------------------------------stdout-------------------------------------
RTE>>dispatcher_autotest
-------------------------------------stderr-------------------------------------
EAL: Detected CPU lcores: 32
EAL: Detected NUMA nodes: 8
EAL: Detected static linkage of DPDK
EAL: Multi-process socket /var/run/dpdk/rte/mp_socket
EAL: Selected IOVA mode 'PA'
APP: HPET is not enabled, using TSC as default timer
^ permalink raw reply [flat|nested] 22+ messages in thread
* |SUCCESS| pw157508 [PATCH v4 7/7] usertools/mbuf: parse mbuf history dump
[not found] <20251013212019.892032-8-thomas@monjalon.net>
2025-10-13 20:57 ` |SUCCESS| pw157502-157508 [PATCH v4 7/7] usertools/mbuf: parse mbuf history dump qemudev
2025-10-13 21:05 ` |FAILURE| " qemudev
@ 2025-10-13 21:21 ` checkpatch
2025-10-13 21:54 ` |SUCCESS| pw157502-157508 [PATCH] [v4,7/7] usertools/mbuf: parse mbu dpdklab
` (18 subsequent siblings)
21 siblings, 0 replies; 22+ messages in thread
From: checkpatch @ 2025-10-13 21:21 UTC (permalink / raw)
To: test-report
Test-Label: checkpatch
Test-Status: SUCCESS
http://dpdk.org/patch/157508
_coding style OK_
^ permalink raw reply [flat|nested] 22+ messages in thread
* |SUCCESS| pw157502-157508 [PATCH] [v4,7/7] usertools/mbuf: parse mbu
[not found] <20251013212019.892032-8-thomas@monjalon.net>
` (2 preceding siblings ...)
2025-10-13 21:21 ` |SUCCESS| pw157508 " checkpatch
@ 2025-10-13 21:54 ` dpdklab
2025-10-13 21:56 ` |PENDING| " dpdklab
` (17 subsequent siblings)
21 siblings, 0 replies; 22+ messages in thread
From: dpdklab @ 2025-10-13 21:54 UTC (permalink / raw)
To: Test Report; +Cc: dpdk-test-reports
Test-Label: iol-mellanox-Functional
Test-Status: SUCCESS
http://dpdk.org/patch/157508
_Functional Testing PASS_
Submitter: Thomas Monjalon <thomas@monjalon.net>
Date: Monday, October 13 2025 21:16:07
DPDK git baseline: Repo:dpdk
Branch: master
CommitID:2b403dd8fb37d0ba13723e44ffc7ee2c2795f838
157502-157508 --> functional testing pass
Upstream job id: Template-DPDK-DTS-Pipeline#2407
Test environment and result as below:
Ubuntu 24.04
Kernel: 6.8.0-55-generic
Compiler: gcc 13.3.0
NIC: Mellanox ConnectX-5 100000 Mbps
Aggregate Results by Test Suite
+---------------------------------+--------+
| Test Suite | Result |
+=================================+========+
| blocklist | PASS |
+---------------------------------+--------+
| promisc_support | PASS |
+---------------------------------+--------+
| uni_pkt | PASS |
+---------------------------------+--------+
| dynamic_config | PASS |
+---------------------------------+--------+
| hello_world | PASS |
+---------------------------------+--------+
| l2fwd | PASS |
+---------------------------------+--------+
| port_restart_config_persistency | PASS |
+---------------------------------+--------+
| softnic | PASS |
+---------------------------------+--------+
| vlan | PASS |
+---------------------------------+--------+
To view detailed results, visit:
https://lab.dpdk.org/results/dashboard/patchsets/34266/
UNH-IOL DPDK Community Lab
To manage your email subscriptions, visit:
https://lab.dpdk.org/results/dashboard/preferences/subscriptions/
^ permalink raw reply [flat|nested] 22+ messages in thread
* |PENDING| pw157502-157508 [PATCH] [v4,7/7] usertools/mbuf: parse mbu
[not found] <20251013212019.892032-8-thomas@monjalon.net>
` (3 preceding siblings ...)
2025-10-13 21:54 ` |SUCCESS| pw157502-157508 [PATCH] [v4,7/7] usertools/mbuf: parse mbu dpdklab
@ 2025-10-13 21:56 ` dpdklab
2025-10-13 21:57 ` dpdklab
` (16 subsequent siblings)
21 siblings, 0 replies; 22+ messages in thread
From: dpdklab @ 2025-10-13 21:56 UTC (permalink / raw)
To: Test Report; +Cc: dpdk-test-reports
Test-Label: iol-compile-amd64-testing
Test-Status: PENDING
http://dpdk.org/patch/157508
_Testing pending_
Submitter: Thomas Monjalon <thomas@monjalon.net>
Date: Monday, October 13 2025 21:16:07
DPDK git baseline: Repo:dpdk
Branch: master
CommitID:2b403dd8fb37d0ba13723e44ffc7ee2c2795f838
157502-157508 --> testing pending
Upstream job id: Generic-VM-DPDK-Compile-Meson#38950
Test environment and result as below:
+-------------------------------+--------------------+-------------------+------------------+-------------------+-------------------------+
| Environment | dpdk_meson_compile | dpdk_compile_spdk | dpdk_compile_ovs | dpdk_msvc_compile | dpdk_llvm_clang_compile |
+===============================+====================+===================+==================+===================+=========================+
| Debian GNU/Linux 12 | PEND | PEND | SKIPPED | SKIPPED | SKIPPED |
+-------------------------------+--------------------+-------------------+------------------+-------------------+-------------------------+
| CentOS Stream 10 | PEND | SKIPPED | SKIPPED | SKIPPED | SKIPPED |
+-------------------------------+--------------------+-------------------+------------------+-------------------+-------------------------+
| CentOS Stream 9 | PEND | PEND | SKIPPED | SKIPPED | SKIPPED |
+-------------------------------+--------------------+-------------------+------------------+-------------------+-------------------------+
| Fedora Linux 42 | PEND | PEND | PEND | SKIPPED | SKIPPED |
+-------------------------------+--------------------+-------------------+------------------+-------------------+-------------------------+
| Red Hat Enterprise Linux 8.10 | PEND | SKIPPED | SKIPPED | SKIPPED | SKIPPED |
+-------------------------------+--------------------+-------------------+------------------+-------------------+-------------------------+
| openSUSE Leap 15.6 | PEND | SKIPPED | SKIPPED | SKIPPED | SKIPPED |
+-------------------------------+--------------------+-------------------+------------------+-------------------+-------------------------+
| Red Hat Enterprise Linux 9.5 | PEND | SKIPPED | SKIPPED | SKIPPED | SKIPPED |
+-------------------------------+--------------------+-------------------+------------------+-------------------+-------------------------+
| Ubuntu 24.04 | PEND | PEND | PEND | SKIPPED | SKIPPED |
+-------------------------------+--------------------+-------------------+------------------+-------------------+-------------------------+
| Ubuntu 20.04 | PASS | SKIPPED | SKIPPED | SKIPPED | SKIPPED |
+-------------------------------+--------------------+-------------------+------------------+-------------------+-------------------------+
| FreeBSD 14.2 | PEND | SKIPPED | SKIPPED | SKIPPED | SKIPPED |
+-------------------------------+--------------------+-------------------+------------------+-------------------+-------------------------+
| Ubuntu 22.04 | PEND | PEND | SKIPPED | SKIPPED | SKIPPED |
+-------------------------------+--------------------+-------------------+------------------+-------------------+-------------------------+
| Alpine Linux 3.22.0 | PEND | SKIPPED | SKIPPED | SKIPPED | SKIPPED |
+-------------------------------+--------------------+-------------------+------------------+-------------------+-------------------------+
| Windows Server 2022 | SKIPPED | SKIPPED | SKIPPED | PEND | PEND |
+-------------------------------+--------------------+-------------------+------------------+-------------------+-------------------------+
Debian GNU/Linux 12
Kernel: 5.15
Compiler: gcc gcc (Debian 12.2.0-14+deb12u1) 12.2.0
CentOS Stream 10
Kernel: 5.15
Compiler: gcc gcc (GCC) 14.2.1 20250110 (Red Hat 14.2.1-8)
CentOS Stream 9
Kernel: 5.15
Compiler: gcc gcc (GCC) 11.5.0 20240719 (Red Hat 11.5.0-11)
Fedora Linux 42
Kernel: 5.15
Compiler: clang gcc (GCC) 15.2.1 20250808 (Red Hat 15.2.1-1)
Red Hat Enterprise Linux 8.10
Kernel: 5.15
Compiler: gcc gcc (GCC) 8.5.0 20210514 (Red Hat 8.5.0-22)
openSUSE Leap 15.6
Kernel: 5.15
Compiler: gcc gcc (SUSE Linux) 7.5.0
Red Hat Enterprise Linux 9.5
Kernel: 5.15
Compiler: gcc gcc (GCC) 11.5.0 20240719 (Red Hat 11.5.0-2)
Ubuntu 24.04
Kernel: 5.15
Compiler: gcc gcc (Ubuntu 13.3.0-6ubuntu2~24.04) 13.3.0
Ubuntu 20.04
Kernel: 5.15
Compiler: gcc gcc (Ubuntu 9.4.0-1ubuntu1~20.04.2) 9.4.0
FreeBSD 14.2
Kernel: 14.2-RELEASE
Compiler: clang 18.1.6
Ubuntu 22.04
Kernel: 5.15
Compiler: gcc gcc (Ubuntu 11.4.0-1ubuntu1~22.04) 11.4.0
Alpine Linux 3.22.0
Kernel: 5.15
Compiler: gcc gcc (Alpine 14.2.0) 14.2.0
Windows Server 2022
Kernel: 10.0.20348.2031
Compiler: clang 15.0.7, gcc 14.1.0 (MinGW), and MSVC VS 19.39.33521
To view detailed results, visit:
https://lab.dpdk.org/results/dashboard/patchsets/34266/
UNH-IOL DPDK Community Lab
To manage your email subscriptions, visit:
https://lab.dpdk.org/results/dashboard/preferences/subscriptions/
^ permalink raw reply [flat|nested] 22+ messages in thread
* |PENDING| pw157502-157508 [PATCH] [v4,7/7] usertools/mbuf: parse mbu
[not found] <20251013212019.892032-8-thomas@monjalon.net>
` (4 preceding siblings ...)
2025-10-13 21:56 ` |PENDING| " dpdklab
@ 2025-10-13 21:57 ` dpdklab
2025-10-13 21:58 ` |SUCCESS| " dpdklab
` (15 subsequent siblings)
21 siblings, 0 replies; 22+ messages in thread
From: dpdklab @ 2025-10-13 21:57 UTC (permalink / raw)
To: Test Report; +Cc: dpdk-test-reports
Test-Label: iol-compile-arm64-testing
Test-Status: PENDING
http://dpdk.org/patch/157508
_Testing pending_
Submitter: Thomas Monjalon <thomas@monjalon.net>
Date: Monday, October 13 2025 21:16:07
DPDK git baseline: Repo:dpdk
Branch: master
CommitID:2b403dd8fb37d0ba13723e44ffc7ee2c2795f838
157502-157508 --> testing pending
Upstream job id: Generic-DPDK-Compile-Meson#433774
Test environment and result as below:
+------------------------------+--------------------+
| Environment | dpdk_meson_compile |
+==============================+====================+
| Red Hat Enterprise Linux 9.5 | PEND |
+------------------------------+--------------------+
| Debian GNU/Linux 12 | PEND |
+------------------------------+--------------------+
| Ubuntu 20.04 | PEND |
+------------------------------+--------------------+
| Fedora Linux 42 | PEND |
+------------------------------+--------------------+
| Ubuntu 24.04 | PEND |
+------------------------------+--------------------+
| CentOS Stream 9 | PEND |
+------------------------------+--------------------+
| CentOS Stream 10 | PEND |
+------------------------------+--------------------+
| Ubuntu 22.04 | PEND |
+------------------------------+--------------------+
Red Hat Enterprise Linux 9.5
Kernel: 5.4
Compiler: gcc gcc (GCC) 11.5.0 20240719 (Red Hat 11.5.0-2)
Debian GNU/Linux 12
Kernel: 5.4
Compiler: gcc gcc (Debian 12.2.0-14+deb12u1) 12.2.0
Ubuntu 20.04
Kernel: 5.15
Compiler: gcc gcc (Ubuntu 9.4.0-1ubuntu1~20.04.2) 9.4.0
Fedora Linux 42
Kernel: 5.4
Compiler: gcc gcc (GCC) 15.2.1 20250808 (Red Hat 15.2.1-1)
Ubuntu 24.04
Kernel: 5.4
Compiler: gcc gcc (Ubuntu 13.3.0-6ubuntu2~24.04) 13.3.0
CentOS Stream 9
Kernel: 5.4
Compiler: gcc gcc (GCC) 11.5.0 20240719 (Red Hat 11.5.0-11)
CentOS Stream 10
Kernel: 5.4
Compiler: gcc gcc (GCC) 14.2.1 20250110 (Red Hat 14.2.1-8)
Ubuntu 22.04
Kernel: 5.4
Compiler: gcc gcc (Ubuntu 11.4.0-1ubuntu1~22.04) 11.4.0
To view detailed results, visit:
https://lab.dpdk.org/results/dashboard/patchsets/34266/
UNH-IOL DPDK Community Lab
To manage your email subscriptions, visit:
https://lab.dpdk.org/results/dashboard/preferences/subscriptions/
^ permalink raw reply [flat|nested] 22+ messages in thread
* |SUCCESS| pw157502-157508 [PATCH] [v4,7/7] usertools/mbuf: parse mbu
[not found] <20251013212019.892032-8-thomas@monjalon.net>
` (5 preceding siblings ...)
2025-10-13 21:57 ` dpdklab
@ 2025-10-13 21:58 ` dpdklab
2025-10-13 22:05 ` |PENDING| " dpdklab
` (14 subsequent siblings)
21 siblings, 0 replies; 22+ messages in thread
From: dpdklab @ 2025-10-13 21:58 UTC (permalink / raw)
To: Test Report; +Cc: dpdk-test-reports
Test-Label: iol-marvell-Functional
Test-Status: SUCCESS
http://dpdk.org/patch/157508
_Functional Testing PASS_
Submitter: Thomas Monjalon <thomas@monjalon.net>
Date: Monday, October 13 2025 21:16:07
DPDK git baseline: Repo:dpdk
Branch: master
CommitID:2b403dd8fb37d0ba13723e44ffc7ee2c2795f838
157502-157508 --> functional testing pass
Upstream job id: Template-DTS-Pipeline#249118
Test environment and result as below:
Ubuntu 20.04.6
Kernel: 5.4.105
Compiler: gcc 9.4
NIC: Marvell CN106XX 50000 Mbps
Target: arm64-native-linuxapp-gcc
Aggregate Results by Test Suite
+----------------+--------+
| Test Suite | Result |
+================+========+
| cmdline | PASS |
+----------------+--------+
| rxtx_callbacks | PASS |
+----------------+--------+
To view detailed results, visit:
https://lab.dpdk.org/results/dashboard/patchsets/34266/
UNH-IOL DPDK Community Lab
To manage your email subscriptions, visit:
https://lab.dpdk.org/results/dashboard/preferences/subscriptions/
^ permalink raw reply [flat|nested] 22+ messages in thread
* |PENDING| pw157502-157508 [PATCH] [v4,7/7] usertools/mbuf: parse mbu
[not found] <20251013212019.892032-8-thomas@monjalon.net>
` (6 preceding siblings ...)
2025-10-13 21:58 ` |SUCCESS| " dpdklab
@ 2025-10-13 22:05 ` dpdklab
2025-10-13 22:12 ` |FAILURE| " dpdklab
` (13 subsequent siblings)
21 siblings, 0 replies; 22+ messages in thread
From: dpdklab @ 2025-10-13 22:05 UTC (permalink / raw)
To: Test Report; +Cc: dpdk-test-reports
Test-Label: iol-unit-amd64-testing
Test-Status: PENDING
http://dpdk.org/patch/157508
_Testing pending_
Submitter: Thomas Monjalon <thomas@monjalon.net>
Date: Monday, October 13 2025 21:16:07
DPDK git baseline: Repo:dpdk
Branch: master
CommitID:2b403dd8fb37d0ba13723e44ffc7ee2c2795f838
157502-157508 --> testing pending
Upstream job id: Generic-Unit-Test-DPDK#380882
Test environment and result as below:
+-------------------------------+----------------+
| Environment | dpdk_unit_test |
+===============================+================+
| Ubuntu 22.04 | PEND |
+-------------------------------+----------------+
| Debian GNU/Linux 12 | PEND |
+-------------------------------+----------------+
| CentOS Stream 10 | PEND |
+-------------------------------+----------------+
| Fedora Linux 41 | PEND |
+-------------------------------+----------------+
| Fedora Linux 42 | PEND |
+-------------------------------+----------------+
| Red Hat Enterprise Linux 9.5 | PEND |
+-------------------------------+----------------+
| Fedora Linux 40 | PEND |
+-------------------------------+----------------+
| Red Hat Enterprise Linux 8.10 | PEND |
+-------------------------------+----------------+
| CentOS Stream 9 | PEND |
+-------------------------------+----------------+
| Ubuntu 20.04 | PEND |
+-------------------------------+----------------+
| Ubuntu 24.04 | PEND |
+-------------------------------+----------------+
| Windows Server 2022 | PEND |
+-------------------------------+----------------+
Ubuntu 22.04
Kernel: 5.15
Compiler: gcc gcc (Ubuntu 11.4.0-1ubuntu1~22.04) 11.4.0
Debian GNU/Linux 12
Kernel: 5.15
Compiler: gcc gcc (Debian 12.2.0-14+deb12u1) 12.2.0
CentOS Stream 10
Kernel: 5.15
Compiler: gcc gcc (GCC) 14.2.1 20250110 (Red Hat 14.2.1-8)
Fedora Linux 41
Kernel: 5.15
Compiler: gcc gcc (GCC) 14.3.1 20250523 (Red Hat 14.3.1-1)
Fedora Linux 42
Kernel: 5.15
Compiler: gcc gcc (GCC) 15.2.1 20250808 (Red Hat 15.2.1-1)
Red Hat Enterprise Linux 9.5
Kernel: 5.15
Compiler: gcc gcc (GCC) 11.5.0 20240719 (Red Hat 11.5.0-2)
Fedora Linux 40
Kernel: 5.15
Compiler: clang gcc (GCC) 14.2.1 20240912 (Red Hat 14.2.1-3)
Red Hat Enterprise Linux 8.10
Kernel: 5.15
Compiler: gcc gcc (GCC) 8.5.0 20210514 (Red Hat 8.5.0-22)
CentOS Stream 9
Kernel: 5.15
Compiler: gcc gcc (GCC) 11.5.0 20240719 (Red Hat 11.5.0-11)
Ubuntu 20.04
Kernel: 5.15
Compiler: gcc gcc (Ubuntu 9.4.0-1ubuntu1~20.04.2) 9.4.0
Ubuntu 24.04
Kernel: 5.15
Compiler: gcc gcc (Ubuntu 13.3.0-6ubuntu2~24.04) 13.3.0
Windows Server 2022
Kernel: 10.0.20348.2031
Compiler: clang 15.0.7, gcc 14.1.0 (MinGW), and MSVC VS 19.39.33521
To view detailed results, visit:
https://lab.dpdk.org/results/dashboard/patchsets/34266/
UNH-IOL DPDK Community Lab
To manage your email subscriptions, visit:
https://lab.dpdk.org/results/dashboard/preferences/subscriptions/
^ permalink raw reply [flat|nested] 22+ messages in thread
* |FAILURE| pw157502-157508 [PATCH] [v4,7/7] usertools/mbuf: parse mbu
[not found] <20251013212019.892032-8-thomas@monjalon.net>
` (7 preceding siblings ...)
2025-10-13 22:05 ` |PENDING| " dpdklab
@ 2025-10-13 22:12 ` dpdklab
2025-10-13 22:13 ` |SUCCESS| " dpdklab
` (12 subsequent siblings)
21 siblings, 0 replies; 22+ messages in thread
From: dpdklab @ 2025-10-13 22:12 UTC (permalink / raw)
To: Test Report; +Cc: dpdk-test-reports, Thomas Monjalon
Test-Label: iol-compile-amd64-testing
Test-Status: FAILURE
http://dpdk.org/patch/157508
_Testing issues_
Submitter: Thomas Monjalon <thomas@monjalon.net>
Date: Monday, October 13 2025 21:16:07
DPDK git baseline: Repo:dpdk
Branch: master
CommitID:2b403dd8fb37d0ba13723e44ffc7ee2c2795f838
157502-157508 --> testing issues
Upstream job id: Windows-Compile-DPDK-VS#7178
Test environment and result as below:
+-------------------------------+--------------------+-------------------+------------------+-------------------+-------------------------+
| Environment | dpdk_meson_compile | dpdk_compile_spdk | dpdk_compile_ovs | dpdk_msvc_compile | dpdk_llvm_clang_compile |
+===============================+====================+===================+==================+===================+=========================+
| Debian GNU/Linux 12 | PEND | PEND | SKIPPED | SKIPPED | SKIPPED |
+-------------------------------+--------------------+-------------------+------------------+-------------------+-------------------------+
| CentOS Stream 10 | PEND | SKIPPED | SKIPPED | SKIPPED | SKIPPED |
+-------------------------------+--------------------+-------------------+------------------+-------------------+-------------------------+
| CentOS Stream 9 | PEND | PEND | SKIPPED | SKIPPED | SKIPPED |
+-------------------------------+--------------------+-------------------+------------------+-------------------+-------------------------+
| Fedora Linux 42 | PEND | PEND | PEND | SKIPPED | SKIPPED |
+-------------------------------+--------------------+-------------------+------------------+-------------------+-------------------------+
| Red Hat Enterprise Linux 8.10 | PEND | SKIPPED | SKIPPED | SKIPPED | SKIPPED |
+-------------------------------+--------------------+-------------------+------------------+-------------------+-------------------------+
| openSUSE Leap 15.6 | PEND | SKIPPED | SKIPPED | SKIPPED | SKIPPED |
+-------------------------------+--------------------+-------------------+------------------+-------------------+-------------------------+
| Red Hat Enterprise Linux 9.5 | PEND | SKIPPED | SKIPPED | SKIPPED | SKIPPED |
+-------------------------------+--------------------+-------------------+------------------+-------------------+-------------------------+
| Ubuntu 24.04 | PEND | PEND | PEND | SKIPPED | SKIPPED |
+-------------------------------+--------------------+-------------------+------------------+-------------------+-------------------------+
| Ubuntu 20.04 | PASS | SKIPPED | SKIPPED | SKIPPED | SKIPPED |
+-------------------------------+--------------------+-------------------+------------------+-------------------+-------------------------+
| FreeBSD 14.2 | PASS | SKIPPED | SKIPPED | SKIPPED | SKIPPED |
+-------------------------------+--------------------+-------------------+------------------+-------------------+-------------------------+
| Ubuntu 22.04 | PEND | PEND | SKIPPED | SKIPPED | SKIPPED |
+-------------------------------+--------------------+-------------------+------------------+-------------------+-------------------------+
| Alpine Linux 3.22.0 | PEND | SKIPPED | SKIPPED | SKIPPED | SKIPPED |
+-------------------------------+--------------------+-------------------+------------------+-------------------+-------------------------+
| Windows Server 2022 | SKIPPED | SKIPPED | SKIPPED | FAIL | PEND |
+-------------------------------+--------------------+-------------------+------------------+-------------------+-------------------------+
==== 20 line log output for Windows Server 2022 (dpdk_msvc_compile): ====
\0[\06\09\06\0/\08\07\04\0]\0 \0C\0o\0m\0p\0i\0l\0i\0n\0g\0 \0C\0 \0o\0b\0j\0e\0c\0t\0 \0a\0p\0p\0/\0d\0p\0d\0k\0-\0t\0e\0s\0t\0p\0m\0d\0.\0e\0x\0e\0.\0p\0/\0t\0e\0s\0t\0-\0p\0m\0d\0_\0c\0m\0d\0l\0i\0n\0e\0.\0c\0.\0o\0b\0j\0
\0
\0F\0A\0I\0L\0E\0D\0:\0 \0a\0p\0p\0/\0d\0p\0d\0k\0-\0t\0e\0s\0t\0p\0m\0d\0.\0e\0x\0e\0.\0p\0/\0t\0e\0s\0t\0-\0p\0m\0d\0_\0c\0m\0d\0l\0i\0n\0e\0.\0c\0.\0o\0b\0j\0 \0
\0
\0"\0c\0l\0"\0 \0"\0-\0I\0a\0p\0p\0\\0d\0p\0d\0k\0-\0t\0e\0s\0t\0p\0m\0d\0.\0e\0x\0e\0.\0p\0"\0 \0"\0-\0I\0a\0p\0p\0"\0 \0"\0-\0I\0.\0.\0\\0a\0p\0p\0"\0 \0"\0-\0I\0a\0p\0p\0\\0t\0e\0s\0t\0-\0p\0m\0d\0"\0 \0"\0-\0I\0.\0.\0\\0a\0p\0p\0\\0t\0e\0s\0t\0-\0p\0m\0d\0"\0 \0"\0-\0I\0l\0i\0b\0\\0e\0t\0h\0d\0e\0v\0"\0 \0"\0-\0I\0.\0.\0\\0l\0i\0b\0\\0e\0t\0h\0d\0e\0v\0"\0 \0"\0-\0I\0l\0i\0b\0\\0e\0a\0l\0\\0c\0o\0m\0m\0o\0n\0"\0 \0"\0-\0I\0.\0.\0\\0l\0i\0b\0\\0e\0a\0l\0\\0c\0o\0m\0m\0o\0n\0"\0 \0"\0-\0I\0.\0"\0 \0"\0-\0I\0.\0.\0"\0 \0"\0-\0I\0c\0o\0n\0f\0i\0g\0"\0 \0"\0-\0I\0.\0.\0\\0c\0o\0n\0f\0i\0g\0"\0 \0"\0-\0I\0l\0i\0b\0\\0e\0a\0l\0\\0i\0n\0c\0l\0u\0d\0e\0"\0 \0"\0-\0I\0.\0.\0\\0l\0i\0b\0\\0e\0a\0l\0\\0i\0n\0c\0l\0u\0d\0e\0"\0 \0"\0-\0I\0l\0i\0b\0\\0e\0a\0l\0\\0w\0i\0n\0d\0o\0w\0s\0\\0i\0n\0c\0l\0u\0d\0e\0"\0 \0"\0-\0I\0.\0.\0\\0l\0i\0b\0\\0e\0a\0l\0\\0w\0i\0n\0d\0o\0w\0s\0\\0i\0n\0c\0l\0u\0d\0e\0"\0 \0"\0-\0I\0l\0i\0b\0\\0e\0a\0l\0\\0x\08\06\0\\0i\0n\0c\0l\0u\0d\0e\0"\0 \0"\0-\0I\0.\0.\0\\0l\0i\0b\0\\0e\0a\0l\0\\0x\08\06\0\\0i\0n\0c\0l\0u\0d\0e\0"\0 \0"\0-\0I\0l\0i\0b\0\\0e\0a\0l\0"\0 \0"\0-\0I\0.\0.\0\\0l\0i\0b\0\\0e\0a\0l\0"\0 \0"\0-\0I\0l\0i\0b\0\\0l\0o\0g\0"\0 \0"\0-\0I\0.\0.\0\\0l\0i\0b\0\\0l\0o\0g\0"\0 \0"\0-\0I\0l\0i\0b\0\\0k\0v\0a\0r\0g\0s\0"\0 \0"\0-\0I\0.\0.\0\\0l\0i\0b\0\\0k\0v\0a\0r\0g\0s\0"\0 \0"\0-\0I\0l\0i\0b\0\\0n\0e\0t\0"\0 \0"\0-\0I\0.\0.\0\\0l\0i\0b\0\\0n\0e\0t\0"\0 \0"\0-\0I\0l\0i\0b\0\\0m\0b\0u\0f\0"\0 \0"\0-\0I\0.\0.\0\\0l\0i\0b\0\\0m\0b\0u\0f\0"\0 \0"\0-\0I
\0l\0i\0b\0\\0m\0e\0m\0p\0o\0o\0l\0"\0 \0"\0-\0I\0.\0.\0\\0l\0i\0b\0\\0m\0e\0m\0p\0o\0o\0l\0"\0 \0"\0-\0I\0l\0i\0b\0\\0r\0i\0n\0g\0"\0 \0"\0-\0I\0.\0.\0\\0l\0i\0b\0\\0r\0i\0n\0g\0"\0 \0"\0-\0I\0l\0i\0b\0\\0m\0e\0t\0r\0i\0c\0s\0"\0 \0"\0-\0I\0.\0.\0\\0l\0i\0b\0\\0m\0e\0t\0r\0i\0c\0s\0"\0 \0"\0-\0I\0l\0i\0b\0\\0t\0e\0l\0e\0m\0e\0t\0r\0y\0"\0 \0"\0-\0I\0.\0.\0\\0l\0i\0b\0\\0t\0e\0l\0e\0m\0e\0t\0r\0y\0"\0 \0"\0-\0I\0l\0i\0b\0\\0m\0e\0t\0e\0r\0"\0 \0"\0-\0I\0.\0.\0\\0l\0i\0b\0\\0m\0e\0t\0e\0r\0"\0 \0"\0-\0I\0l\0i\0b\0\\0c\0m\0d\0l\0i\0n\0e\0"\0 \0"\0-\0I\0.\0.\0\\0l\0i\0b\0\\0c\0m\0d\0l\0i\0n\0e\0"\0 \0"\0-\0I\0l\0i\0b\0\\0p\0c\0i\0"\0 \0"\0-\0I\0.\0.\0\\0l\0i\0b\0\\0p\0c\0i\0"\0 \0"\0-\0I\0l\0i\0b\0\\0b\0i\0t\0r\0a\0t\0e\0s\0t\0a\0t\0s\0"\0 \0"\0-\0I\0.\0.\0\\0l\0i\0b\0\\0b\0i\0t\0r\0a\0t\0e\0s\0t\0a\0t\0s\0"\0 \0"\0-\0I\0l\0i\0b\0\\0g\0r\0o\0"\0 \0"\0-\0I\0.\0.\0\\0l\0i\0b\0\\0g\0r\0o\0"\0 \0"\0-\0I\0l\0i\0b\0\\0g\0s\0o\0"\0 \0"\0-\0I\0.\0.\0\\0l\0i\0b\0\\0g\0s\0o\0"\0 \0"\0-\0I\0l\0i\0b\0\\0l\0a\0t\0e\0n\0c\0y\0s\0t\0a\0t\0s\0"\0 \0"\0-\0I\0.\0.\0\\0l\0i\0b\0\\0l\0a\0t\0e\0n\0c\0y\0s\0t\0a\0t\0s\0"\0 \0"\0-\0I\0d\0r\0i\0v\0e\0r\0s\0\\0n\0e\0t\0\\0i\0n\0t\0e\0l\0\\0i\04\00\0e\0"\0 \0"\0-\0I\0.\0.\0\\0d\0r\0i\0v\0e\0r\0s\0\\0n\0e\0t\0\\0i\0n\0t\0e\0l\0\\0i\04\00\0e\0"\0 \0"\0-\0I\0d\0r\0i\0v\0e\0r\0s\0\\0n\0e\0t\0\\0i\0n\0t\0e\0l\0\\0i\04\00\0e\0\\0b\0a\0s\0e\0"\0 \0"\0-\0I\0.\0.\0\\0d\0r\0i\0v\0e\0r\0s\0\\0n\0e\0t\0\\0i\0n\0t\0e\0l\0\\0i\04\00\0e\0\\0b\0a\0s\0e\0"\0 \0"\0-\0
I\0d\0r\0i\0v\0e\0r\0s\0\\0b\0u\0s\0\\0p\0c\0i\0"\0 \0"\0-\0I\0.\0.\0\\0d\0r\0i\0v\0e\0r\0s\0\\0b\0u\0s\0\\0p\0c\0i\0"\0 \0"\0-\0I\0.\0.\0\\0d\0r\0i\0v\0e\0r\0s\0\\0b\0u\0s\0\\0p\0c\0i\0\\0w\0i\0n\0d\0o\0w\0s\0"\0 \0"\0-\0I\0d\0r\0i\0v\0e\0r\0s\0\\0b\0u\0s\0\\0v\0d\0e\0v\0"\0 \0"\0-\0I\0.\0.\0\\0d\0r\0i\0v\0e\0r\0s\0\\0b\0u\0s\0\\0v\0d\0e\0v\0"\0 \0"\0-\0I\0l\0i\0b\0\\0h\0a\0s\0h\0"\0 \0"\0-\0I\0.\0.\0\\0l\0i\0b\0\\0h\0a\0s\0h\0"\0 \0"\0-\0I\0l\0i\0b\0\\0r\0c\0u\0"\0 \0"\0-\0I\0.\0.\0\\0l\0i\0b\0\\0r\0c\0u\0"\0 \0"\0-\0I\0d\0r\0i\0v\0e\0r\0s\0\\0n\0e\0t\0\\0i\0n\0t\0e\0l\0\\0i\0x\0g\0b\0e\0"\0 \0"\0-\0I\0.\0.\0\\0d\0r\0i\0v\0e\0r\0s\0\\0n\0e\0t\0\\0i\0n\0t\0e\0l\0\\0i\0x\0g\0b\0e\0"\0 \0"\0-\0I\0d\0r\0i\0v\0e\0r\0s\0\\0n\0e\0t\0\\0i\0n\0t\0e\0l\0\\0i\0x\0g\0b\0e\0\\0b\0a\0s\0e\0"\0 \0"\0-\0I\0.\0.\0\\0d\0r\0i\0v\0e\0r\0s\0\\0n\0e\0t\0\\0i\0n\0t\0e\0l\0\\0i\0x\0g\0b\0e\0\\0b\0a\0s\0e\0"\0 \0"\0-\0I\0l\0i\0b\0\\0s\0e\0c\0u\0r\0i\0t\0y\0"\0 \0"\0-\0I\0.\0.\0\\0l\0i\0b\0\\0s\0e\0c\0u\0r\0i\0t\0y\0"\0 \0"\0-\0I\0l\0i\0b\0\\0c\0r\0y\0p\0t\0o\0d\0e\0v\0"\0 \0"\0-\0I\0.\0.\0\\0l\0i\0b\0\\0c\0r\0y\0p\0t\0o\0d\0e\0v\0"\0 \0"\0-\0I\0d\0r\0i\0v\0e\0r\0s\0\\0n\0e\0t\0\\0i\0n\0t\0e\0l\0\\0i\0a\0v\0f\0"\0 \0"\0-\0I\0.\0.\0\\0d\0r\0i\0v\0e\0r\0s\0\\0n\0e\0t\0\\0i\0n\0t\0e\0l\0\\0i\0a\0v\0f\0"\0 \0"\0-\0I\0.\0.\0\\0d\0r\0i\0v\0e\0r\0s\0\\0n\0e\0t\0\\0i\0n\0t\0e\0l\0\\0i\0a\0v\0f\0\\0b\0a\0s\0e\0"\0 \0"\0-\0I\0d\0r\0i\0v\0e\0r\0s\0\\0n\0e\0t\0\\0i\0n\0t\0e\0l\0\\0i\0c\0e\0"\0 \0"\0-\0I\0.
\0.\0\\0d\0r\0i\0v\0e\0r\0s\0\\0n\0e\0t\0\\0i\0n\0t\0e\0l\0\\0i\0c\0e\0"\0 \0"\0-\0I\0d\0r\0i\0v\0e\0r\0s\0\\0n\0e\0t\0\\0i\0n\0t\0e\0l\0\\0i\0c\0e\0\\0b\0a\0s\0e\0"\0 \0"\0-\0I\0.\0.\0\\0d\0r\0i\0v\0e\0r\0s\0\\0n\0e\0t\0\\0i\0n\0t\0e\0l\0\\0i\0c\0e\0\\0b\0a\0s\0e\0"\0 \0"\0-\0I\0d\0r\0i\0v\0e\0r\0s\0\\0n\0e\0t\0\\0m\0l\0x\05\0"\0 \0"\0-\0I\0.\0.\0\\0d\0r\0i\0v\0e\0r\0s\0\\0n\0e\0t\0\\0m\0l\0x\05\0"\0 \0"\0-\0I\0d\0r\0i\0v\0e\0r\0s\0\\0n\0e\0t\0/\0m\0l\0x\05\0\\0w\0i\0n\0d\0o\0w\0s\0"\0 \0"\0-\0I\0.\0.\0\\0d\0r\0i\0v\0e\0r\0s\0\\0n\0e\0t\0\\0m\0l\0x\05\0\\0w\0i\0n\0d\0o\0w\0s\0"\0 \0"\0-\0I\0d\0r\0i\0v\0e\0r\0s\0\\0c\0o\0m\0m\0o\0n\0\\0m\0l\0x\05\0"\0 \0"\0-\0I\0.\0.\0\\0d\0r\0i\0v\0e\0r\0s\0\\0c\0o\0m\0m\0o\0n\0\\0m\0l\0x\05\0"\0 \0"\0-\0I\0d\0r\0i\0v\0e\0r\0s\0\\0c\0o\0m\0m\0o\0n\0/\0m\0l\0x\05\0\\0w\0i\0n\0d\0o\0w\0s\0"\0 \0"\0-\0I\0.\0.\0\\0d\0r\0i\0v\0e\0r\0s\0\\0c\0o\0m\0m\0o\0n\0\\0m\0l\0x\05\0\\0w\0i\0n\0d\0o\0w\0s\0"\0 \0"\0-\0I\0d\0r\0i\0v\0e\0r\0s\0\\0b\0u\0s\0\\0a\0u\0x\0i\0l\0i\0a\0r\0y\0"\0 \0"\0-\0I\0.\0.\0\\0d\0r\0i\0v\0e\0r\0s\0\\0b\0u\0s\0\\0a\0u\0x\0i\0l\0i\0a\0r\0y\0"\0 \0"\0-\0I\0C\0:\0\\0P\0r\0o\0g\0r\0a\0m\0 \0F\0i\0l\0e\0s\0\\0M\0e\0l\0l\0a\0n\0o\0x\0\\0M\0L\0N\0X\0_\0W\0i\0n\0O\0F\02\0_\0D\0e\0v\0X\0_\0S\0D\0K\0\\0i\0n\0c\0"\0 \0"\0/\0M\0D\0"\0 \0"\0/\0n\0o\0l\0o\0g\0o\0"\0 \0"\0/\0s\0h\0o\0w\0I\0n\0c\0l\0u\0d\0e\0s\0"\0 \0"\0/\0u\0t\0f\0-\08\0"\0 \0"\0/\0W\03\0"\0 \0"\0/\0W\0X\0"\0 \0"\0/\0s\0t\0d\0:\0c\01\01\0"\0 \0"\0/\0O\02\0"\0 \0"\0/\0G\0w\0
"\0 \0"\0/\0w\0d\04\02\04\04\0"\0 \0"\0/\0w\0d\04\02\06\07\0"\0 \0"\0/\0w\0d\04\01\04\06\0"\0 \0"\0/\0e\0x\0p\0e\0r\0i\0m\0e\0n\0t\0a\0l\0:\0c\01\01\0a\0t\0o\0m\0i\0c\0s\0"\0 \0"\0/\0d\01\0e\0x\0p\0e\0r\0i\0m\0e\0n\0t\0a\0l\0:\0t\0y\0p\0e\0o\0f\0"\0 \0"\0/\0e\0x\0p\0e\0r\0i\0m\0e\0n\0t\0a\0l\0:\0s\0t\0a\0t\0e\0m\0e\0n\0t\0E\0x\0p\0r\0e\0s\0s\0i\0o\0n\0s\0"\0 \0"\0/\0F\0I\0"\0 \0"\0r\0t\0e\0_\0c\0o\0n\0f\0i\0g\0.\0h\0"\0 \0"\0-\0D\0_\0G\0N\0U\0_\0S\0O\0U\0R\0C\0E\0"\0 \0"\0-\0D\0_\0W\0I\0N\03\02\0_\0W\0I\0N\0N\0T\0=\00\0x\00\0A\00\00\0"\0 \0"\0-\0D\0A\0L\0L\0O\0W\0_\0E\0X\0P\0E\0R\0I\0M\0E\0N\0T\0A\0L\0_\0A\0P\0I\0"\0 \0"\0/\0F\0d\0a\0p\0p\0\\0d\0p\0d\0k\0-\0t\0e\0s\0t\0p\0m\0d\0.\0e\0x\0e\0.\0p\0\\0t\0e\0s\0t\0-\0p\0m\0d\0_\0c\0m\0d\0l\0i\0n\0e\0.\0c\0.\0p\0d\0b\0"\0 \0/\0F\0o\0a\0p\0p\0/\0d\0p\0d\0k\0-\0t\0e\0s\0t\0p\0m\0d\0.\0e\0x\0e\0.\0p\0/\0t\0e\0s\0t\0-\0p\0m\0d\0_\0c\0m\0d\0l\0i\0n\0e\0.\0c\0.\0o\0b\0j\0 \0"\0/\0c\0"\0 \0.\0.\0/\0a\0p\0p\0/\0t\0e\0s\0t\0-\0p\0m\0d\0/\0c\0m\0d\0l\0i\0n\0e\0.\0c\0
\0
\0.\0.\0/\0a\0p\0p\0/\0t\0e\0s\0t\0-\0p\0m\0d\0/\0c\0m\0d\0l\0i\0n\0e\0.\0c\0(\09\01\01\05\0)\0:\0 \0e\0r\0r\0o\0r\0 \0C\02\02\02\00\0:\0 \0t\0h\0e\0 \0f\0o\0l\0l\0o\0w\0i\0n\0g\0 \0w\0a\0r\0n\0i\0n\0g\0 \0i\0s\0 \0t\0r\0e\0a\0t\0e\0d\0 \0a\0s\0 \0a\0n\0 \0e\0r\0r\0o\0r\0
\0
\0.\0.\0/\0a\0p\0p\0/\0t\0e\0s\0t\0-\0p\0m\0d\0/\0c\0m\0d\0l\0i\0n\0e\0.\0c\0(\09\01\01\05\0)\0:\0 \0w\0a\0r\0n\0i\0n\0g\0 \0C\05\01\00\01\0:\0 \0u\0s\0e\0 \0o\0f\0 \0p\0r\0e\0p\0r\0o\0c\0e\0s\0s\0o\0r\0 \0d\0i\0r\0e\0c\0t\0i\0v\0e\0 \0i\0n\0 \0f\0u\0n\0c\0t\0i\0o\0n\0-\0l\0i\0k\0e\0 \0m\0a\0c\0r\0o\0 \0a\0r\0g\0u\0m\0e\0n\0t\0 \0l\0i\0s\0t\0 \0i\0s\0 \0u\0n\0d\0e\0f\0i\0n\0e\0d\0 \0b\0e\0h\0a\0v\0i\0o\0r\0
\0
\0.\0.\0/\0a\0p\0p\0/\0t\0e\0s\0t\0-\0p\0m\0d\0/\0c\0m\0d\0l\0i\0n\0e\0.\0c\0(\09\01\01\07\0)\0:\0 \0w\0a\0r\0n\0i\0n\0g\0 \0C\05\01\00\01\0:\0 \0u\0s\0e\0 \0o\0f\0 \0p\0r\0e\0p\0r\0o\0c\0e\0s\0s\0o\0r\0 \0d\0i\0r\0e\0c\0t\0i\0v\0e\0 \0i\0n\0 \0f\0u\0n\0c\0t\0i\0o\0n\0-\0l\0i\0k\0e\0 \0m\0a\0c\0r\0o\0 \0a\0r\0g\0u\0m\0e\0n\0t\0 \0l\0i\0s\0t\0 \0i\0s\0 \0u\0n\0d\0e\0f\0i\0n\0e\0d\0 \0b\0e\0h\0a\0v\0i\0o\0r\0
\0
\0.\0.\0/\0a\0p\0p\0/\0t\0e\0s\0t\0-\0p\0m\0d\0/\0c\0m\0d\0l\0i\0n\0e\0.\0c\0(\09\01\01\09\0)\0:\0 \0e\0r\0r\0o\0r\0 \0C\02\00\05\09\0:\0 \0s\0y\0n\0t\0a\0x\0 \0e\0r\0r\0o\0r\0:\0 \0'\0#\0'\0
\0
\0[\06\09\07\0/\08\07\04\0]\0 \0C\0o\0m\0p\0i\0l\0i\0n\0g\0 \0C\0 \0o\0b\0j\0e\0c\0t\0 \0a\0p\0p\0/\0d\0p\0d\0k\0-\0t\0e\0s\0t\0p\0m\0d\0.\0e\0x\0e\0.\0p\0/\0t\0e\0s\0t\0-\0p\0m\0d\0_\0c\0m\0d\0l\0i\0n\0e\0_\0c\0m\0a\0n\0.\0c\0.\0o\0b\0j\0
\0
\0[\06\09\08\0/\08\07\04\0]\0 \0C\0o\0m\0p\0i\0l\0i\0n\0g\0 \0C\0 \0o\0b\0j\0e\0c\0t\0 \0a\0p\0p\0/\0d\0p\0d\0k\0-\0t\0e\0s\0t\0-\0f\0l\0o\0w\0-\0p\0e\0r\0f\0.\0e\0x\0e\0.\0p\0/\0t\0e\0s\0t\0-\0f\0l\0o\0w\0-\0p\0e\0r\0f\0_\0m\0a\0i\0n\0.\0c\0.\0o\0b\0j\0
\0
\0[\06\09\09\0/\08\07\04\0]\0 \0C\0o\0m\0p\0i\0l\0i\0n\0g\0 \0C\0 \0o\0b\0j\0e\0c\0t\0 \0a\0p\0p\0/\0d\0p\0d\0k\0-\0t\0e\0s\0t\0p\0m\0d\0.\0e\0x\0e\0.\0p\0/\0t\0e\0s\0t\0-\0p\0m\0d\0_\0p\0a\0r\0a\0m\0e\0t\0e\0r\0s\0.\0c\0.\0o\0b\0j\0
\0
\0[\07\00\00\0/\08\07\04\0]\0 \0C\0o\0m\0p\0i\0l\0i\0n\0g\0 \0C\0 \0o\0b\0j\0e\0c\0t\0 \0a\0p\0p\0/\0d\0p\0d\0k\0-\0t\0e\0s\0t\0p\0m\0d\0.\0e\0x\0e\0.\0p\0/\0t\0e\0s\0t\0-\0p\0m\0d\0_\0c\0s\0u\0m\0o\0n\0l\0y\0.\0c\0.\0o\0b\0j\0
\0
\0[\07\00\01\0/\08\07\04\0]\0 \0C\0o\0m\0p\0i\0l\0i\0n\0g\0 \0C\0 \0o\0b\0j\0e\0c\0t\0 \0a\0p\0p\0/\0d\0p\0d\0k\0-\0t\0e\0s\0t\0p\0m\0d\0.\0e\0x\0e\0.\0p\0/\0t\0e\0s\0t\0-\0p\0m\0d\0_\0i\0c\0m\0p\0e\0c\0h\0o\0.\0c\0.\0o\0b\0j\0
\0
\0[\07\00\02\0/\08\07\04\0]\0 \0C\0o\0m\0p\0i\0l\0i\0n\0g\0 \0C\0 \0o\0b\0j\0e\0c\0t\0 \0a\0p\0p\0/\0d\0p\0d\0k\0-\0t\0e\0s\0t\0p\0m\0d\0.\0e\0x\0e\0.\0p\0/\0t\0e\0s\0t\0-\0p\0m\0d\0_\0c\0o\0n\0f\0i\0g\0.\0c\0.\0o\0b\0j\0
\0
\0[\07\00\03\0/\08\07\04\0]\0 \0C\0o\0m\0p\0i\0l\0i\0n\0g\0 \0C\0 \0o\0b\0j\0e\0c\0t\0 \0a\0p\0p\0/\0d\0p\0d\0k\0-\0t\0e\0s\0t\0p\0m\0d\0.\0e\0x\0e\0.\0p\0/\0t\0e\0s\0t\0-\0p\0m\0d\0_\0i\0e\0e\0e\01\05\08\08\0f\0w\0d\0.\0c\0.\0o\0b\0j\0
\0
\0[\07\00\04\0/\08\07\04\0]\0 \0C\0o\0m\0p\0i\0l\0i\0n\0g\0 \0C\0 \0o\0b\0j\0e\0c\0t\0 \0a\0p\0p\0/\0d\0p\0d\0k\0-\0t\0e\0s\0t\0p\0m\0d\0.\0e\0x\0e\0.\0p\0/\0t\0e\0s\0t\0-\0p\0m\0d\0_\0c\0m\0d\0l\0i\0n\0e\0_\0f\0l\0o\0w\0.\0c\0.\0o\0b\0j\0
\0
\0[\07\00\05\0/\08\07\04\0]\0 \0C\0o\0m\0p\0i\0l\0i\0n\0g\0 \0C\0 \0o\0b\0j\0e\0c\0t\0 \0d\0r\0i\0v\0e\0r\0s\0/\0l\0i\0b\0r\0t\0e\0_\0n\0e\0t\0_\0i\0a\0v\0f\0_\0b\0a\0s\0e\0_\0l\0i\0b\0.\0a\0.\0p\0/\0n\0e\0t\0_\0i\0n\0t\0e\0l\0_\0i\0c\0e\0_\0b\0a\0s\0e\0_\0i\0c\0e\0_\0f\0d\0i\0r\0.\0c\0.\0o\0b\0j\0
\0
\0n\0i\0n\0j\0a\0:\0 \0b\0u\0i\0l\0d\0 \0s\0t\0o\0p\0p\0e\0d\0:\0 \0s\0u\0b\0c\0o\0m\0m\0a\0n\0d\0 \0f\0a\0i\0l\0e\0d\0.\0
\0
\0I\0N\0F\0O\0:\0 \0a\0u\0t\0o\0d\0e\0t\0e\0c\0t\0i\0n\0g\0 \0b\0a\0c\0k\0e\0n\0d\0 \0a\0s\0 \0n\0i\0n\0j\0a\0
\0
\0I\0N\0F\0O\0:\0 \0c\0a\0l\0c\0u\0l\0a\0t\0i\0n\0g\0 \0b\0a\0c\0k\0e\0n\0d\0 \0c\0o\0m\0m\0a\0n\0d\0 \0t\0o\0 \0r\0u\0n\0:\0 \0"\0C\0:\0\\0P\0r\0o\0g\0r\0a\0m\0 \0F\0i\0l\0e\0s\0\\0M\0e\0s\0o\0n\0\\0n\0i\0n\0j\0a\0.\0E\0X\0E\0"\0 \0-\0C\0 \0C\0:\0/\0U\0s\0e\0r\0s\0/\0b\0u\0i\0l\0d\0e\0r\0/\0j\0e\0n\0k\0i\0n\0s\0/\0w\0o\0r\0k\0s\0p\0a\0c\0e\0/\0W\0i\0n\0d\0o\0w\0s\0-\0C\0o\0m\0p\0i\0l\0e\0-\0D\0P\0D\0K\0-\0V\0S\0/\0d\0p\0d\0k\0/\0b\0u\0i\0l\0d\0
\0
\0
==== End log output ====
Debian GNU/Linux 12
Kernel: 5.15
Compiler: gcc gcc (Debian 12.2.0-14+deb12u1) 12.2.0
CentOS Stream 10
Kernel: 5.15
Compiler: gcc gcc (GCC) 14.2.1 20250110 (Red Hat 14.2.1-8)
CentOS Stream 9
Kernel: 5.15
Compiler: gcc gcc (GCC) 11.5.0 20240719 (Red Hat 11.5.0-11)
Fedora Linux 42
Kernel: 5.15
Compiler: clang gcc (GCC) 15.2.1 20250808 (Red Hat 15.2.1-1)
Red Hat Enterprise Linux 8.10
Kernel: 5.15
Compiler: gcc gcc (GCC) 8.5.0 20210514 (Red Hat 8.5.0-22)
openSUSE Leap 15.6
Kernel: 5.15
Compiler: gcc gcc (SUSE Linux) 7.5.0
Red Hat Enterprise Linux 9.5
Kernel: 5.15
Compiler: gcc gcc (GCC) 11.5.0 20240719 (Red Hat 11.5.0-2)
Ubuntu 24.04
Kernel: 5.15
Compiler: gcc gcc (Ubuntu 13.3.0-6ubuntu2~24.04) 13.3.0
Ubuntu 20.04
Kernel: 5.15
Compiler: gcc gcc (Ubuntu 9.4.0-1ubuntu1~20.04.2) 9.4.0
FreeBSD 14.2
Kernel: 14.2-RELEASE
Compiler: clang 18.1.6
Ubuntu 22.04
Kernel: 5.15
Compiler: gcc gcc (Ubuntu 11.4.0-1ubuntu1~22.04) 11.4.0
Alpine Linux 3.22.0
Kernel: 5.15
Compiler: gcc gcc (Alpine 14.2.0) 14.2.0
Windows Server 2022
Kernel: 10.0.20348.2031
Compiler: clang 15.0.7, gcc 14.1.0 (MinGW), and MSVC VS 19.39.33521
To view detailed results, visit:
https://lab.dpdk.org/results/dashboard/patchsets/34266/
UNH-IOL DPDK Community Lab
To manage your email subscriptions, visit:
https://lab.dpdk.org/results/dashboard/preferences/subscriptions/
^ permalink raw reply [flat|nested] 22+ messages in thread
* |SUCCESS| pw157502-157508 [PATCH] [v4,7/7] usertools/mbuf: parse mbu
[not found] <20251013212019.892032-8-thomas@monjalon.net>
` (8 preceding siblings ...)
2025-10-13 22:12 ` |FAILURE| " dpdklab
@ 2025-10-13 22:13 ` dpdklab
2025-10-13 22:15 ` dpdklab
` (11 subsequent siblings)
21 siblings, 0 replies; 22+ messages in thread
From: dpdklab @ 2025-10-13 22:13 UTC (permalink / raw)
To: Test Report, Ali Alnubani; +Cc: dpdk-test-reports
Test-Label: iol-mellanox-Performance
Test-Status: SUCCESS
http://dpdk.org/patch/157508
_Performance Testing PASS_
Submitter: Thomas Monjalon <thomas@monjalon.net>
Date: Monday, October 13 2025 21:16:07
DPDK git baseline: Repo:dpdk
Branch: master
CommitID:2b403dd8fb37d0ba13723e44ffc7ee2c2795f838
157502-157508 --> performance testing pass
Upstream job id: Template-DTS-Pipeline#249108
Test environment and result as below:
Ubuntu 24.04
Kernel: 6.8
Compiler: gcc gcc (Ubuntu 13.3.0-6ubuntu2~24.04) 13.3.0
NIC: Mellanox ConnectX-6 Lx 25000 Mbps
Fail/Total: 0/6
Detail performance results:
+------------+---------+----------+-------------+------------------------------+
| frame_size | txd/rxd | num_cpus | num_threads | throughput difference from |
| | | | | expected |
+============+=========+==========+=============+==============================+
| 64 | 1024 | 1 | 1 | 0.1% |
+------------+---------+----------+-------------+------------------------------+
| 128 | 1024 | 1 | 1 | 0.0% |
+------------+---------+----------+-------------+------------------------------+
| 256 | 1024 | 1 | 1 | -0.0% |
+------------+---------+----------+-------------+------------------------------+
| 512 | 1024 | 1 | 1 | -0.0% |
+------------+---------+----------+-------------+------------------------------+
| 1024 | 1024 | 1 | 1 | 0.1% |
+------------+---------+----------+-------------+------------------------------+
| 1518 | 1024 | 1 | 1 | 0.0% |
+------------+---------+----------+-------------+------------------------------+
Ubuntu 24.04
Kernel: 6.8
Compiler: gcc gcc (Ubuntu 13.3.0-6ubuntu2~24.04) 13.3.0
NIC: NVIDIA Mellanox ConnectX-7 100000 Mbps
Fail/Total: 0/6
Detail performance results:
+------------+---------+----------+-------------+------------------------------+
| frame_size | txd/rxd | num_cpus | num_threads | throughput difference from |
| | | | | expected |
+============+=========+==========+=============+==============================+
| 64 | 1024 | 1 | 1 | -0.2% |
+------------+---------+----------+-------------+------------------------------+
| 128 | 1024 | 1 | 1 | 0.7% |
+------------+---------+----------+-------------+------------------------------+
| 256 | 1024 | 1 | 1 | -0.7% |
+------------+---------+----------+-------------+------------------------------+
| 512 | 1024 | 1 | 1 | 0.0% |
+------------+---------+----------+-------------+------------------------------+
| 1024 | 1024 | 1 | 1 | 0.0% |
+------------+---------+----------+-------------+------------------------------+
| 1518 | 1024 | 1 | 1 | -0.3% |
+------------+---------+----------+-------------+------------------------------+
To view detailed results, visit:
https://lab.dpdk.org/results/dashboard/patchsets/34266/
UNH-IOL DPDK Community Lab
To manage your email subscriptions, visit:
https://lab.dpdk.org/results/dashboard/preferences/subscriptions/
^ permalink raw reply [flat|nested] 22+ messages in thread
* |SUCCESS| pw157502-157508 [PATCH] [v4,7/7] usertools/mbuf: parse mbu
[not found] <20251013212019.892032-8-thomas@monjalon.net>
` (9 preceding siblings ...)
2025-10-13 22:13 ` |SUCCESS| " dpdklab
@ 2025-10-13 22:15 ` dpdklab
2025-10-13 22:27 ` |PENDING| " dpdklab
` (10 subsequent siblings)
21 siblings, 0 replies; 22+ messages in thread
From: dpdklab @ 2025-10-13 22:15 UTC (permalink / raw)
To: Test Report; +Cc: dpdk-test-reports
Test-Label: iol-intel-Functional
Test-Status: SUCCESS
http://dpdk.org/patch/157508
_Functional Testing PASS_
Submitter: Thomas Monjalon <thomas@monjalon.net>
Date: Monday, October 13 2025 21:16:07
DPDK git baseline: Repo:dpdk
Branch: master
CommitID:2b403dd8fb37d0ba13723e44ffc7ee2c2795f838
157502-157508 --> functional testing pass
Upstream job id: Template-DTS-Pipeline#249115
Test environment and result as below:
Ubuntu 20.04
Kernel: 5.4
Compiler: gcc gcc (Ubuntu 9.4.0-1ubuntu1~20.04.1) 9.4.0
NIC: Intel Corporation Ethernet Converged Network Adapter XL710-QDA2 40000 Mbps
Aggregate Results by Test Suite
+-----------------------------+--------+
| Test Suite | Result |
+=============================+========+
| unit_tests_mbuf | PASS |
+-----------------------------+--------+
| vhost_virtio_user_interrupt | PASS |
+-----------------------------+--------+
| virtio_smoke | PASS |
+-----------------------------+--------+
To view detailed results, visit:
https://lab.dpdk.org/results/dashboard/patchsets/34266/
UNH-IOL DPDK Community Lab
To manage your email subscriptions, visit:
https://lab.dpdk.org/results/dashboard/preferences/subscriptions/
^ permalink raw reply [flat|nested] 22+ messages in thread
* |PENDING| pw157502-157508 [PATCH] [v4,7/7] usertools/mbuf: parse mbu
[not found] <20251013212019.892032-8-thomas@monjalon.net>
` (10 preceding siblings ...)
2025-10-13 22:15 ` dpdklab
@ 2025-10-13 22:27 ` dpdklab
2025-10-13 22:29 ` dpdklab
` (9 subsequent siblings)
21 siblings, 0 replies; 22+ messages in thread
From: dpdklab @ 2025-10-13 22:27 UTC (permalink / raw)
To: Test Report; +Cc: dpdk-test-reports
Test-Label: iol-unit-arm64-testing
Test-Status: PENDING
http://dpdk.org/patch/157508
_Testing pending_
Submitter: Thomas Monjalon <thomas@monjalon.net>
Date: Monday, October 13 2025 21:16:07
DPDK git baseline: Repo:dpdk
Branch: master
CommitID:2b403dd8fb37d0ba13723e44ffc7ee2c2795f838
157502-157508 --> testing pending
Upstream job id: Aarch32-Unit-Test#7822
Test environment and result as below:
+------------------------------+----------------+--------------+------------------------------+---------------------------+
| Environment | dpdk_unit_test | lpm_autotest | cryptodev_sw_snow3g_autotest | cryptodev_sw_zuc_autotest |
+==============================+================+==============+==============================+===========================+
| Ubuntu 20.04 | PEND | PEND | SKIPPED | SKIPPED |
+------------------------------+----------------+--------------+------------------------------+---------------------------+
| Ubuntu 22.04 | PASS | SKIPPED | SKIPPED | SKIPPED |
+------------------------------+----------------+--------------+------------------------------+---------------------------+
| Ubuntu 24.04 | PEND | SKIPPED | SKIPPED | SKIPPED |
+------------------------------+----------------+--------------+------------------------------+---------------------------+
| Red Hat Enterprise Linux 9.5 | PEND | SKIPPED | SKIPPED | SKIPPED |
+------------------------------+----------------+--------------+------------------------------+---------------------------+
| Fedora Linux 42 | PEND | SKIPPED | SKIPPED | SKIPPED |
+------------------------------+----------------+--------------+------------------------------+---------------------------+
| Fedora Linux 40 | PEND | SKIPPED | SKIPPED | SKIPPED |
+------------------------------+----------------+--------------+------------------------------+---------------------------+
| Fedora Linux 41 | PEND | SKIPPED | SKIPPED | SKIPPED |
+------------------------------+----------------+--------------+------------------------------+---------------------------+
| CentOS Stream 10 | PEND | SKIPPED | SKIPPED | SKIPPED |
+------------------------------+----------------+--------------+------------------------------+---------------------------+
| CentOS Stream 9 | PEND | SKIPPED | SKIPPED | SKIPPED |
+------------------------------+----------------+--------------+------------------------------+---------------------------+
| Debian GNU/Linux 12 | PEND | SKIPPED | SKIPPED | SKIPPED |
+------------------------------+----------------+--------------+------------------------------+---------------------------+
| Debian 12 (arm) | SKIPPED | SKIPPED | PEND | PEND |
+------------------------------+----------------+--------------+------------------------------+---------------------------+
Ubuntu 20.04
Kernel: 5.4
Compiler: gcc gcc (Ubuntu 9.4.0-1ubuntu1~20.04.2) 9.4.0
Ubuntu 22.04
Kernel: 5.4
Compiler: gcc gcc (Ubuntu 11.4.0-1ubuntu1~22.04) 11.4.0
Ubuntu 24.04
Kernel: 5.4
Compiler: gcc gcc (Ubuntu 13.3.0-6ubuntu2~24.04) 13.3.0
Red Hat Enterprise Linux 9.5
Kernel: 5.4
Compiler: gcc gcc (GCC) 11.5.0 20240719 (Red Hat 11.5.0-2)
Fedora Linux 42
Kernel: 5.4
Compiler: gcc gcc (GCC) 15.2.1 20250808 (Red Hat 15.2.1-1)
Fedora Linux 40
Kernel: 5.4
Compiler: clang gcc (GCC) 14.2.1 20240912 (Red Hat 14.2.1-3)
Fedora Linux 41
Kernel: 5.4
Compiler: gcc gcc (GCC) 14.3.1 20250523 (Red Hat 14.3.1-1)
CentOS Stream 10
Kernel: 5.4
Compiler: gcc gcc (GCC) 14.2.1 20250110 (Red Hat 14.2.1-8)
CentOS Stream 9
Kernel: 5.4
Compiler: gcc gcc (GCC) 11.5.0 20240719 (Red Hat 11.5.0-11)
Debian GNU/Linux 12
Kernel: 5.4
Compiler: gcc gcc (Debian 12.2.0-14+deb12u1) 12.2.0
Debian 12 (arm)
Kernel: Depends on container host
Compiler: gcc (Debian 12.2.0-14) 12.2.0
To view detailed results, visit:
https://lab.dpdk.org/results/dashboard/patchsets/34266/
UNH-IOL DPDK Community Lab
To manage your email subscriptions, visit:
https://lab.dpdk.org/results/dashboard/preferences/subscriptions/
^ permalink raw reply [flat|nested] 22+ messages in thread
* |PENDING| pw157502-157508 [PATCH] [v4,7/7] usertools/mbuf: parse mbu
[not found] <20251013212019.892032-8-thomas@monjalon.net>
` (11 preceding siblings ...)
2025-10-13 22:27 ` |PENDING| " dpdklab
@ 2025-10-13 22:29 ` dpdklab
2025-10-13 22:32 ` |FAILURE| pw157508 [PATCH v4 7/7] usertools/mbuf: parse mbuf history dump 0-day Robot
` (8 subsequent siblings)
21 siblings, 0 replies; 22+ messages in thread
From: dpdklab @ 2025-10-13 22:29 UTC (permalink / raw)
To: Test Report; +Cc: dpdk-test-reports
Test-Label: iol-sample-apps-testing
Test-Status: PENDING
http://dpdk.org/patch/157508
_Testing pending_
Submitter: Thomas Monjalon <thomas@monjalon.net>
Date: Monday, October 13 2025 21:16:07
DPDK git baseline: Repo:dpdk
Branch: master
CommitID:2b403dd8fb37d0ba13723e44ffc7ee2c2795f838
157502-157508 --> testing pending
Upstream job id: Template-DTS-Pipeline#249120
Test environment and result as below:
+--------------+----------------------+----------------------+
| Environment | dpdk_fips_validation | compressdev_zlib_pmd |
+==============+======================+======================+
| Ubuntu 20.04 | PEND | SKIPPED |
+--------------+----------------------+----------------------+
| Ubuntu 22.04 | SKIPPED | PASS |
+--------------+----------------------+----------------------+
Ubuntu 20.04
Kernel: 5.15
Compiler: gcc gcc (Ubuntu 9.4.0-1ubuntu1~20.04.2) 9.4.0
Ubuntu 22.04
Kernel: 5.15
Compiler: gcc gcc (Ubuntu 11.4.0-1ubuntu1~22.04.2) 11.4.0
To view detailed results, visit:
https://lab.dpdk.org/results/dashboard/patchsets/34266/
UNH-IOL DPDK Community Lab
To manage your email subscriptions, visit:
https://lab.dpdk.org/results/dashboard/preferences/subscriptions/
^ permalink raw reply [flat|nested] 22+ messages in thread
* |FAILURE| pw157508 [PATCH v4 7/7] usertools/mbuf: parse mbuf history dump
[not found] <20251013212019.892032-8-thomas@monjalon.net>
` (12 preceding siblings ...)
2025-10-13 22:29 ` dpdklab
@ 2025-10-13 22:32 ` 0-day Robot
2025-10-13 22:48 ` |SUCCESS| pw157502-157508 [PATCH] [v4,7/7] usertools/mbuf: parse mbu dpdklab
` (7 subsequent siblings)
21 siblings, 0 replies; 22+ messages in thread
From: 0-day Robot @ 2025-10-13 22:32 UTC (permalink / raw)
To: test-report; +Cc: thomas, robot
From: robot@bytheb.org
Test-Label: github-robot: build
Test-Status: FAILURE
http://patchwork.dpdk.org/patch/157508/
_github build: failed_
Build URL: https://github.com/ovsrobot/dpdk/actions/runs/18478869696
^ permalink raw reply [flat|nested] 22+ messages in thread
* |SUCCESS| pw157502-157508 [PATCH] [v4,7/7] usertools/mbuf: parse mbu
[not found] <20251013212019.892032-8-thomas@monjalon.net>
` (13 preceding siblings ...)
2025-10-13 22:32 ` |FAILURE| pw157508 [PATCH v4 7/7] usertools/mbuf: parse mbuf history dump 0-day Robot
@ 2025-10-13 22:48 ` dpdklab
2025-10-13 22:49 ` dpdklab
` (6 subsequent siblings)
21 siblings, 0 replies; 22+ messages in thread
From: dpdklab @ 2025-10-13 22:48 UTC (permalink / raw)
To: Test Report; +Cc: dpdk-test-reports
Test-Label: iol-sample-apps-testing
Test-Status: SUCCESS
http://dpdk.org/patch/157508
_Testing PASS_
Submitter: Thomas Monjalon <thomas@monjalon.net>
Date: Monday, October 13 2025 21:16:07
DPDK git baseline: Repo:dpdk
Branch: master
CommitID:2b403dd8fb37d0ba13723e44ffc7ee2c2795f838
157502-157508 --> testing pass
Upstream job id: ACVP-FIPS-testing#11406
Test environment and result as below:
+--------------+----------------------+----------------------+
| Environment | dpdk_fips_validation | compressdev_zlib_pmd |
+==============+======================+======================+
| Ubuntu 20.04 | PASS | SKIPPED |
+--------------+----------------------+----------------------+
| Ubuntu 22.04 | SKIPPED | PASS |
+--------------+----------------------+----------------------+
Ubuntu 20.04
Kernel: 5.15
Compiler: gcc gcc (Ubuntu 9.4.0-1ubuntu1~20.04.2) 9.4.0
Ubuntu 22.04
Kernel: 5.15
Compiler: gcc gcc (Ubuntu 11.4.0-1ubuntu1~22.04.2) 11.4.0
To view detailed results, visit:
https://lab.dpdk.org/results/dashboard/patchsets/34266/
UNH-IOL DPDK Community Lab
To manage your email subscriptions, visit:
https://lab.dpdk.org/results/dashboard/preferences/subscriptions/
^ permalink raw reply [flat|nested] 22+ messages in thread
* |SUCCESS| pw157502-157508 [PATCH] [v4,7/7] usertools/mbuf: parse mbu
[not found] <20251013212019.892032-8-thomas@monjalon.net>
` (14 preceding siblings ...)
2025-10-13 22:48 ` |SUCCESS| pw157502-157508 [PATCH] [v4,7/7] usertools/mbuf: parse mbu dpdklab
@ 2025-10-13 22:49 ` dpdklab
2025-10-13 22:56 ` dpdklab
` (5 subsequent siblings)
21 siblings, 0 replies; 22+ messages in thread
From: dpdklab @ 2025-10-13 22:49 UTC (permalink / raw)
To: Test Report; +Cc: dpdk-test-reports
Test-Label: iol-intel-Functional
Test-Status: SUCCESS
http://dpdk.org/patch/157508
_Functional Testing PASS_
Submitter: Thomas Monjalon <thomas@monjalon.net>
Date: Monday, October 13 2025 21:16:07
DPDK git baseline: Repo:dpdk
Branch: master
CommitID:2b403dd8fb37d0ba13723e44ffc7ee2c2795f838
157502-157508 --> functional testing pass
Upstream job id: Template-DTS-Pipeline#249117
Test environment and result as below:
Ubuntu 20.04
Kernel: 5.4
Compiler: gcc gcc (Ubuntu 9.4.0-1ubuntu1~20.04.1) 9.4.0
NIC: Intel Corporation Ethernet Converged Network Adapter XL710-QDA2 40000 Mbps
Aggregate Results by Test Suite
+-----------------------------+--------+
| Test Suite | Result |
+=============================+========+
| unit_tests_mbuf | PASS |
+-----------------------------+--------+
| vhost_virtio_user_interrupt | PASS |
+-----------------------------+--------+
| virtio_smoke | PASS |
+-----------------------------+--------+
Ubuntu 22.04
Kernel: 5.15
Compiler: gcc gcc (Ubuntu 11.4.0-1ubuntu1~22.04.2) 11.4.0
NIC: Intel Corporation QAT 8970 0 Mbps
Aggregate Results by Test Suite
+----------------------------+--------+
| Test Suite | Result |
+============================+========+
| crypto_perf_cryptodev_perf | PASS |
+----------------------------+--------+
To view detailed results, visit:
https://lab.dpdk.org/results/dashboard/patchsets/34266/
UNH-IOL DPDK Community Lab
To manage your email subscriptions, visit:
https://lab.dpdk.org/results/dashboard/preferences/subscriptions/
^ permalink raw reply [flat|nested] 22+ messages in thread
* |SUCCESS| pw157502-157508 [PATCH] [v4,7/7] usertools/mbuf: parse mbu
[not found] <20251013212019.892032-8-thomas@monjalon.net>
` (15 preceding siblings ...)
2025-10-13 22:49 ` dpdklab
@ 2025-10-13 22:56 ` dpdklab
2025-10-13 22:56 ` dpdklab
` (4 subsequent siblings)
21 siblings, 0 replies; 22+ messages in thread
From: dpdklab @ 2025-10-13 22:56 UTC (permalink / raw)
To: Test Report; +Cc: dpdk-test-reports
Test-Label: iol-unit-amd64-testing
Test-Status: SUCCESS
http://dpdk.org/patch/157508
_Testing PASS_
Submitter: Thomas Monjalon <thomas@monjalon.net>
Date: Monday, October 13 2025 21:16:07
DPDK git baseline: Repo:dpdk
Branch: master
CommitID:2b403dd8fb37d0ba13723e44ffc7ee2c2795f838
157502-157508 --> testing pass
Upstream job id: Generic-Unit-Test-DPDK#380893
Test environment and result as below:
+-------------------------------+----------------+
| Environment | dpdk_unit_test |
+===============================+================+
| Ubuntu 22.04 | PASS |
+-------------------------------+----------------+
| Debian GNU/Linux 12 | PASS |
+-------------------------------+----------------+
| CentOS Stream 10 | PASS |
+-------------------------------+----------------+
| Fedora Linux 41 | PASS |
+-------------------------------+----------------+
| Fedora Linux 42 | PASS |
+-------------------------------+----------------+
| Red Hat Enterprise Linux 9.5 | PASS |
+-------------------------------+----------------+
| Fedora Linux 40 | PASS |
+-------------------------------+----------------+
| Red Hat Enterprise Linux 8.10 | PASS |
+-------------------------------+----------------+
| CentOS Stream 9 | PASS |
+-------------------------------+----------------+
| Ubuntu 20.04 | PASS |
+-------------------------------+----------------+
| Ubuntu 24.04 | PASS |
+-------------------------------+----------------+
| Windows Server 2022 | PASS |
+-------------------------------+----------------+
Ubuntu 22.04
Kernel: 5.15
Compiler: gcc gcc (Ubuntu 11.4.0-1ubuntu1~22.04) 11.4.0
Debian GNU/Linux 12
Kernel: 5.15
Compiler: gcc gcc (Debian 12.2.0-14+deb12u1) 12.2.0
CentOS Stream 10
Kernel: 5.15
Compiler: gcc gcc (GCC) 14.2.1 20250110 (Red Hat 14.2.1-8)
Fedora Linux 41
Kernel: 5.15
Compiler: gcc gcc (GCC) 14.3.1 20250523 (Red Hat 14.3.1-1)
Fedora Linux 42
Kernel: 5.15
Compiler: gcc gcc (GCC) 15.2.1 20250808 (Red Hat 15.2.1-1)
Red Hat Enterprise Linux 9.5
Kernel: 5.15
Compiler: gcc gcc (GCC) 11.5.0 20240719 (Red Hat 11.5.0-2)
Fedora Linux 40
Kernel: 5.15
Compiler: clang gcc (GCC) 14.2.1 20240912 (Red Hat 14.2.1-3)
Red Hat Enterprise Linux 8.10
Kernel: 5.15
Compiler: gcc gcc (GCC) 8.5.0 20210514 (Red Hat 8.5.0-22)
CentOS Stream 9
Kernel: 5.15
Compiler: gcc gcc (GCC) 11.5.0 20240719 (Red Hat 11.5.0-11)
Ubuntu 20.04
Kernel: 5.15
Compiler: gcc gcc (Ubuntu 9.4.0-1ubuntu1~20.04.2) 9.4.0
Ubuntu 24.04
Kernel: 5.15
Compiler: gcc gcc (Ubuntu 13.3.0-6ubuntu2~24.04) 13.3.0
Windows Server 2022
Kernel: 10.0.20348.2031
Compiler: clang 15.0.7, gcc 14.1.0 (MinGW), and MSVC VS 19.39.33521
To view detailed results, visit:
https://lab.dpdk.org/results/dashboard/patchsets/34266/
UNH-IOL DPDK Community Lab
To manage your email subscriptions, visit:
https://lab.dpdk.org/results/dashboard/preferences/subscriptions/
^ permalink raw reply [flat|nested] 22+ messages in thread
* |SUCCESS| pw157502-157508 [PATCH] [v4,7/7] usertools/mbuf: parse mbu
[not found] <20251013212019.892032-8-thomas@monjalon.net>
` (16 preceding siblings ...)
2025-10-13 22:56 ` dpdklab
@ 2025-10-13 22:56 ` dpdklab
2025-10-13 22:57 ` |FAILURE| " dpdklab
` (3 subsequent siblings)
21 siblings, 0 replies; 22+ messages in thread
From: dpdklab @ 2025-10-13 22:56 UTC (permalink / raw)
To: Test Report; +Cc: dpdk-test-reports
Test-Label: iol-sample-apps-testing
Test-Status: SUCCESS
http://dpdk.org/patch/157508
_Testing PASS_
Submitter: Thomas Monjalon <thomas@monjalon.net>
Date: Monday, October 13 2025 21:16:07
DPDK git baseline: Repo:dpdk
Branch: master
CommitID:2b403dd8fb37d0ba13723e44ffc7ee2c2795f838
157502-157508 --> testing pass
Upstream job id: Template-DTS-Pipeline#249119
Test environment and result as below:
+--------------+----------------------+----------------------+
| Environment | dpdk_fips_validation | compressdev_zlib_pmd |
+==============+======================+======================+
| Ubuntu 20.04 | PASS | SKIPPED |
+--------------+----------------------+----------------------+
| Ubuntu 22.04 | SKIPPED | PASS |
+--------------+----------------------+----------------------+
Ubuntu 20.04
Kernel: 5.15
Compiler: gcc gcc (Ubuntu 9.4.0-1ubuntu1~20.04.2) 9.4.0
Ubuntu 22.04
Kernel: 5.15
Compiler: gcc gcc (Ubuntu 11.4.0-1ubuntu1~22.04.2) 11.4.0
To view detailed results, visit:
https://lab.dpdk.org/results/dashboard/patchsets/34266/
UNH-IOL DPDK Community Lab
To manage your email subscriptions, visit:
https://lab.dpdk.org/results/dashboard/preferences/subscriptions/
^ permalink raw reply [flat|nested] 22+ messages in thread
* |FAILURE| pw157502-157508 [PATCH] [v4,7/7] usertools/mbuf: parse mbu
[not found] <20251013212019.892032-8-thomas@monjalon.net>
` (17 preceding siblings ...)
2025-10-13 22:56 ` dpdklab
@ 2025-10-13 22:57 ` dpdklab
2025-10-13 23:07 ` |SUCCESS| " dpdklab
` (2 subsequent siblings)
21 siblings, 0 replies; 22+ messages in thread
From: dpdklab @ 2025-10-13 22:57 UTC (permalink / raw)
To: Test Report; +Cc: dpdk-test-reports, Thomas Monjalon
Test-Label: iol-compile-amd64-testing
Test-Status: FAILURE
http://dpdk.org/patch/157508
_Testing issues_
Submitter: Thomas Monjalon <thomas@monjalon.net>
Date: Monday, October 13 2025 21:16:07
DPDK git baseline: Repo:dpdk
Branch: master
CommitID:2b403dd8fb37d0ba13723e44ffc7ee2c2795f838
157502-157508 --> testing issues
Upstream job id: Generic-DPDK-Compile-Meson#433795
Test environment and result as below:
+-------------------------------+--------------------+-------------------+------------------+-------------------+-------------------------+----------------------+
| Environment | dpdk_meson_compile | dpdk_compile_spdk | dpdk_compile_ovs | dpdk_msvc_compile | dpdk_llvm_clang_compile | dpdk_mingw64_compile |
+===============================+====================+===================+==================+===================+=========================+======================+
| Debian GNU/Linux 12 | PASS | PASS | SKIPPED | SKIPPED | SKIPPED | SKIPPED |
+-------------------------------+--------------------+-------------------+------------------+-------------------+-------------------------+----------------------+
| CentOS Stream 10 | PASS | SKIPPED | SKIPPED | SKIPPED | SKIPPED | SKIPPED |
+-------------------------------+--------------------+-------------------+------------------+-------------------+-------------------------+----------------------+
| CentOS Stream 9 | PASS | PASS | SKIPPED | SKIPPED | SKIPPED | SKIPPED |
+-------------------------------+--------------------+-------------------+------------------+-------------------+-------------------------+----------------------+
| Fedora Linux 42 | PASS | PASS | PASS | SKIPPED | SKIPPED | SKIPPED |
+-------------------------------+--------------------+-------------------+------------------+-------------------+-------------------------+----------------------+
| Red Hat Enterprise Linux 8.10 | PASS | SKIPPED | SKIPPED | SKIPPED | SKIPPED | SKIPPED |
+-------------------------------+--------------------+-------------------+------------------+-------------------+-------------------------+----------------------+
| openSUSE Leap 15.6 | PASS | SKIPPED | SKIPPED | SKIPPED | SKIPPED | SKIPPED |
+-------------------------------+--------------------+-------------------+------------------+-------------------+-------------------------+----------------------+
| Red Hat Enterprise Linux 9.5 | PASS | SKIPPED | SKIPPED | SKIPPED | SKIPPED | SKIPPED |
+-------------------------------+--------------------+-------------------+------------------+-------------------+-------------------------+----------------------+
| Ubuntu 24.04 | PASS | PASS | PASS | SKIPPED | SKIPPED | SKIPPED |
+-------------------------------+--------------------+-------------------+------------------+-------------------+-------------------------+----------------------+
| Ubuntu 20.04 | PASS | SKIPPED | SKIPPED | SKIPPED | SKIPPED | SKIPPED |
+-------------------------------+--------------------+-------------------+------------------+-------------------+-------------------------+----------------------+
| FreeBSD 14.2 | PASS | SKIPPED | SKIPPED | SKIPPED | SKIPPED | SKIPPED |
+-------------------------------+--------------------+-------------------+------------------+-------------------+-------------------------+----------------------+
| Ubuntu 22.04 | PASS | PASS | SKIPPED | SKIPPED | SKIPPED | SKIPPED |
+-------------------------------+--------------------+-------------------+------------------+-------------------+-------------------------+----------------------+
| Alpine Linux 3.22.0 | PASS | SKIPPED | SKIPPED | SKIPPED | SKIPPED | SKIPPED |
+-------------------------------+--------------------+-------------------+------------------+-------------------+-------------------------+----------------------+
| Windows Server 2022 | SKIPPED | SKIPPED | SKIPPED | FAIL | PASS | PASS |
+-------------------------------+--------------------+-------------------+------------------+-------------------+-------------------------+----------------------+
==== 20 line log output for Windows Server 2022 (dpdk_msvc_compile): ====
\0[\06\09\06\0/\08\07\04\0]\0 \0C\0o\0m\0p\0i\0l\0i\0n\0g\0 \0C\0 \0o\0b\0j\0e\0c\0t\0 \0a\0p\0p\0/\0d\0p\0d\0k\0-\0t\0e\0s\0t\0p\0m\0d\0.\0e\0x\0e\0.\0p\0/\0t\0e\0s\0t\0-\0p\0m\0d\0_\0c\0m\0d\0l\0i\0n\0e\0.\0c\0.\0o\0b\0j\0
\0
\0F\0A\0I\0L\0E\0D\0:\0 \0a\0p\0p\0/\0d\0p\0d\0k\0-\0t\0e\0s\0t\0p\0m\0d\0.\0e\0x\0e\0.\0p\0/\0t\0e\0s\0t\0-\0p\0m\0d\0_\0c\0m\0d\0l\0i\0n\0e\0.\0c\0.\0o\0b\0j\0 \0
\0
\0"\0c\0l\0"\0 \0"\0-\0I\0a\0p\0p\0\\0d\0p\0d\0k\0-\0t\0e\0s\0t\0p\0m\0d\0.\0e\0x\0e\0.\0p\0"\0 \0"\0-\0I\0a\0p\0p\0"\0 \0"\0-\0I\0.\0.\0\\0a\0p\0p\0"\0 \0"\0-\0I\0a\0p\0p\0\\0t\0e\0s\0t\0-\0p\0m\0d\0"\0 \0"\0-\0I\0.\0.\0\\0a\0p\0p\0\\0t\0e\0s\0t\0-\0p\0m\0d\0"\0 \0"\0-\0I\0l\0i\0b\0\\0e\0t\0h\0d\0e\0v\0"\0 \0"\0-\0I\0.\0.\0\\0l\0i\0b\0\\0e\0t\0h\0d\0e\0v\0"\0 \0"\0-\0I\0l\0i\0b\0\\0e\0a\0l\0\\0c\0o\0m\0m\0o\0n\0"\0 \0"\0-\0I\0.\0.\0\\0l\0i\0b\0\\0e\0a\0l\0\\0c\0o\0m\0m\0o\0n\0"\0 \0"\0-\0I\0.\0"\0 \0"\0-\0I\0.\0.\0"\0 \0"\0-\0I\0c\0o\0n\0f\0i\0g\0"\0 \0"\0-\0I\0.\0.\0\\0c\0o\0n\0f\0i\0g\0"\0 \0"\0-\0I\0l\0i\0b\0\\0e\0a\0l\0\\0i\0n\0c\0l\0u\0d\0e\0"\0 \0"\0-\0I\0.\0.\0\\0l\0i\0b\0\\0e\0a\0l\0\\0i\0n\0c\0l\0u\0d\0e\0"\0 \0"\0-\0I\0l\0i\0b\0\\0e\0a\0l\0\\0w\0i\0n\0d\0o\0w\0s\0\\0i\0n\0c\0l\0u\0d\0e\0"\0 \0"\0-\0I\0.\0.\0\\0l\0i\0b\0\\0e\0a\0l\0\\0w\0i\0n\0d\0o\0w\0s\0\\0i\0n\0c\0l\0u\0d\0e\0"\0 \0"\0-\0I\0l\0i\0b\0\\0e\0a\0l\0\\0x\08\06\0\\0i\0n\0c\0l\0u\0d\0e\0"\0 \0"\0-\0I\0.\0.\0\\0l\0i\0b\0\\0e\0a\0l\0\\0x\08\06\0\\0i\0n\0c\0l\0u\0d\0e\0"\0 \0"\0-\0I\0l\0i\0b\0\\0e\0a\0l\0"\0 \0"\0-\0I\0.\0.\0\\0l\0i\0b\0\\0e\0a\0l\0"\0 \0"\0-\0I\0l\0i\0b\0\\0l\0o\0g\0"\0 \0"\0-\0I\0.\0.\0\\0l\0i\0b\0\\0l\0o\0g\0"\0 \0"\0-\0I\0l\0i\0b\0\\0k\0v\0a\0r\0g\0s\0"\0 \0"\0-\0I\0.\0.\0\\0l\0i\0b\0\\0k\0v\0a\0r\0g\0s\0"\0 \0"\0-\0I\0l\0i\0b\0\\0n\0e\0t\0"\0 \0"\0-\0I\0.\0.\0\\0l\0i\0b\0\\0n\0e\0t\0"\0 \0"\0-\0I\0l\0i\0b\0\\0m\0b\0u\0f\0"\0 \0"\0-\0I\0.\0.\0\\0l\0i\0b\0\\0m\0b\0u\0f\0"\0 \0"\0-\0I
\0l\0i\0b\0\\0m\0e\0m\0p\0o\0o\0l\0"\0 \0"\0-\0I\0.\0.\0\\0l\0i\0b\0\\0m\0e\0m\0p\0o\0o\0l\0"\0 \0"\0-\0I\0l\0i\0b\0\\0r\0i\0n\0g\0"\0 \0"\0-\0I\0.\0.\0\\0l\0i\0b\0\\0r\0i\0n\0g\0"\0 \0"\0-\0I\0l\0i\0b\0\\0m\0e\0t\0r\0i\0c\0s\0"\0 \0"\0-\0I\0.\0.\0\\0l\0i\0b\0\\0m\0e\0t\0r\0i\0c\0s\0"\0 \0"\0-\0I\0l\0i\0b\0\\0t\0e\0l\0e\0m\0e\0t\0r\0y\0"\0 \0"\0-\0I\0.\0.\0\\0l\0i\0b\0\\0t\0e\0l\0e\0m\0e\0t\0r\0y\0"\0 \0"\0-\0I\0l\0i\0b\0\\0m\0e\0t\0e\0r\0"\0 \0"\0-\0I\0.\0.\0\\0l\0i\0b\0\\0m\0e\0t\0e\0r\0"\0 \0"\0-\0I\0l\0i\0b\0\\0c\0m\0d\0l\0i\0n\0e\0"\0 \0"\0-\0I\0.\0.\0\\0l\0i\0b\0\\0c\0m\0d\0l\0i\0n\0e\0"\0 \0"\0-\0I\0l\0i\0b\0\\0p\0c\0i\0"\0 \0"\0-\0I\0.\0.\0\\0l\0i\0b\0\\0p\0c\0i\0"\0 \0"\0-\0I\0l\0i\0b\0\\0b\0i\0t\0r\0a\0t\0e\0s\0t\0a\0t\0s\0"\0 \0"\0-\0I\0.\0.\0\\0l\0i\0b\0\\0b\0i\0t\0r\0a\0t\0e\0s\0t\0a\0t\0s\0"\0 \0"\0-\0I\0l\0i\0b\0\\0g\0r\0o\0"\0 \0"\0-\0I\0.\0.\0\\0l\0i\0b\0\\0g\0r\0o\0"\0 \0"\0-\0I\0l\0i\0b\0\\0g\0s\0o\0"\0 \0"\0-\0I\0.\0.\0\\0l\0i\0b\0\\0g\0s\0o\0"\0 \0"\0-\0I\0l\0i\0b\0\\0l\0a\0t\0e\0n\0c\0y\0s\0t\0a\0t\0s\0"\0 \0"\0-\0I\0.\0.\0\\0l\0i\0b\0\\0l\0a\0t\0e\0n\0c\0y\0s\0t\0a\0t\0s\0"\0 \0"\0-\0I\0d\0r\0i\0v\0e\0r\0s\0\\0n\0e\0t\0\\0i\0n\0t\0e\0l\0\\0i\04\00\0e\0"\0 \0"\0-\0I\0.\0.\0\\0d\0r\0i\0v\0e\0r\0s\0\\0n\0e\0t\0\\0i\0n\0t\0e\0l\0\\0i\04\00\0e\0"\0 \0"\0-\0I\0d\0r\0i\0v\0e\0r\0s\0\\0n\0e\0t\0\\0i\0n\0t\0e\0l\0\\0i\04\00\0e\0\\0b\0a\0s\0e\0"\0 \0"\0-\0I\0.\0.\0\\0d\0r\0i\0v\0e\0r\0s\0\\0n\0e\0t\0\\0i\0n\0t\0e\0l\0\\0i\04\00\0e\0\\0b\0a\0s\0e\0"\0 \0"\0-\0
I\0d\0r\0i\0v\0e\0r\0s\0\\0b\0u\0s\0\\0p\0c\0i\0"\0 \0"\0-\0I\0.\0.\0\\0d\0r\0i\0v\0e\0r\0s\0\\0b\0u\0s\0\\0p\0c\0i\0"\0 \0"\0-\0I\0.\0.\0\\0d\0r\0i\0v\0e\0r\0s\0\\0b\0u\0s\0\\0p\0c\0i\0\\0w\0i\0n\0d\0o\0w\0s\0"\0 \0"\0-\0I\0d\0r\0i\0v\0e\0r\0s\0\\0b\0u\0s\0\\0v\0d\0e\0v\0"\0 \0"\0-\0I\0.\0.\0\\0d\0r\0i\0v\0e\0r\0s\0\\0b\0u\0s\0\\0v\0d\0e\0v\0"\0 \0"\0-\0I\0l\0i\0b\0\\0h\0a\0s\0h\0"\0 \0"\0-\0I\0.\0.\0\\0l\0i\0b\0\\0h\0a\0s\0h\0"\0 \0"\0-\0I\0l\0i\0b\0\\0r\0c\0u\0"\0 \0"\0-\0I\0.\0.\0\\0l\0i\0b\0\\0r\0c\0u\0"\0 \0"\0-\0I\0d\0r\0i\0v\0e\0r\0s\0\\0n\0e\0t\0\\0i\0n\0t\0e\0l\0\\0i\0x\0g\0b\0e\0"\0 \0"\0-\0I\0.\0.\0\\0d\0r\0i\0v\0e\0r\0s\0\\0n\0e\0t\0\\0i\0n\0t\0e\0l\0\\0i\0x\0g\0b\0e\0"\0 \0"\0-\0I\0d\0r\0i\0v\0e\0r\0s\0\\0n\0e\0t\0\\0i\0n\0t\0e\0l\0\\0i\0x\0g\0b\0e\0\\0b\0a\0s\0e\0"\0 \0"\0-\0I\0.\0.\0\\0d\0r\0i\0v\0e\0r\0s\0\\0n\0e\0t\0\\0i\0n\0t\0e\0l\0\\0i\0x\0g\0b\0e\0\\0b\0a\0s\0e\0"\0 \0"\0-\0I\0l\0i\0b\0\\0s\0e\0c\0u\0r\0i\0t\0y\0"\0 \0"\0-\0I\0.\0.\0\\0l\0i\0b\0\\0s\0e\0c\0u\0r\0i\0t\0y\0"\0 \0"\0-\0I\0l\0i\0b\0\\0c\0r\0y\0p\0t\0o\0d\0e\0v\0"\0 \0"\0-\0I\0.\0.\0\\0l\0i\0b\0\\0c\0r\0y\0p\0t\0o\0d\0e\0v\0"\0 \0"\0-\0I\0d\0r\0i\0v\0e\0r\0s\0\\0n\0e\0t\0\\0i\0n\0t\0e\0l\0\\0i\0a\0v\0f\0"\0 \0"\0-\0I\0.\0.\0\\0d\0r\0i\0v\0e\0r\0s\0\\0n\0e\0t\0\\0i\0n\0t\0e\0l\0\\0i\0a\0v\0f\0"\0 \0"\0-\0I\0.\0.\0\\0d\0r\0i\0v\0e\0r\0s\0\\0n\0e\0t\0\\0i\0n\0t\0e\0l\0\\0i\0a\0v\0f\0\\0b\0a\0s\0e\0"\0 \0"\0-\0I\0d\0r\0i\0v\0e\0r\0s\0\\0n\0e\0t\0\\0i\0n\0t\0e\0l\0\\0i\0c\0e\0"\0 \0"\0-\0I\0.
\0.\0\\0d\0r\0i\0v\0e\0r\0s\0\\0n\0e\0t\0\\0i\0n\0t\0e\0l\0\\0i\0c\0e\0"\0 \0"\0-\0I\0d\0r\0i\0v\0e\0r\0s\0\\0n\0e\0t\0\\0i\0n\0t\0e\0l\0\\0i\0c\0e\0\\0b\0a\0s\0e\0"\0 \0"\0-\0I\0.\0.\0\\0d\0r\0i\0v\0e\0r\0s\0\\0n\0e\0t\0\\0i\0n\0t\0e\0l\0\\0i\0c\0e\0\\0b\0a\0s\0e\0"\0 \0"\0-\0I\0d\0r\0i\0v\0e\0r\0s\0\\0n\0e\0t\0\\0m\0l\0x\05\0"\0 \0"\0-\0I\0.\0.\0\\0d\0r\0i\0v\0e\0r\0s\0\\0n\0e\0t\0\\0m\0l\0x\05\0"\0 \0"\0-\0I\0d\0r\0i\0v\0e\0r\0s\0\\0n\0e\0t\0/\0m\0l\0x\05\0\\0w\0i\0n\0d\0o\0w\0s\0"\0 \0"\0-\0I\0.\0.\0\\0d\0r\0i\0v\0e\0r\0s\0\\0n\0e\0t\0\\0m\0l\0x\05\0\\0w\0i\0n\0d\0o\0w\0s\0"\0 \0"\0-\0I\0d\0r\0i\0v\0e\0r\0s\0\\0c\0o\0m\0m\0o\0n\0\\0m\0l\0x\05\0"\0 \0"\0-\0I\0.\0.\0\\0d\0r\0i\0v\0e\0r\0s\0\\0c\0o\0m\0m\0o\0n\0\\0m\0l\0x\05\0"\0 \0"\0-\0I\0d\0r\0i\0v\0e\0r\0s\0\\0c\0o\0m\0m\0o\0n\0/\0m\0l\0x\05\0\\0w\0i\0n\0d\0o\0w\0s\0"\0 \0"\0-\0I\0.\0.\0\\0d\0r\0i\0v\0e\0r\0s\0\\0c\0o\0m\0m\0o\0n\0\\0m\0l\0x\05\0\\0w\0i\0n\0d\0o\0w\0s\0"\0 \0"\0-\0I\0d\0r\0i\0v\0e\0r\0s\0\\0b\0u\0s\0\\0a\0u\0x\0i\0l\0i\0a\0r\0y\0"\0 \0"\0-\0I\0.\0.\0\\0d\0r\0i\0v\0e\0r\0s\0\\0b\0u\0s\0\\0a\0u\0x\0i\0l\0i\0a\0r\0y\0"\0 \0"\0-\0I\0C\0:\0\\0P\0r\0o\0g\0r\0a\0m\0 \0F\0i\0l\0e\0s\0\\0M\0e\0l\0l\0a\0n\0o\0x\0\\0M\0L\0N\0X\0_\0W\0i\0n\0O\0F\02\0_\0D\0e\0v\0X\0_\0S\0D\0K\0\\0i\0n\0c\0"\0 \0"\0/\0M\0D\0"\0 \0"\0/\0n\0o\0l\0o\0g\0o\0"\0 \0"\0/\0s\0h\0o\0w\0I\0n\0c\0l\0u\0d\0e\0s\0"\0 \0"\0/\0u\0t\0f\0-\08\0"\0 \0"\0/\0W\03\0"\0 \0"\0/\0W\0X\0"\0 \0"\0/\0s\0t\0d\0:\0c\01\01\0"\0 \0"\0/\0O\02\0"\0 \0"\0/\0G\0w\0
"\0 \0"\0/\0w\0d\04\02\04\04\0"\0 \0"\0/\0w\0d\04\02\06\07\0"\0 \0"\0/\0w\0d\04\01\04\06\0"\0 \0"\0/\0e\0x\0p\0e\0r\0i\0m\0e\0n\0t\0a\0l\0:\0c\01\01\0a\0t\0o\0m\0i\0c\0s\0"\0 \0"\0/\0d\01\0e\0x\0p\0e\0r\0i\0m\0e\0n\0t\0a\0l\0:\0t\0y\0p\0e\0o\0f\0"\0 \0"\0/\0e\0x\0p\0e\0r\0i\0m\0e\0n\0t\0a\0l\0:\0s\0t\0a\0t\0e\0m\0e\0n\0t\0E\0x\0p\0r\0e\0s\0s\0i\0o\0n\0s\0"\0 \0"\0/\0F\0I\0"\0 \0"\0r\0t\0e\0_\0c\0o\0n\0f\0i\0g\0.\0h\0"\0 \0"\0-\0D\0_\0G\0N\0U\0_\0S\0O\0U\0R\0C\0E\0"\0 \0"\0-\0D\0_\0W\0I\0N\03\02\0_\0W\0I\0N\0N\0T\0=\00\0x\00\0A\00\00\0"\0 \0"\0-\0D\0A\0L\0L\0O\0W\0_\0E\0X\0P\0E\0R\0I\0M\0E\0N\0T\0A\0L\0_\0A\0P\0I\0"\0 \0"\0/\0F\0d\0a\0p\0p\0\\0d\0p\0d\0k\0-\0t\0e\0s\0t\0p\0m\0d\0.\0e\0x\0e\0.\0p\0\\0t\0e\0s\0t\0-\0p\0m\0d\0_\0c\0m\0d\0l\0i\0n\0e\0.\0c\0.\0p\0d\0b\0"\0 \0/\0F\0o\0a\0p\0p\0/\0d\0p\0d\0k\0-\0t\0e\0s\0t\0p\0m\0d\0.\0e\0x\0e\0.\0p\0/\0t\0e\0s\0t\0-\0p\0m\0d\0_\0c\0m\0d\0l\0i\0n\0e\0.\0c\0.\0o\0b\0j\0 \0"\0/\0c\0"\0 \0.\0.\0/\0a\0p\0p\0/\0t\0e\0s\0t\0-\0p\0m\0d\0/\0c\0m\0d\0l\0i\0n\0e\0.\0c\0
\0
\0.\0.\0/\0a\0p\0p\0/\0t\0e\0s\0t\0-\0p\0m\0d\0/\0c\0m\0d\0l\0i\0n\0e\0.\0c\0(\09\01\01\05\0)\0:\0 \0e\0r\0r\0o\0r\0 \0C\02\02\02\00\0:\0 \0t\0h\0e\0 \0f\0o\0l\0l\0o\0w\0i\0n\0g\0 \0w\0a\0r\0n\0i\0n\0g\0 \0i\0s\0 \0t\0r\0e\0a\0t\0e\0d\0 \0a\0s\0 \0a\0n\0 \0e\0r\0r\0o\0r\0
\0
\0.\0.\0/\0a\0p\0p\0/\0t\0e\0s\0t\0-\0p\0m\0d\0/\0c\0m\0d\0l\0i\0n\0e\0.\0c\0(\09\01\01\05\0)\0:\0 \0w\0a\0r\0n\0i\0n\0g\0 \0C\05\01\00\01\0:\0 \0u\0s\0e\0 \0o\0f\0 \0p\0r\0e\0p\0r\0o\0c\0e\0s\0s\0o\0r\0 \0d\0i\0r\0e\0c\0t\0i\0v\0e\0 \0i\0n\0 \0f\0u\0n\0c\0t\0i\0o\0n\0-\0l\0i\0k\0e\0 \0m\0a\0c\0r\0o\0 \0a\0r\0g\0u\0m\0e\0n\0t\0 \0l\0i\0s\0t\0 \0i\0s\0 \0u\0n\0d\0e\0f\0i\0n\0e\0d\0 \0b\0e\0h\0a\0v\0i\0o\0r\0
\0
\0.\0.\0/\0a\0p\0p\0/\0t\0e\0s\0t\0-\0p\0m\0d\0/\0c\0m\0d\0l\0i\0n\0e\0.\0c\0(\09\01\01\07\0)\0:\0 \0w\0a\0r\0n\0i\0n\0g\0 \0C\05\01\00\01\0:\0 \0u\0s\0e\0 \0o\0f\0 \0p\0r\0e\0p\0r\0o\0c\0e\0s\0s\0o\0r\0 \0d\0i\0r\0e\0c\0t\0i\0v\0e\0 \0i\0n\0 \0f\0u\0n\0c\0t\0i\0o\0n\0-\0l\0i\0k\0e\0 \0m\0a\0c\0r\0o\0 \0a\0r\0g\0u\0m\0e\0n\0t\0 \0l\0i\0s\0t\0 \0i\0s\0 \0u\0n\0d\0e\0f\0i\0n\0e\0d\0 \0b\0e\0h\0a\0v\0i\0o\0r\0
\0
\0.\0.\0/\0a\0p\0p\0/\0t\0e\0s\0t\0-\0p\0m\0d\0/\0c\0m\0d\0l\0i\0n\0e\0.\0c\0(\09\01\01\09\0)\0:\0 \0e\0r\0r\0o\0r\0 \0C\02\00\05\09\0:\0 \0s\0y\0n\0t\0a\0x\0 \0e\0r\0r\0o\0r\0:\0 \0'\0#\0'\0
\0
\0[\06\09\07\0/\08\07\04\0]\0 \0C\0o\0m\0p\0i\0l\0i\0n\0g\0 \0C\0 \0o\0b\0j\0e\0c\0t\0 \0a\0p\0p\0/\0d\0p\0d\0k\0-\0t\0e\0s\0t\0p\0m\0d\0.\0e\0x\0e\0.\0p\0/\0t\0e\0s\0t\0-\0p\0m\0d\0_\0c\0m\0d\0l\0i\0n\0e\0_\0c\0m\0a\0n\0.\0c\0.\0o\0b\0j\0
\0
\0[\06\09\08\0/\08\07\04\0]\0 \0C\0o\0m\0p\0i\0l\0i\0n\0g\0 \0C\0 \0o\0b\0j\0e\0c\0t\0 \0a\0p\0p\0/\0d\0p\0d\0k\0-\0t\0e\0s\0t\0-\0f\0l\0o\0w\0-\0p\0e\0r\0f\0.\0e\0x\0e\0.\0p\0/\0t\0e\0s\0t\0-\0f\0l\0o\0w\0-\0p\0e\0r\0f\0_\0m\0a\0i\0n\0.\0c\0.\0o\0b\0j\0
\0
\0[\06\09\09\0/\08\07\04\0]\0 \0C\0o\0m\0p\0i\0l\0i\0n\0g\0 \0C\0 \0o\0b\0j\0e\0c\0t\0 \0a\0p\0p\0/\0d\0p\0d\0k\0-\0t\0e\0s\0t\0p\0m\0d\0.\0e\0x\0e\0.\0p\0/\0t\0e\0s\0t\0-\0p\0m\0d\0_\0p\0a\0r\0a\0m\0e\0t\0e\0r\0s\0.\0c\0.\0o\0b\0j\0
\0
\0[\07\00\00\0/\08\07\04\0]\0 \0C\0o\0m\0p\0i\0l\0i\0n\0g\0 \0C\0 \0o\0b\0j\0e\0c\0t\0 \0a\0p\0p\0/\0d\0p\0d\0k\0-\0t\0e\0s\0t\0p\0m\0d\0.\0e\0x\0e\0.\0p\0/\0t\0e\0s\0t\0-\0p\0m\0d\0_\0c\0s\0u\0m\0o\0n\0l\0y\0.\0c\0.\0o\0b\0j\0
\0
\0[\07\00\01\0/\08\07\04\0]\0 \0C\0o\0m\0p\0i\0l\0i\0n\0g\0 \0C\0 \0o\0b\0j\0e\0c\0t\0 \0a\0p\0p\0/\0d\0p\0d\0k\0-\0t\0e\0s\0t\0p\0m\0d\0.\0e\0x\0e\0.\0p\0/\0t\0e\0s\0t\0-\0p\0m\0d\0_\0i\0c\0m\0p\0e\0c\0h\0o\0.\0c\0.\0o\0b\0j\0
\0
\0[\07\00\02\0/\08\07\04\0]\0 \0C\0o\0m\0p\0i\0l\0i\0n\0g\0 \0C\0 \0o\0b\0j\0e\0c\0t\0 \0a\0p\0p\0/\0d\0p\0d\0k\0-\0t\0e\0s\0t\0p\0m\0d\0.\0e\0x\0e\0.\0p\0/\0t\0e\0s\0t\0-\0p\0m\0d\0_\0c\0o\0n\0f\0i\0g\0.\0c\0.\0o\0b\0j\0
\0
\0[\07\00\03\0/\08\07\04\0]\0 \0C\0o\0m\0p\0i\0l\0i\0n\0g\0 \0C\0 \0o\0b\0j\0e\0c\0t\0 \0a\0p\0p\0/\0d\0p\0d\0k\0-\0t\0e\0s\0t\0p\0m\0d\0.\0e\0x\0e\0.\0p\0/\0t\0e\0s\0t\0-\0p\0m\0d\0_\0i\0e\0e\0e\01\05\08\08\0f\0w\0d\0.\0c\0.\0o\0b\0j\0
\0
\0[\07\00\04\0/\08\07\04\0]\0 \0C\0o\0m\0p\0i\0l\0i\0n\0g\0 \0C\0 \0o\0b\0j\0e\0c\0t\0 \0a\0p\0p\0/\0d\0p\0d\0k\0-\0t\0e\0s\0t\0p\0m\0d\0.\0e\0x\0e\0.\0p\0/\0t\0e\0s\0t\0-\0p\0m\0d\0_\0c\0m\0d\0l\0i\0n\0e\0_\0f\0l\0o\0w\0.\0c\0.\0o\0b\0j\0
\0
\0[\07\00\05\0/\08\07\04\0]\0 \0C\0o\0m\0p\0i\0l\0i\0n\0g\0 \0C\0 \0o\0b\0j\0e\0c\0t\0 \0d\0r\0i\0v\0e\0r\0s\0/\0l\0i\0b\0r\0t\0e\0_\0n\0e\0t\0_\0i\0a\0v\0f\0_\0b\0a\0s\0e\0_\0l\0i\0b\0.\0a\0.\0p\0/\0n\0e\0t\0_\0i\0n\0t\0e\0l\0_\0i\0c\0e\0_\0b\0a\0s\0e\0_\0i\0c\0e\0_\0f\0d\0i\0r\0.\0c\0.\0o\0b\0j\0
\0
\0n\0i\0n\0j\0a\0:\0 \0b\0u\0i\0l\0d\0 \0s\0t\0o\0p\0p\0e\0d\0:\0 \0s\0u\0b\0c\0o\0m\0m\0a\0n\0d\0 \0f\0a\0i\0l\0e\0d\0.\0
\0
\0I\0N\0F\0O\0:\0 \0a\0u\0t\0o\0d\0e\0t\0e\0c\0t\0i\0n\0g\0 \0b\0a\0c\0k\0e\0n\0d\0 \0a\0s\0 \0n\0i\0n\0j\0a\0
\0
\0I\0N\0F\0O\0:\0 \0c\0a\0l\0c\0u\0l\0a\0t\0i\0n\0g\0 \0b\0a\0c\0k\0e\0n\0d\0 \0c\0o\0m\0m\0a\0n\0d\0 \0t\0o\0 \0r\0u\0n\0:\0 \0"\0C\0:\0\\0P\0r\0o\0g\0r\0a\0m\0 \0F\0i\0l\0e\0s\0\\0M\0e\0s\0o\0n\0\\0n\0i\0n\0j\0a\0.\0E\0X\0E\0"\0 \0-\0C\0 \0C\0:\0/\0U\0s\0e\0r\0s\0/\0b\0u\0i\0l\0d\0e\0r\0/\0j\0e\0n\0k\0i\0n\0s\0/\0w\0o\0r\0k\0s\0p\0a\0c\0e\0/\0W\0i\0n\0d\0o\0w\0s\0-\0C\0o\0m\0p\0i\0l\0e\0-\0D\0P\0D\0K\0-\0V\0S\0/\0d\0p\0d\0k\0/\0b\0u\0i\0l\0d\0
\0
\0
==== End log output ====
Debian GNU/Linux 12
Kernel: 5.15
Compiler: gcc gcc (Debian 12.2.0-14+deb12u1) 12.2.0
CentOS Stream 10
Kernel: 5.15
Compiler: gcc gcc (GCC) 14.2.1 20250110 (Red Hat 14.2.1-8)
CentOS Stream 9
Kernel: 5.15
Compiler: gcc gcc (GCC) 11.5.0 20240719 (Red Hat 11.5.0-11)
Fedora Linux 42
Kernel: 5.15
Compiler: clang gcc (GCC) 15.2.1 20250808 (Red Hat 15.2.1-1)
Red Hat Enterprise Linux 8.10
Kernel: 5.15
Compiler: gcc gcc (GCC) 8.5.0 20210514 (Red Hat 8.5.0-22)
openSUSE Leap 15.6
Kernel: 5.15
Compiler: gcc gcc (SUSE Linux) 7.5.0
Red Hat Enterprise Linux 9.5
Kernel: 5.15
Compiler: gcc gcc (GCC) 11.5.0 20240719 (Red Hat 11.5.0-2)
Ubuntu 24.04
Kernel: 5.15
Compiler: gcc gcc (Ubuntu 13.3.0-6ubuntu2~24.04) 13.3.0
Ubuntu 20.04
Kernel: 5.15
Compiler: gcc gcc (Ubuntu 9.4.0-1ubuntu1~20.04.2) 9.4.0
FreeBSD 14.2
Kernel: 14.2-RELEASE
Compiler: clang 18.1.6
Ubuntu 22.04
Kernel: 5.15
Compiler: gcc gcc (Ubuntu 11.4.0-1ubuntu1~22.04) 11.4.0
Alpine Linux 3.22.0
Kernel: 5.15
Compiler: gcc gcc (Alpine 14.2.0) 14.2.0
Windows Server 2022
Kernel: 10.0.20348.2031
Compiler: clang 15.0.7, gcc 14.1.0 (MinGW), and MSVC VS 19.39.33521
To view detailed results, visit:
https://lab.dpdk.org/results/dashboard/patchsets/34266/
UNH-IOL DPDK Community Lab
To manage your email subscriptions, visit:
https://lab.dpdk.org/results/dashboard/preferences/subscriptions/
^ permalink raw reply [flat|nested] 22+ messages in thread
* |SUCCESS| pw157502-157508 [PATCH] [v4,7/7] usertools/mbuf: parse mbu
[not found] <20251013212019.892032-8-thomas@monjalon.net>
` (18 preceding siblings ...)
2025-10-13 22:57 ` |FAILURE| " dpdklab
@ 2025-10-13 23:07 ` dpdklab
2025-10-14 3:50 ` dpdklab
2025-10-14 4:53 ` dpdklab
21 siblings, 0 replies; 22+ messages in thread
From: dpdklab @ 2025-10-13 23:07 UTC (permalink / raw)
To: Test Report; +Cc: dpdk-test-reports
Test-Label: iol-broadcom-Performance
Test-Status: SUCCESS
http://dpdk.org/patch/157508
_Performance Testing PASS_
Submitter: Thomas Monjalon <thomas@monjalon.net>
Date: Monday, October 13 2025 21:16:07
DPDK git baseline: Repo:dpdk
Branch: master
CommitID:2b403dd8fb37d0ba13723e44ffc7ee2c2795f838
157502-157508 --> performance testing pass
Upstream job id: Template-DTS-Pipeline#249112
Test environment and result as below:
Ubuntu 22.04
Kernel: 5.15
Compiler: gcc gcc (Ubuntu 11.4.0-1ubuntu1~22.04.2) 11.4.0
NIC: Arm Broadcom Inc. brcm_57414 25000 Mbps
Fail/Total: 0/2
Detail performance results:
+------------+---------+----------+-------------+------------------------------+
| frame_size | txd/rxd | num_cpus | num_threads | throughput difference from |
| | | | | expected |
+============+=========+==========+=============+==============================+
| 64 | 512 | 1 | 1 | 0.1% |
+------------+---------+----------+-------------+------------------------------+
| 64 | 2048 | 1 | 1 | 0.0% |
+------------+---------+----------+-------------+------------------------------+
Ubuntu 22.04
Kernel: 5.15
Compiler: gcc gcc (Ubuntu 11.4.0-1ubuntu1~22.04) 11.4.0
NIC: Broadcom Inc. and subsidiaries BCM57414 NetXtreme-E 10Gb/25Gb RDMA Ethernet Controller 16d7 25 Mbps
Fail/Total: 0/3
Detail performance results:
+------------+---------+----------+-------------+------------------------------+
| frame_size | txd/rxd | num_cpus | num_threads | throughput difference from |
| | | | | expected |
+============+=========+==========+=============+==============================+
| 64 | 128 | 1 | 1 | 0.5% |
+------------+---------+----------+-------------+------------------------------+
| 64 | 512 | 1 | 1 | 0.2% |
+------------+---------+----------+-------------+------------------------------+
| 64 | 2048 | 1 | 1 | 0.4% |
+------------+---------+----------+-------------+------------------------------+
To view detailed results, visit:
https://lab.dpdk.org/results/dashboard/patchsets/34266/
UNH-IOL DPDK Community Lab
To manage your email subscriptions, visit:
https://lab.dpdk.org/results/dashboard/preferences/subscriptions/
^ permalink raw reply [flat|nested] 22+ messages in thread
* |SUCCESS| pw157502-157508 [PATCH] [v4,7/7] usertools/mbuf: parse mbu
[not found] <20251013212019.892032-8-thomas@monjalon.net>
` (19 preceding siblings ...)
2025-10-13 23:07 ` |SUCCESS| " dpdklab
@ 2025-10-14 3:50 ` dpdklab
2025-10-14 4:53 ` dpdklab
21 siblings, 0 replies; 22+ messages in thread
From: dpdklab @ 2025-10-14 3:50 UTC (permalink / raw)
To: Test Report; +Cc: dpdk-test-reports
Test-Label: iol-unit-arm64-testing
Test-Status: SUCCESS
http://dpdk.org/patch/157508
_Testing PASS_
Submitter: Thomas Monjalon <thomas@monjalon.net>
Date: Monday, October 13 2025 21:16:07
DPDK git baseline: Repo:dpdk
Branch: master
CommitID:2b403dd8fb37d0ba13723e44ffc7ee2c2795f838
157502-157508 --> testing pass
Upstream job id: Generic-Unit-Test-DPDK#380900
Test environment and result as below:
+------------------------------+----------------+--------------+------------------------------+---------------------------+
| Environment | dpdk_unit_test | lpm_autotest | cryptodev_sw_snow3g_autotest | cryptodev_sw_zuc_autotest |
+==============================+================+==============+==============================+===========================+
| Ubuntu 20.04 | PASS | PASS | SKIPPED | SKIPPED |
+------------------------------+----------------+--------------+------------------------------+---------------------------+
| Ubuntu 22.04 | PASS | SKIPPED | SKIPPED | SKIPPED |
+------------------------------+----------------+--------------+------------------------------+---------------------------+
| Ubuntu 24.04 | PASS | SKIPPED | SKIPPED | SKIPPED |
+------------------------------+----------------+--------------+------------------------------+---------------------------+
| Red Hat Enterprise Linux 9.5 | PASS | SKIPPED | SKIPPED | SKIPPED |
+------------------------------+----------------+--------------+------------------------------+---------------------------+
| Fedora Linux 42 | PASS | SKIPPED | SKIPPED | SKIPPED |
+------------------------------+----------------+--------------+------------------------------+---------------------------+
| Fedora Linux 40 | PASS | SKIPPED | SKIPPED | SKIPPED |
+------------------------------+----------------+--------------+------------------------------+---------------------------+
| Fedora Linux 41 | PASS | SKIPPED | SKIPPED | SKIPPED |
+------------------------------+----------------+--------------+------------------------------+---------------------------+
| CentOS Stream 10 | PASS | SKIPPED | SKIPPED | SKIPPED |
+------------------------------+----------------+--------------+------------------------------+---------------------------+
| CentOS Stream 9 | PASS | SKIPPED | SKIPPED | SKIPPED |
+------------------------------+----------------+--------------+------------------------------+---------------------------+
| Debian GNU/Linux 12 | PASS | SKIPPED | SKIPPED | SKIPPED |
+------------------------------+----------------+--------------+------------------------------+---------------------------+
| Debian 12 (arm) | SKIPPED | SKIPPED | PASS | PASS |
+------------------------------+----------------+--------------+------------------------------+---------------------------+
Ubuntu 20.04
Kernel: 5.4
Compiler: gcc gcc (Ubuntu 9.4.0-1ubuntu1~20.04.2) 9.4.0
Ubuntu 22.04
Kernel: 5.4
Compiler: gcc gcc (Ubuntu 11.4.0-1ubuntu1~22.04) 11.4.0
Ubuntu 24.04
Kernel: 5.4
Compiler: gcc gcc (Ubuntu 13.3.0-6ubuntu2~24.04) 13.3.0
Red Hat Enterprise Linux 9.5
Kernel: 5.4
Compiler: gcc gcc (GCC) 11.5.0 20240719 (Red Hat 11.5.0-2)
Fedora Linux 42
Kernel: 5.4
Compiler: gcc gcc (GCC) 15.2.1 20250808 (Red Hat 15.2.1-1)
Fedora Linux 40
Kernel: 5.4
Compiler: clang gcc (GCC) 14.2.1 20240912 (Red Hat 14.2.1-3)
Fedora Linux 41
Kernel: 5.4
Compiler: gcc gcc (GCC) 14.3.1 20250523 (Red Hat 14.3.1-1)
CentOS Stream 10
Kernel: 5.4
Compiler: gcc gcc (GCC) 14.2.1 20250110 (Red Hat 14.2.1-8)
CentOS Stream 9
Kernel: 5.4
Compiler: gcc gcc (GCC) 11.5.0 20240719 (Red Hat 11.5.0-11)
Debian GNU/Linux 12
Kernel: 5.4
Compiler: gcc gcc (Debian 12.2.0-14+deb12u1) 12.2.0
Debian 12 (arm)
Kernel: Depends on container host
Compiler: gcc (Debian 12.2.0-14) 12.2.0
To view detailed results, visit:
https://lab.dpdk.org/results/dashboard/patchsets/34266/
UNH-IOL DPDK Community Lab
To manage your email subscriptions, visit:
https://lab.dpdk.org/results/dashboard/preferences/subscriptions/
^ permalink raw reply [flat|nested] 22+ messages in thread
* |SUCCESS| pw157502-157508 [PATCH] [v4,7/7] usertools/mbuf: parse mbu
[not found] <20251013212019.892032-8-thomas@monjalon.net>
` (20 preceding siblings ...)
2025-10-14 3:50 ` dpdklab
@ 2025-10-14 4:53 ` dpdklab
21 siblings, 0 replies; 22+ messages in thread
From: dpdklab @ 2025-10-14 4:53 UTC (permalink / raw)
To: Test Report; +Cc: dpdk-test-reports
Test-Label: iol-compile-arm64-testing
Test-Status: SUCCESS
http://dpdk.org/patch/157508
_Testing PASS_
Submitter: Thomas Monjalon <thomas@monjalon.net>
Date: Monday, October 13 2025 21:16:07
DPDK git baseline: Repo:dpdk
Branch: master
CommitID:2b403dd8fb37d0ba13723e44ffc7ee2c2795f838
157502-157508 --> testing pass
Upstream job id: Generic-DPDK-Compile-Meson#433783
Test environment and result as below:
+------------------------------+--------------------+
| Environment | dpdk_meson_compile |
+==============================+====================+
| Red Hat Enterprise Linux 9.5 | PASS |
+------------------------------+--------------------+
| Debian GNU/Linux 12 | PASS |
+------------------------------+--------------------+
| Ubuntu 20.04 | PASS |
+------------------------------+--------------------+
| Fedora Linux 42 | PASS |
+------------------------------+--------------------+
| Ubuntu 24.04 | PASS |
+------------------------------+--------------------+
| CentOS Stream 9 | PASS |
+------------------------------+--------------------+
| CentOS Stream 10 | PASS |
+------------------------------+--------------------+
| Ubuntu 22.04 | PASS |
+------------------------------+--------------------+
Red Hat Enterprise Linux 9.5
Kernel: 5.4
Compiler: gcc gcc (GCC) 11.5.0 20240719 (Red Hat 11.5.0-2)
Debian GNU/Linux 12
Kernel: 5.4
Compiler: gcc gcc (Debian 12.2.0-14+deb12u1) 12.2.0
Ubuntu 20.04
Kernel: 5.15
Compiler: gcc gcc (Ubuntu 9.4.0-1ubuntu1~20.04.2) 9.4.0
Fedora Linux 42
Kernel: 5.4
Compiler: gcc gcc (GCC) 15.2.1 20250808 (Red Hat 15.2.1-1)
Ubuntu 24.04
Kernel: 5.4
Compiler: gcc gcc (Ubuntu 13.3.0-6ubuntu2~24.04) 13.3.0
CentOS Stream 9
Kernel: 5.4
Compiler: gcc gcc (GCC) 11.5.0 20240719 (Red Hat 11.5.0-11)
CentOS Stream 10
Kernel: 5.4
Compiler: gcc gcc (GCC) 14.2.1 20250110 (Red Hat 14.2.1-8)
Ubuntu 22.04
Kernel: 5.4
Compiler: gcc gcc (Ubuntu 11.4.0-1ubuntu1~22.04) 11.4.0
To view detailed results, visit:
https://lab.dpdk.org/results/dashboard/patchsets/34266/
UNH-IOL DPDK Community Lab
To manage your email subscriptions, visit:
https://lab.dpdk.org/results/dashboard/preferences/subscriptions/
^ permalink raw reply [flat|nested] 22+ messages in thread