From: dpdklab@iol.unh.edu
To: Test Report <test-report@dpdk.org>
Cc: dpdk-test-reports@iol.unh.edu
Subject: |SUCCESS| pw157502-157508 [PATCH] [v4,7/7] usertools/mbuf: parse mbu
Date: Mon, 13 Oct 2025 15:56:58 -0700 (PDT) [thread overview]
Message-ID: <68ed83ba.170a0220.19355b.13d3SMTPIN_ADDED_MISSING@mx.google.com> (raw)
In-Reply-To: <20251013212019.892032-8-thomas@monjalon.net>
Test-Label: iol-sample-apps-testing
Test-Status: SUCCESS
http://dpdk.org/patch/157508
_Testing PASS_
Submitter: Thomas Monjalon <thomas@monjalon.net>
Date: Monday, October 13 2025 21:16:07
DPDK git baseline: Repo:dpdk
Branch: master
CommitID:2b403dd8fb37d0ba13723e44ffc7ee2c2795f838
157502-157508 --> testing pass
Upstream job id: Template-DTS-Pipeline#249119
Test environment and result as below:
+--------------+----------------------+----------------------+
| Environment | dpdk_fips_validation | compressdev_zlib_pmd |
+==============+======================+======================+
| Ubuntu 20.04 | PASS | SKIPPED |
+--------------+----------------------+----------------------+
| Ubuntu 22.04 | SKIPPED | PASS |
+--------------+----------------------+----------------------+
Ubuntu 20.04
Kernel: 5.15
Compiler: gcc gcc (Ubuntu 9.4.0-1ubuntu1~20.04.2) 9.4.0
Ubuntu 22.04
Kernel: 5.15
Compiler: gcc gcc (Ubuntu 11.4.0-1ubuntu1~22.04.2) 11.4.0
To view detailed results, visit:
https://lab.dpdk.org/results/dashboard/patchsets/34266/
UNH-IOL DPDK Community Lab
To manage your email subscriptions, visit:
https://lab.dpdk.org/results/dashboard/preferences/subscriptions/
next prev parent reply other threads:[~2025-10-13 22:57 UTC|newest]
Thread overview: 22+ messages / expand[flat|nested] mbox.gz Atom feed top
[not found] <20251013212019.892032-8-thomas@monjalon.net>
2025-10-13 20:57 ` |SUCCESS| pw157502-157508 [PATCH v4 7/7] usertools/mbuf: parse mbuf history dump qemudev
2025-10-13 21:05 ` |FAILURE| " qemudev
2025-10-13 21:21 ` |SUCCESS| pw157508 " checkpatch
2025-10-13 21:54 ` |SUCCESS| pw157502-157508 [PATCH] [v4,7/7] usertools/mbuf: parse mbu dpdklab
2025-10-13 21:56 ` |PENDING| " dpdklab
2025-10-13 21:57 ` dpdklab
2025-10-13 21:58 ` |SUCCESS| " dpdklab
2025-10-13 22:05 ` |PENDING| " dpdklab
2025-10-13 22:12 ` |FAILURE| " dpdklab
2025-10-13 22:13 ` |SUCCESS| " dpdklab
2025-10-13 22:15 ` dpdklab
2025-10-13 22:27 ` |PENDING| " dpdklab
2025-10-13 22:29 ` dpdklab
2025-10-13 22:32 ` |FAILURE| pw157508 [PATCH v4 7/7] usertools/mbuf: parse mbuf history dump 0-day Robot
2025-10-13 22:48 ` |SUCCESS| pw157502-157508 [PATCH] [v4,7/7] usertools/mbuf: parse mbu dpdklab
2025-10-13 22:49 ` dpdklab
2025-10-13 22:56 ` dpdklab
2025-10-13 22:56 ` dpdklab [this message]
2025-10-13 22:57 ` |FAILURE| " dpdklab
2025-10-13 23:07 ` |SUCCESS| " dpdklab
2025-10-14 3:50 ` dpdklab
2025-10-14 4:53 ` dpdklab
Reply instructions:
You may reply publicly to this message via plain-text email
using any one of the following methods:
* Save the following mbox file, import it into your mail client,
and reply-to-all from there: mbox
Avoid top-posting and favor interleaved quoting:
https://en.wikipedia.org/wiki/Posting_style#Interleaved_style
* Reply using the --to, --cc, and --in-reply-to
switches of git-send-email(1):
git send-email \
--in-reply-to=68ed83ba.170a0220.19355b.13d3SMTPIN_ADDED_MISSING@mx.google.com \
--to=dpdklab@iol.unh.edu \
--cc=dpdk-test-reports@iol.unh.edu \
--cc=test-report@dpdk.org \
/path/to/YOUR_REPLY
https://kernel.org/pub/software/scm/git/docs/git-send-email.html
* If your mail client supports setting the In-Reply-To header
via mailto: links, try the mailto: link
Be sure your reply has a Subject: header at the top and a blank line
before the message body.
This is a public inbox, see mirroring instructions
for how to clone and mirror all data and code used for this inbox;
as well as URLs for NNTP newsgroup(s).