From mboxrd@z Thu Jan 1 00:00:00 1970 Return-Path: Received: from mails.dpdk.org (mails.dpdk.org [217.70.189.124]) by inbox.dpdk.org (Postfix) with ESMTP id 387DB4892E for ; Tue, 14 Oct 2025 06:23:16 +0200 (CEST) Received: from mails.dpdk.org (localhost [127.0.0.1]) by mails.dpdk.org (Postfix) with ESMTP id 32C4840288; Tue, 14 Oct 2025 06:23:16 +0200 (CEST) Received: from mail-yw1-f227.google.com (mail-yw1-f227.google.com [209.85.128.227]) by mails.dpdk.org (Postfix) with ESMTP id 9190840288 for ; Tue, 14 Oct 2025 06:23:14 +0200 (CEST) Received: by mail-yw1-f227.google.com with SMTP id 00721157ae682-723ad237d1eso44771817b3.1 for ; Mon, 13 Oct 2025 21:23:14 -0700 (PDT) DKIM-Signature: v=1; a=rsa-sha256; c=relaxed/relaxed; d=iol.unh.edu; s=unh-iol; t=1760415794; x=1761020594; darn=dpdk.org; h=cc:to:from:subject:message-id:date:from:to:cc:subject:date :message-id:reply-to; bh=nygqDgUeeT5dmtFbi0s4YD2VVa5B4hAxXewz17d9zdk=; b=KrCQkl+8FEDn1RGFxdgJrX1+SH/zDsECCBPsYdNJ33c2fYhKIwR0E/Ex0RqVpdgUNM 1ZpE7t0NC98RVwY6DCsyu9rZpUwapxvTmAPNmcUgQ5hYdyQybzWKSLhLM8lS+xc3R4uc cqHq2y3EKIP0MoD8ndiN4I6EPk2YpmLQpkc7k= X-Google-DKIM-Signature: v=1; a=rsa-sha256; c=relaxed/relaxed; d=1e100.net; s=20230601; t=1760415794; x=1761020594; h=cc:to:from:subject:message-id:date:x-gm-message-state:from:to:cc :subject:date:message-id:reply-to; bh=nygqDgUeeT5dmtFbi0s4YD2VVa5B4hAxXewz17d9zdk=; b=Y+SVmto1Blx498zBaR1uG2M68Ke/tKzii7taaot+bUQ5XqETIbzTjdiZj7Ypo5AI8I pMhdtKClJ21sYan7FD9mBl7LGIWROBHWtjy+FgcWaC8G7ihhN3itQ5eHMe1Tr/YA+/wd 6PxMGWpFuZ2KYRYxesvJlOE/GhZZD+RFdHNLfysJZ+mt6E+LRHXSWbEqfnd8LCxZW1+Y HRWLIJ40ETIFLK3meV+9P+YU4jeDoWoj+j6skdBufuZfiUVggi5VuXUeZfh6mrUAnrbg ki22sOozL6WHXTmp+uXy9sZ3KTmHnmWC5zQV0d1BCCD2/l/RfLxAlfNVe8Kr6DpC+9ey df+Q== X-Gm-Message-State: AOJu0YwAxP9+BQTHvisNcMYZDypNN6EwCbOU7nsiGUXv121NzOLDcdob DdVKgKKHefTM2lupewxKHwlRrhLUTKOkR/OaTUxzGOCkin/1QNYytXDnEO/fmNg/1UFBZFxr5X8 b0NieQWo/QepcnzefOMcj7MrIPb5vpUbWIzgRRyag6hBr594tquY+ X-Gm-Gg: ASbGncvLOT+xJhoGAlUya7+P82JICDFNfi2EtCJx4bjdRvV5JtqZ9+e1bxXHrQxuVFe yBc0Or/wonVG9keoDwpqtHitzi0dfQxHSeO5hAQJugIn7MCPLzsOVJ0lEfxWxjT3qLFfysy1Pne jFdV9MkVwrPLm18KmO8rsc/P3Gz+oy0E2Qdiost7G2V0SrheX5KWv05OiMdh+oFwSVr6KrhEW24 TGYU3vmXB7l2qL5yKmPmm7qJoDivzM4SGOoj+tKeGDubYZY9KkZHoAJI+54aoiRkakIFu/SIUXT ajXhZdKCya+q/G8rXN/VkGIC0fEo32HUYvO3PXN+q/T+Fr4Krg== X-Google-Smtp-Source: AGHT+IGnHTjQPs7bbM5Y0f8J2QlNSGFTTrj1Q3TrCghDxgf4UckhFxYyMNKTGRZatZMeQ3gIbjx3qo2htM1s X-Received: by 2002:a05:690e:429c:20b0:63c:e930:e3b with SMTP id 956f58d0204a3-63ce9301f8amr13323624d50.43.1760415793879; Mon, 13 Oct 2025 21:23:13 -0700 (PDT) Received: from postal.iol.unh.edu (postal.iol.unh.edu. [2606:4100:3880:1234::84]) by smtp-relay.gmail.com with ESMTPS id 00721157ae682-7814511ab44sm1329657b3.0.2025.10.13.21.23.13 (version=TLS1_2 cipher=ECDHE-ECDSA-AES128-GCM-SHA256 bits=128/128); Mon, 13 Oct 2025 21:23:13 -0700 (PDT) X-Relaying-Domain: iol.unh.edu Date: Mon, 13 Oct 2025 21:23:13 -0700 (PDT) Message-ID: <68edd031.050a0220.19f1e7.77deSMTPIN_ADDED_MISSING@mx.google.com> Received: from [172.21.0.3] (unknown [172.18.0.240]) by postal.iol.unh.edu (Postfix) with ESMTP id 781776051830; Tue, 14 Oct 2025 00:23:13 -0400 (EDT) Subject: |FAILURE| [GIT MASTER] 3b43ce3f4a54468e7ef65760c2fd7b4d6ee6d9fc From: dpdklab@iol.unh.edu To: Test Report Cc: dpdk-test-reports@iol.unh.edu, Xueming Li , Christian Ehrhardt , Kevin Traynor , Luca Boccassi Content-Type: text/plain X-BeenThere: test-report@dpdk.org X-Mailman-Version: 2.1.29 Precedence: list List-Id: automatic DPDK test reports List-Unsubscribe: , List-Archive: List-Post: List-Help: List-Subscribe: , Errors-To: test-report-bounces@dpdk.org _Testing issues_ Branch: tags/v22.11 3b43ce3f4a54468e7ef65760c2fd7b4d6ee6d9fc --> testing issues Upstream job id: Generic-Unit-Test-DPDK#380938 Test environment and result as below: +-------------------------------+----------------+ | Environment | dpdk_unit_test | +===============================+================+ | Red Hat Enterprise Linux 8.10 | PEND | +-------------------------------+----------------+ | Fedora Linux 42 | PEND | +-------------------------------+----------------+ | Ubuntu 22.04 | PEND | +-------------------------------+----------------+ | CentOS Stream 9 | FAIL | +-------------------------------+----------------+ | Debian GNU/Linux 12 | FAIL | +-------------------------------+----------------+ | Ubuntu 24.04 | FAIL | +-------------------------------+----------------+ | Fedora Linux 40 | PEND | +-------------------------------+----------------+ | Fedora Linux 41 | PEND | +-------------------------------+----------------+ | Ubuntu 20.04 | PEND | +-------------------------------+----------------+ | Red Hat Enterprise Linux 9.5 | PEND | +-------------------------------+----------------+ | CentOS Stream 10 | PEND | +-------------------------------+----------------+ | Windows Server 2022 | PASS | +-------------------------------+----------------+ ==== Unit test summary for Ubuntu 24.04 (dpdk_unit_test): ==== ninja: Entering directory `/root/workspace/Generic-Unit-Test-DPDK/dpdk/build' ninja: no work to do. 1/105 DPDK:fast-tests / acl_autotest OK 4.92 s 2/105 DPDK:fast-tests / atomic_autotest OK 0.72 s 3/105 DPDK:fast-tests / bitmap_autotest OK 0.19 s 4/105 DPDK:fast-tests / bitops_autotest OK 0.29 s 5/105 DPDK:fast-tests / byteorder_autotest OK 0.18 s 6/105 DPDK:fast-tests / cksum_autotest OK 0.27 s 7/105 DPDK:fast-tests / cmdline_autotest OK 0.29 s 8/105 DPDK:fast-tests / common_autotest OK 0.75 s 9/105 DPDK:fast-tests / cpuflags_autotest OK 0.24 s 10/105 DPDK:fast-tests / debug_autotest OK 0.58 s 11/105 DPDK:fast-tests / devargs_autotest OK 0.29 s 12/105 DPDK:fast-tests / eal_flags_c_opt_autotest OK 0.78 s 13/105 DPDK:fast-tests / eal_flags_main_opt_autotest OK 0.26 s 14/105 DPDK:fast-tests / eal_flags_n_opt_autotest OK 0.61 s 15/105 DPDK:fast-tests / eal_flags_hpet_autotest OK 0.36 s 16/105 DPDK:fast-tests / eal_flags_no_huge_autotest OK 0.53 s 17/105 DPDK:fast-tests / eal_flags_a_opt_autotest OK 0.58 s 18/105 DPDK:fast-tests / eal_flags_b_opt_autotest OK 0.31 s 19/105 DPDK:fast-tests / eal_flags_vdev_opt_autotest OK 0.76 s 20/105 DPDK:fast-tests / eal_flags_r_opt_autotest OK 0.25 s 21/105 DPDK:fast-tests / eal_flags_mem_autotest OK 0.95 s 22/105 DPDK:fast-tests / eal_flags_file_prefix_autotest OK 2.86 s 23/105 DPDK:fast-tests / eal_flags_misc_autotest OK 1.97 s 24/105 DPDK:fast-tests / eal_fs_autotest OK 0.27 s 25/105 DPDK:fast-tests / errno_autotest OK 0.26 s 26/105 DPDK:fast-tests / ethdev_link_status OK 0.19 s 27/105 DPDK:fast-tests / event_ring_autotest OK 0.24 s 28/105 DPDK:fast-tests / fib_autotest OK 1.04 s 29/105 DPDK:fast-tests / fib6_autotest OK 1.11 s 30/105 DPDK:fast-tests / func_reentrancy_autotest OK 0.82 s 31/105 DPDK:fast-tests / hash_autotest OK 0.46 s 32/105 DPDK:fast-tests / interrupt_autotest OK 1.73 s 33/105 DPDK:fast-tests / ipfrag_autotest OK 0.25 s 34/105 DPDK:fast-tests / lcores_autotest OK 2.51 s 35/105 DPDK:fast-tests / logs_autotest OK 0.17 s 36/105 DPDK:fast-tests / lpm_autotest OK 5.88 s 37/105 DPDK:fast-tests / lpm6_autotest OK 8.51 s 38/105 DPDK:fast-tests / malloc_autotest OK 1.03 s 39/105 DPDK:fast-tests / mbuf_autotest OK 0.17 s 40/105 DPDK:fast-tests / mcslock_autotest OK 0.72 s 41/105 DPDK:fast-tests / memcpy_autotest OK 2.98 s 42/105 DPDK:fast-tests / memory_autotest OK 0.32 s 43/105 DPDK:fast-tests / mempool_autotest OK 0.43 s 44/105 DPDK:fast-tests / memzone_autotest OK 0.24 s 45/105 DPDK:fast-tests / meter_autotest OK 0.31 s 46/105 DPDK:fast-tests / multiprocess_autotest OK 0.39 s 47/105 DPDK:fast-tests / node_list_dump OK 0.31 s 48/105 DPDK:fast-tests / per_lcore_autotest OK 0.40 s 49/105 DPDK:fast-tests / pflock_autotest OK 0.34 s 50/105 DPDK:fast-tests / prefetch_autotest OK 0.32 s 51/105 DPDK:fast-tests / rcu_qsbr_autotest OK 0.46 s 52/105 DPDK:fast-tests / pie_autotest OK 0.30 s 53/105 DPDK:fast-tests / rib_autotest OK 7.53 s 54/105 DPDK:fast-tests / rib6_autotest OK 7.68 s 55/105 DPDK:fast-tests / ring_autotest OK 0.24 s 56/105 DPDK:fast-tests / rwlock_test1_autotest OK 0.32 s 57/105 DPDK:fast-tests / rwlock_rda_autotest OK 5.41 s 58/105 DPDK:fast-tests / rwlock_rds_wrm_autotest OK 5.22 s 59/105 DPDK:fast-tests / rwlock_rde_wro_autotest OK 5.47 s 60/105 DPDK:fast-tests / sched_autotest OK 0.32 s 61/105 DPDK:fast-tests / security_autotest OK 0.24 s 62/105 DPDK:fast-tests / seqlock_autotest SKIP 0.29 s 63/105 DPDK:fast-tests / spinlock_autotest OK 0.17 s 64/105 DPDK:fast-tests / stack_autotest OK 0.28 s 65/105 DPDK:fast-tests / stack_lf_autotest OK 0.42 s 66/105 DPDK:fast-tests / string_autotest OK 0.27 s 67/105 DPDK:fast-tests / tailq_autotest OK 0.28 s 68/105 DPDK:fast-tests / ticketlock_autotest OK 0.21 s 69/105 DPDK:fast-tests / timer_autotest OK 3.04 s 70/105 DPDK:fast-tests / user_delay_us OK 0.17 s 71/105 DPDK:fast-tests / version_autotest OK 0.19 s 72/105 DPDK:fast-tests / crc_autotest OK 0.32 s 73/105 DPDK:fast-tests / distributor_autotest OK 1.52 s 74/105 DPDK:fast-tests / eventdev_common_autotest OK 0.28 s 75/105 DPDK:fast-tests / fbarray_autotest OK 0.25 s 76/105 DPDK:fast-tests / hash_readwrite_func_autotest SKIP 0.17 s 77/105 DPDK:fast-tests / ipsec_autotest SKIP 0.22 s 78/105 DPDK:fast-tests / kni_autotest SKIP 0.29 s 79/105 DPDK:fast-tests / kvargs_autotest OK 0.18 s 80/105 DPDK:fast-tests / member_autotest OK 1.28 s 81/105 DPDK:fast-tests / power_cpufreq_autotest SKIP 0.29 s 82/105 DPDK:fast-tests / power_autotest OK 0.31 s 83/105 DPDK:fast-tests / power_kvm_vm_autotest SKIP 0.17 s 84/105 DPDK:fast-tests / power_intel_uncore_autotest SKIP 0.32 s 85/105 DPDK:fast-tests / reorder_autotest OK 0.31 s 86/105 DPDK:fast-tests / service_autotest OK 1.90 s 87/105 DPDK:fast-tests / thash_autotest OK 0.25 s 88/105 DPDK:fast-tests / threads_autotest OK 0.63 s 89/105 DPDK:fast-tests / trace_autotest OK 0.17 s 90/105 DPDK:fast-tests / trace_autotest_with_traces OK 0.32 s 91/105 DPDK:fast-tests / graph_autotest OK 0.23 s 92/105 DPDK:fast-tests / metrics_autotest OK 0.27 s 93/105 DPDK:fast-tests / telemetry_json_autotest OK 0.29 s 94/105 DPDK:fast-tests / telemetry_data_autotest OK 0.17 s 95/105 DPDK:fast-tests / table_autotest FAIL 1.57 s (exit status 255 or signal 127 SIGinvalid) 96/105 DPDK:fast-tests / ring_pmd_autotest OK 0.30 s 97/105 DPDK:fast-tests / event_eth_tx_adapter_autotest OK 0.89 s 98/105 DPDK:fast-tests / bitratestats_autotest OK 0.29 s 99/105 DPDK:fast-tests / latencystats_autotest OK 0.17 s 100/105 DPDK:fast-tests / pdump_autotest OK 5.27 s 101/105 DPDK:fast-tests / vdev_autotest OK 0.17 s 102/105 DPDK:fast-tests / bpf_autotest OK 0.35 s 103/105 DPDK:fast-tests / bpf_convert_autotest OK 0.25 s 104/105 DPDK:fast-tests / compressdev_autotest SKIP 0.30 s 105/105 DPDK:fast-tests / telemetry_all OK 15.03 s Ok: 96 Expected Fail: 0 Fail: 1 Unexpected Pass: 0 Skipped: 8 Timeout: 0 Full log written to /root/workspace/Generic-Unit-Test-DPDK/dpdk/build/meson-logs/testlog.txt Test log output from the failed test table_autotest: Sorry, we were not able to find the logs for this test. Download the log output from the CI site for this test run. ==== End log output ==== Red Hat Enterprise Linux 8.10 Kernel: 5.15 Compiler: gcc gcc (GCC) 8.5.0 20210514 (Red Hat 8.5.0-22) Fedora Linux 42 Kernel: 5.15 Compiler: gcc gcc (GCC) 15.2.1 20250808 (Red Hat 15.2.1-1) Ubuntu 22.04 Kernel: 5.15 Compiler: gcc gcc (Ubuntu 11.4.0-1ubuntu1~22.04) 11.4.0 CentOS Stream 9 Kernel: 5.15 Compiler: gcc gcc (GCC) 11.5.0 20240719 (Red Hat 11.5.0-11) Debian GNU/Linux 12 Kernel: 5.15 Compiler: gcc gcc (Debian 12.2.0-14+deb12u1) 12.2.0 Ubuntu 24.04 Kernel: 5.15 Compiler: gcc gcc (Ubuntu 13.3.0-6ubuntu2~24.04) 13.3.0 Fedora Linux 40 Kernel: 5.15 Compiler: gcc gcc (GCC) 14.2.1 20240912 (Red Hat 14.2.1-3) Fedora Linux 41 Kernel: 5.15 Compiler: gcc gcc (GCC) 14.3.1 20250523 (Red Hat 14.3.1-1) Ubuntu 20.04 Kernel: 5.15 Compiler: gcc gcc (Ubuntu 9.4.0-1ubuntu1~20.04.2) 9.4.0 Red Hat Enterprise Linux 9.5 Kernel: 5.15 Compiler: gcc gcc (GCC) 11.5.0 20240719 (Red Hat 11.5.0-2) CentOS Stream 10 Kernel: 5.15 Compiler: gcc gcc (GCC) 14.2.1 20250110 (Red Hat 14.2.1-8) Windows Server 2022 Kernel: 10.0.20348.2031 Compiler: clang 15.0.7, gcc 14.1.0 (MinGW), and MSVC VS 19.39.33521 To view detailed results, visit: https://lab.dpdk.org/results/dashboard/tarballs/35194/ UNH-IOL DPDK Community Lab To manage your email subscriptions, visit: https://lab.dpdk.org/results/dashboard/preferences/subscriptions/