From mboxrd@z Thu Jan 1 00:00:00 1970 Return-Path: Received: from mails.dpdk.org (mails.dpdk.org [217.70.189.124]) by inbox.dpdk.org (Postfix) with ESMTP id 0C3944892E for ; Tue, 14 Oct 2025 07:13:10 +0200 (CEST) Received: from mails.dpdk.org (localhost [127.0.0.1]) by mails.dpdk.org (Postfix) with ESMTP id DF7C040288; Tue, 14 Oct 2025 07:13:09 +0200 (CEST) Received: from mail-pj1-f98.google.com (mail-pj1-f98.google.com [209.85.216.98]) by mails.dpdk.org (Postfix) with ESMTP id B2F1840288 for ; Tue, 14 Oct 2025 07:13:08 +0200 (CEST) Received: by mail-pj1-f98.google.com with SMTP id 98e67ed59e1d1-33255011eafso5198243a91.1 for ; Mon, 13 Oct 2025 22:13:08 -0700 (PDT) DKIM-Signature: v=1; a=rsa-sha256; c=relaxed/relaxed; d=iol.unh.edu; s=unh-iol; t=1760418788; x=1761023588; darn=dpdk.org; h=cc:to:from:subject:message-id:date:from:to:cc:subject:date :message-id:reply-to; bh=Y1UiCVpCVuR+tLLLRs5ydmi0soo+o3L+7ctducZZJxU=; b=KsM+KRBDQSNgQXOdeLOBmEJ2AZGATvFyBy+4G7S2zY4VjAdDH0mn+kpVW24pINJnTh E3dqnK03rT47jC4EWArjcSeJLEpkY4uWazz7mfgll5D5A3vEaZbJy5/eMn1q5cAPol8+ 8v+dxHB0bFbp9GvIQI0Zg5siUU9E+YENoVYB0= X-Google-DKIM-Signature: v=1; a=rsa-sha256; c=relaxed/relaxed; d=1e100.net; s=20230601; t=1760418788; x=1761023588; h=cc:to:from:subject:message-id:date:x-gm-message-state:from:to:cc :subject:date:message-id:reply-to; bh=Y1UiCVpCVuR+tLLLRs5ydmi0soo+o3L+7ctducZZJxU=; b=kgj2/SOixMi98o6iPZtPmrPU2CfjRjQfdkBAzeEFrnU4p6wY0W4FThdNwyY7LaYsmx TEPEQFEMyi2LXOuzc1rEgyvQE5qZeyk2aQ4+uS+GPmeunnQsxPhH6170GLGUSW/HZW5m mzIvG24eRigkuZ4kEiMOSB88mDCG5HCV+5EsNthJ9vSj87lkqHyLkLuGHtiQO9Wvw3h1 uLTXObgS0YWcK9WP0Ab5Pp+wBW8R/0V3h2mpkoXyFvnTsjgxptdJDoKft9FUkylmzfDr /KWdbiLfXyWGz2EhbGvcfNTjo4Ud2DCNFb3P048xrjGqnaZqdheJuXU521ovgtbcqWBZ UzDQ== X-Gm-Message-State: AOJu0YyhXT8ZuSEehzElRUMDm/aBqivFl9hXtYAeQbgYyAnTHcNgf/o3 KdF0EdpD9SFBcNakW9Or4r2iJCAJXHM5ZDm8LT++g+9PyvZh/NFsjN9p3l0Uch60ZilLxwrL4r7 ivV9NjyqnkSxvzKilYr4G4maUvwq48GRNZyBd X-Gm-Gg: ASbGncu+mxvcnD7DuBOxQpUrDM1G9aB+F1u1b6oUi1JqwAtZHUyVOZmcHI+8r/Sh1tn ENODmshg/CZ5Vnj6tNaII+aBFhv4j8izwB6nS3yKI3K1GiwJQuYsAzVBpBV6pvtkx5g3gMu0qd/ SD3sbMgoXV7ynjQjZJGJFD+ilF8ZFfsQAfm0o0fiALG76/sg5jwZypQIf+DJRgtrDvvjCzK4yQM /Wwl0HaZb5RyOeXxuP721skcazTfSReWwQHvN7WdrbuQ38Dhss9D+qlrINrO+mT5zcEqMJx8G6T M/KsgIGP6/J7HO5u8b7p6SlJFGDDo1MQXCLek3O/SQAW6i9uh2hai+sMTm8BGXfFj5PlzdYE X-Google-Smtp-Source: AGHT+IF5tVohEShAQXbW3DZ1YPpruV314m9+WXurPcXteunLSAep0MQBeAjBKPXj4IUp5y954mlk68UqFzio X-Received: by 2002:a17:90b:1b4c:b0:327:9e88:7714 with SMTP id 98e67ed59e1d1-33b513ebf89mr33576358a91.37.1760418787733; Mon, 13 Oct 2025 22:13:07 -0700 (PDT) Received: from postal.iol.unh.edu (postal.iol.unh.edu. [132.177.123.84]) by smtp-relay.gmail.com with ESMTPS id 98e67ed59e1d1-33b8ac44003sm150450a91.2.2025.10.13.22.13.07 (version=TLS1_2 cipher=ECDHE-ECDSA-AES128-GCM-SHA256 bits=128/128); Mon, 13 Oct 2025 22:13:07 -0700 (PDT) X-Relaying-Domain: iol.unh.edu Date: Mon, 13 Oct 2025 22:13:07 -0700 (PDT) Message-ID: <68eddbe3.170a0220.1c28f8.7bafSMTPIN_ADDED_MISSING@mx.google.com> Received: from [172.21.0.2] (unknown [172.18.0.240]) by postal.iol.unh.edu (Postfix) with ESMTP id 9BA256051830; Tue, 14 Oct 2025 01:13:06 -0400 (EDT) Subject: |FAILURE| [GIT MASTER] 62f583c49bf67dd4d6733ece14e55fe6839e66d1 From: dpdklab@iol.unh.edu To: Test Report Cc: dpdk-test-reports@iol.unh.edu, Xueming Li , Christian Ehrhardt , Kevin Traynor , Luca Boccassi Content-Type: text/plain X-BeenThere: test-report@dpdk.org X-Mailman-Version: 2.1.29 Precedence: list List-Id: automatic DPDK test reports List-Unsubscribe: , List-Archive: List-Post: List-Help: List-Subscribe: , Errors-To: test-report-bounces@dpdk.org _Testing issues_ Branch: tags/v23.11 62f583c49bf67dd4d6733ece14e55fe6839e66d1 --> testing issues Upstream job id: Generic-Unit-Test-DPDK#380965 Test environment and result as below: +------------------------------+----------------+---------------------------+--------------+------------------------------+ | Environment | dpdk_unit_test | cryptodev_sw_zuc_autotest | lpm_autotest | cryptodev_sw_snow3g_autotest | +==============================+================+===========================+==============+==============================+ | CentOS Stream 9 | PASS | SKIPPED | SKIPPED | SKIPPED | +------------------------------+----------------+---------------------------+--------------+------------------------------+ | Debian GNU/Linux 12 | PASS | SKIPPED | SKIPPED | SKIPPED | +------------------------------+----------------+---------------------------+--------------+------------------------------+ | CentOS Stream 10 | PASS | SKIPPED | SKIPPED | SKIPPED | +------------------------------+----------------+---------------------------+--------------+------------------------------+ | Fedora Linux 40 | PEND | SKIPPED | SKIPPED | SKIPPED | +------------------------------+----------------+---------------------------+--------------+------------------------------+ | Ubuntu 20.04 | PASS | SKIPPED | PEND | SKIPPED | +------------------------------+----------------+---------------------------+--------------+------------------------------+ | Red Hat Enterprise Linux 9.5 | PASS | SKIPPED | SKIPPED | SKIPPED | +------------------------------+----------------+---------------------------+--------------+------------------------------+ | Fedora Linux 41 | PASS | SKIPPED | SKIPPED | SKIPPED | +------------------------------+----------------+---------------------------+--------------+------------------------------+ | Ubuntu 22.04 | PASS | SKIPPED | SKIPPED | SKIPPED | +------------------------------+----------------+---------------------------+--------------+------------------------------+ | Fedora Linux 42 | PEND | SKIPPED | SKIPPED | SKIPPED | +------------------------------+----------------+---------------------------+--------------+------------------------------+ | Ubuntu 24.04 | PEND | SKIPPED | SKIPPED | SKIPPED | +------------------------------+----------------+---------------------------+--------------+------------------------------+ | Debian 12 (arm) | SKIPPED | PEND | SKIPPED | PEND | +------------------------------+----------------+---------------------------+--------------+------------------------------+ CentOS Stream 9 Kernel: 5.4 Compiler: gcc gcc (GCC) 11.5.0 20240719 (Red Hat 11.5.0-11) Debian GNU/Linux 12 Kernel: 5.4 Compiler: gcc gcc (Debian 12.2.0-14+deb12u1) 12.2.0 CentOS Stream 10 Kernel: 5.4 Compiler: gcc gcc (GCC) 14.2.1 20250110 (Red Hat 14.2.1-8) Fedora Linux 40 Kernel: 5.4 Compiler: clang gcc (GCC) 14.2.1 20240912 (Red Hat 14.2.1-3) Ubuntu 20.04 Kernel: 5.4 Compiler: gcc gcc (Ubuntu 9.4.0-1ubuntu1~20.04.2) 9.4.0 Red Hat Enterprise Linux 9.5 Kernel: 5.4 Compiler: gcc gcc (GCC) 11.5.0 20240719 (Red Hat 11.5.0-2) Fedora Linux 41 Kernel: 5.4 Compiler: clang gcc (GCC) 14.3.1 20250523 (Red Hat 14.3.1-1) Ubuntu 22.04 Kernel: 5.4 Compiler: gcc gcc (Ubuntu 11.4.0-1ubuntu1~22.04) 11.4.0 Fedora Linux 42 Kernel: 5.4 Compiler: gcc gcc (GCC) 15.2.1 20250808 (Red Hat 15.2.1-1) Ubuntu 24.04 Kernel: 5.4 Compiler: gcc gcc (Ubuntu 13.3.0-6ubuntu2~24.04) 13.3.0 Debian 12 (arm) Kernel: Depends on container host Compiler: gcc (Debian 12.2.0-14) 12.2.0 To view detailed results, visit: https://lab.dpdk.org/results/dashboard/tarballs/35192/ UNH-IOL DPDK Community Lab To manage your email subscriptions, visit: https://lab.dpdk.org/results/dashboard/preferences/subscriptions/