From mboxrd@z Thu Jan 1 00:00:00 1970 Return-Path: Received: from mails.dpdk.org (mails.dpdk.org [217.70.189.124]) by inbox.dpdk.org (Postfix) with ESMTP id 273BC4892E for ; Tue, 14 Oct 2025 07:34:41 +0200 (CEST) Received: from mails.dpdk.org (localhost [127.0.0.1]) by mails.dpdk.org (Postfix) with ESMTP id 2137C40288; Tue, 14 Oct 2025 07:34:41 +0200 (CEST) Received: from mail-pl1-f226.google.com (mail-pl1-f226.google.com [209.85.214.226]) by mails.dpdk.org (Postfix) with ESMTP id DF0C040288 for ; Tue, 14 Oct 2025 07:34:39 +0200 (CEST) Received: by mail-pl1-f226.google.com with SMTP id d9443c01a7336-27d4d6b7ab5so68121425ad.2 for ; Mon, 13 Oct 2025 22:34:39 -0700 (PDT) DKIM-Signature: v=1; a=rsa-sha256; c=relaxed/relaxed; d=iol.unh.edu; s=unh-iol; t=1760420079; x=1761024879; darn=dpdk.org; h=cc:to:from:subject:message-id:date:from:to:cc:subject:date :message-id:reply-to; bh=vB2fFc3fxLYkUIOLbaMGdhA2DriuEgJAWokclRRauUE=; b=BgJ1N/un2cX2xd8eXrU2pCOCJiXM8FV0mWFTchHPF4KEyh5Q5QcM+mmD9pCEmmqHTt 2t6LoR+Eex7Q7dEFTyuC9QQDHVVR52YTOXUSh4lftXLPCCOnOCO/1eR7yf4HRJFo/TV7 Tkg7wp5eywSmgBN/K2iSdr32v+IYzXM/MWxtc= X-Google-DKIM-Signature: v=1; a=rsa-sha256; c=relaxed/relaxed; d=1e100.net; s=20230601; t=1760420079; x=1761024879; h=cc:to:from:subject:message-id:date:x-gm-message-state:from:to:cc :subject:date:message-id:reply-to; bh=vB2fFc3fxLYkUIOLbaMGdhA2DriuEgJAWokclRRauUE=; b=Dpg7zPf/k8vmBZRDArfyo+FNuJbMWpuX+nqv4ykz9U0k5llMSmsnwCHYHgKSDA7E0b GQiUeIlxn1b6tbEUifuhW4+11pdVPVGY3MKKGBPPBj7WkMsXKxvrEaE+zyZFUNVcSu+u aScowrqf/pbyf4wOl6sjp+whcXc2iEP8E6VJ1R3a4p0KdXY/i1XV/LVgBDrDipkUtECp Hykj7qjjFqn10dnWruxwLzsw2/x1IUTtKHTHSCifyiJaR9XYTFW8nzjaKDuMjsldy1g0 ASdzbn73L9nGepfmN2F9vllj+jBD+kCZwARaOOQ2W7a0Dy32BAiVpHOGMBE8vScybP8T un7w== X-Gm-Message-State: AOJu0YwLYxIF9SONTx2O3TCqZnLDsPEQs5xP8TLTgxVJPqvEkC3NLn6A 11Bhoy14VrhdbZVDnoGunAKeKBrz8XIAnXpsoHNe9QQfwOcpRHju3/C86aLYdrkWGwqB6cdxJXi se9x95+3ElJcEC8btvj/GCAbYFsU4cbbYjPbJ X-Gm-Gg: ASbGnctuIClwBf15mZfJSGK8UqqEv04o+UIHl/+k7Mds03eVRwEAqnEe9O6PH9XxB91 SFVbbPdM+/NGZftpL06ohSmDmaUcAe2BqCzRbmQvvkYvEbk9pnasahsjhNQeex3nawM7BrT1Ti0 nAsqzG5t3c5t/fyAPyL2Zhuen1fXMSvlnCWN6EnicjOJZ8ro5TFbabcGZbcRs2uSr64gJVdaG+R 1SnEcHiaYddUCew6u7QAiA5/ZW/zNl6pq1oBq8mt+jZNQbdAwdISlYa6CjoC9i74OcdPn+nhAKC 374YaxJHyFE93eKGtY+PNkuQeB3yVijb6kBonHPOeIZrj3Cf696vb0aGYPmIfZmH/IGglUFd X-Google-Smtp-Source: AGHT+IFunkYSVhJx/h7b9LtnJ6gP24X4TsEuDUlHWdNcLWULtaBMrEhknkvwV4q4QcZjTIbGfWuKy+8kZ9ZN X-Received: by 2002:a17:902:e5c5:b0:264:f3ed:ee10 with SMTP id d9443c01a7336-290272157b5mr336207925ad.11.1760420079089; Mon, 13 Oct 2025 22:34:39 -0700 (PDT) Received: from postal.iol.unh.edu (postal.iol.unh.edu. [132.177.123.84]) by smtp-relay.gmail.com with ESMTPS id 41be03b00d2f7-b67b382d88csm498901a12.2.2025.10.13.22.34.38 (version=TLS1_2 cipher=ECDHE-ECDSA-AES128-GCM-SHA256 bits=128/128); Mon, 13 Oct 2025 22:34:39 -0700 (PDT) X-Relaying-Domain: iol.unh.edu Date: Mon, 13 Oct 2025 22:34:39 -0700 (PDT) Message-ID: <68ede0ef.050a0220.39183a.7ff4SMTPIN_ADDED_MISSING@mx.google.com> Received: from [172.21.0.2] (unknown [172.18.0.240]) by postal.iol.unh.edu (Postfix) with ESMTP id 5DEFB6051830; Tue, 14 Oct 2025 01:34:38 -0400 (EDT) Subject: |FAILURE| [GIT MASTER] 62f583c49bf67dd4d6733ece14e55fe6839e66d1 From: dpdklab@iol.unh.edu To: Test Report Cc: dpdk-test-reports@iol.unh.edu, Xueming Li , Christian Ehrhardt , Kevin Traynor , Luca Boccassi Content-Type: text/plain X-BeenThere: test-report@dpdk.org X-Mailman-Version: 2.1.29 Precedence: list List-Id: automatic DPDK test reports List-Unsubscribe: , List-Archive: List-Post: List-Help: List-Subscribe: , Errors-To: test-report-bounces@dpdk.org _Testing issues_ Branch: tags/v23.11 62f583c49bf67dd4d6733ece14e55fe6839e66d1 --> testing issues Upstream job id: Generic-Unit-Test-DPDK#380966 Test environment and result as below: +-------------------------------+----------------+ | Environment | dpdk_unit_test | +===============================+================+ | Debian GNU/Linux 12 | PASS | +-------------------------------+----------------+ | CentOS Stream 10 | PASS | +-------------------------------+----------------+ | Fedora Linux 40 | PASS | +-------------------------------+----------------+ | Fedora Linux 41 | PASS | +-------------------------------+----------------+ | Ubuntu 20.04 | PASS | +-------------------------------+----------------+ | Fedora Linux 42 | PASS | +-------------------------------+----------------+ | CentOS Stream 9 | PASS | +-------------------------------+----------------+ | Red Hat Enterprise Linux 8.10 | PASS | +-------------------------------+----------------+ | Ubuntu 22.04 | PASS | +-------------------------------+----------------+ | Red Hat Enterprise Linux 9.5 | PASS | +-------------------------------+----------------+ | Ubuntu 24.04 | PASS | +-------------------------------+----------------+ | Windows Server 2022 | FAIL | +-------------------------------+----------------+ ==== Unit test summary for Windows Server 2022 (dpdk_unit_test): ==== Failed to get the unit test results. Displaying the unit test results is not supported for some environments, such as our aarch32 testing, where meson is not used to run the tests. Download the logs available on our CI site. ==== End log output ==== Debian GNU/Linux 12 Kernel: 5.15 Compiler: gcc gcc (Debian 12.2.0-14+deb12u1) 12.2.0 CentOS Stream 10 Kernel: 5.15 Compiler: gcc gcc (GCC) 14.2.1 20250110 (Red Hat 14.2.1-8) Fedora Linux 40 Kernel: 5.15 Compiler: clang gcc (GCC) 14.2.1 20240912 (Red Hat 14.2.1-3) Fedora Linux 41 Kernel: 5.15 Compiler: gcc gcc (GCC) 14.3.1 20250523 (Red Hat 14.3.1-1) Ubuntu 20.04 Kernel: 5.15 Compiler: gcc gcc (Ubuntu 9.4.0-1ubuntu1~20.04.2) 9.4.0 Fedora Linux 42 Kernel: 5.15 Compiler: gcc gcc (GCC) 15.2.1 20250808 (Red Hat 15.2.1-1) CentOS Stream 9 Kernel: 5.15 Compiler: gcc gcc (GCC) 11.5.0 20240719 (Red Hat 11.5.0-11) Red Hat Enterprise Linux 8.10 Kernel: 5.15 Compiler: gcc gcc (GCC) 8.5.0 20210514 (Red Hat 8.5.0-22) Ubuntu 22.04 Kernel: 5.15 Compiler: gcc gcc (Ubuntu 11.4.0-1ubuntu1~22.04) 11.4.0 Red Hat Enterprise Linux 9.5 Kernel: 5.15 Compiler: gcc gcc (GCC) 11.5.0 20240719 (Red Hat 11.5.0-2) Ubuntu 24.04 Kernel: 5.15 Compiler: gcc gcc (Ubuntu 13.3.0-6ubuntu2~24.04) 13.3.0 Windows Server 2022 Kernel: 10.0.20348.2031 Compiler: clang 15.0.7, gcc 14.1.0 (MinGW), and MSVC VS 19.39.33521 To view detailed results, visit: https://lab.dpdk.org/results/dashboard/tarballs/35192/ UNH-IOL DPDK Community Lab To manage your email subscriptions, visit: https://lab.dpdk.org/results/dashboard/preferences/subscriptions/