From mboxrd@z Thu Jan 1 00:00:00 1970 Return-Path: Received: from mails.dpdk.org (mails.dpdk.org [217.70.189.124]) by inbox.dpdk.org (Postfix) with ESMTP id 9451248933 for ; Tue, 14 Oct 2025 10:27:07 +0200 (CEST) Received: from mails.dpdk.org (localhost [127.0.0.1]) by mails.dpdk.org (Postfix) with ESMTP id 90DA440288; Tue, 14 Oct 2025 10:27:07 +0200 (CEST) Received: from mail-io1-f100.google.com (mail-io1-f100.google.com [209.85.166.100]) by mails.dpdk.org (Postfix) with ESMTP id 1B17340288 for ; Tue, 14 Oct 2025 10:27:06 +0200 (CEST) Received: by mail-io1-f100.google.com with SMTP id ca18e2360f4ac-93bccd4901aso512881939f.2 for ; Tue, 14 Oct 2025 01:27:06 -0700 (PDT) DKIM-Signature: v=1; a=rsa-sha256; c=relaxed/relaxed; d=iol.unh.edu; s=unh-iol; t=1760430425; x=1761035225; darn=dpdk.org; h=cc:to:from:subject:message-id:date:from:to:cc:subject:date :message-id:reply-to; bh=gtUXNYwrQIci7JOoZCThAlkq5cOjipMkgDAQg9/sdgE=; b=jAdE7Z8DGqxKhUaUDWUcwWBLVtX2AdragD9C8PeOy94byT05BjiBzRCtFyAS+V8wrC Xt3zz7vq+ycMZMVV8CCWf34wJGaBmO8KhqrXc51E1DESEPh1t/EfoTDeIHPt3wI/A3tM 0ml86Y+VR9q8DLLWgpj4FKS1q01OGRSXmH8Hs= X-Google-DKIM-Signature: v=1; a=rsa-sha256; c=relaxed/relaxed; d=1e100.net; s=20230601; t=1760430425; x=1761035225; h=cc:to:from:subject:message-id:date:x-gm-message-state:from:to:cc :subject:date:message-id:reply-to; bh=gtUXNYwrQIci7JOoZCThAlkq5cOjipMkgDAQg9/sdgE=; b=OTAT2aGA70oWsnWH5u/B2NbQHeuiqElW06NI+si00hy3F2EEjEwCckZ3a6Jw4q7i2A h87qlV4RGW87nEaAY09/WNZLjdwA7yjz+dIpwBBPLUHTtlXX3/EW6d+BbHkmGI4fjUbD OO67MYlloD+YlkySydHf9JiBI0rTHeznOBZuN2oqEfib/vtd/L9zgsK8knhErBYr1J7t yUJYy0W+nPkOoXM6R5+EDrMqifAz0S83Ngk1Nuky8Ju07/Ey6aDaxeMobY5+Nppfe+Qx BRYNGENKTZKSXPVEfLIXvpG9HOEhDW2XZSkDdXMsxef/hefhoZDEviApW4e6whZ165gD RXsA== X-Gm-Message-State: AOJu0YyuTxLZ0APynvL5Py9ugPbdtHcKFLBuB+VuqKXC8TJyUqjmGgvY DszrFoGPpoJ3ZTnnBm4PH9qBZb4JHjbtlp+nGA3qwDNnyI4oBkMJdRWvVCgkk7QG7epK5bcJG0l BLZ6LGPtkmAtxVsQtOCV/nqKH3J4dXahqYgOQlv4uU3oSLUiQ5thq X-Gm-Gg: ASbGnctZ/qwdSYuArXJ01Aqxq+TRwMWBHcMNu+cPoEF9Si181+n2N/ziAUH0WfY0YSU htyx/PpmIvDtrGbkecPo8GCkdVbXZ6ssN7kUXtdwH+b6DwjW1BlrRYS/kkzaJbSYfkDgf/HFAYh IIUXppJmr0Bwg0+MbCO8VStwd5v3e5jO4ktNZEhDghV49ToB0D8ngZ9TVAzUQ6PlsnxWdmGkzat nTTwZRAAXrZXnJhCiRUJt8L2bsBb3fwbWB/AzrCW//lYY04EaakGDGE4ZqHbScXWOl1vBPNwaxU yWGB6++yjN1uGc7/vpmf1uOW/zDt3Dg5o727Py/eE2FEOGpI6w== X-Google-Smtp-Source: AGHT+IF9GowpClvdU+cbBwSOD6xapJSI5Ibh73QyCflo3qKY+s5SNCysDQk6PVUoN03naX2oIVaPMTwyg46s X-Received: by 2002:a05:6602:1490:b0:8dd:d9c5:140d with SMTP id ca18e2360f4ac-93bd193c6b1mr2744043439f.12.1760430425451; Tue, 14 Oct 2025 01:27:05 -0700 (PDT) Received: from postal.iol.unh.edu (postal.iol.unh.edu. [2606:4100:3880:1234::84]) by smtp-relay.gmail.com with ESMTPS id ca18e2360f4ac-93e25950898sm76417539f.5.2025.10.14.01.27.05 (version=TLS1_2 cipher=ECDHE-ECDSA-AES128-GCM-SHA256 bits=128/128); Tue, 14 Oct 2025 01:27:05 -0700 (PDT) X-Relaying-Domain: iol.unh.edu Date: Tue, 14 Oct 2025 01:27:05 -0700 (PDT) Message-ID: <68ee0959.5e0a0220.207411.5f2aSMTPIN_ADDED_MISSING@mx.google.com> Received: from [172.21.0.4] (unknown [172.18.0.240]) by postal.iol.unh.edu (Postfix) with ESMTP id E57216051830; Tue, 14 Oct 2025 04:27:04 -0400 (EDT) Subject: |FAILURE| [GIT MASTER] 62f583c49bf67dd4d6733ece14e55fe6839e66d1 From: dpdklab@iol.unh.edu To: Test Report Cc: dpdk-test-reports@iol.unh.edu, Xueming Li , Christian Ehrhardt , Kevin Traynor , Luca Boccassi Content-Type: text/plain X-BeenThere: test-report@dpdk.org X-Mailman-Version: 2.1.29 Precedence: list List-Id: automatic DPDK test reports List-Unsubscribe: , List-Archive: List-Post: List-Help: List-Subscribe: , Errors-To: test-report-bounces@dpdk.org _Testing issues_ Branch: tags/v23.11 62f583c49bf67dd4d6733ece14e55fe6839e66d1 --> testing issues Upstream job id: Generic-DPDK-Compile-Meson#433858 Test environment and result as below: +------------------------------+--------------------+ | Environment | dpdk_meson_compile | +==============================+====================+ | CentOS Stream 10 | PASS | +------------------------------+--------------------+ | Red Hat Enterprise Linux 9.5 | PASS | +------------------------------+--------------------+ | Fedora Linux 42 | PASS | +------------------------------+--------------------+ | Debian GNU/Linux 12 | PASS | +------------------------------+--------------------+ | Ubuntu 20.04 | PASS | +------------------------------+--------------------+ | Ubuntu 22.04 | PASS | +------------------------------+--------------------+ | Ubuntu 24.04 | PASS | +------------------------------+--------------------+ | CentOS Stream 9 | PASS | +------------------------------+--------------------+ CentOS Stream 10 Kernel: 5.4 Compiler: gcc gcc (GCC) 14.2.1 20250110 (Red Hat 14.2.1-8) Red Hat Enterprise Linux 9.5 Kernel: 5.4 Compiler: gcc gcc (GCC) 11.5.0 20240719 (Red Hat 11.5.0-2) Fedora Linux 42 Kernel: 5.4 Compiler: gcc gcc (GCC) 15.2.1 20250808 (Red Hat 15.2.1-1) Debian GNU/Linux 12 Kernel: 5.4 Compiler: gcc gcc (Debian 12.2.0-14+deb12u1) 12.2.0 Ubuntu 20.04 Kernel: 5.15 Compiler: aarch64-linux-gnu-gcc gcc (Ubuntu 9.4.0-1ubuntu1~20.04.2) 9.4.0 Ubuntu 22.04 Kernel: 5.4 Compiler: gcc gcc (Ubuntu 11.4.0-1ubuntu1~22.04) 11.4.0 Ubuntu 24.04 Kernel: 5.4 Compiler: gcc gcc (Ubuntu 13.3.0-6ubuntu2~24.04) 13.3.0 CentOS Stream 9 Kernel: 5.4 Compiler: gcc gcc (GCC) 11.5.0 20240719 (Red Hat 11.5.0-11) To view detailed results, visit: https://lab.dpdk.org/results/dashboard/tarballs/35192/ UNH-IOL DPDK Community Lab To manage your email subscriptions, visit: https://lab.dpdk.org/results/dashboard/preferences/subscriptions/