From mboxrd@z Thu Jan 1 00:00:00 1970 Return-Path: Received: from mails.dpdk.org (mails.dpdk.org [217.70.189.124]) by inbox.dpdk.org (Postfix) with ESMTP id A6F8648933 for ; Tue, 14 Oct 2025 10:27:36 +0200 (CEST) Received: from mails.dpdk.org (localhost [127.0.0.1]) by mails.dpdk.org (Postfix) with ESMTP id A37AF40288; Tue, 14 Oct 2025 10:27:36 +0200 (CEST) Received: from mail-pl1-f226.google.com (mail-pl1-f226.google.com [209.85.214.226]) by mails.dpdk.org (Postfix) with ESMTP id 9663C40288 for ; Tue, 14 Oct 2025 10:27:35 +0200 (CEST) Received: by mail-pl1-f226.google.com with SMTP id d9443c01a7336-28e7cd34047so39403865ad.2 for ; Tue, 14 Oct 2025 01:27:35 -0700 (PDT) DKIM-Signature: v=1; a=rsa-sha256; c=relaxed/relaxed; d=iol.unh.edu; s=unh-iol; t=1760430455; x=1761035255; darn=dpdk.org; h=cc:to:from:subject:message-id:date:from:to:cc:subject:date :message-id:reply-to; bh=PD4OSC3+i5/ARPJPOeKkB5sh0qdiDHSmvIcYziVm5Us=; b=IYa+rdoIajzKTpcd5/afLQwIwCwFy3jRxkXz3J2QFpfjUlsvCAMHzwrbzJ2W0d1BFX W41/dNspa6CVYH9LoX0dbahp9tdC+WMZO9x4/nkz9he9zrnEAaML935L1+uBzyaleA+c RqEQgIUrLIcghYf41lyTIHokvGcZu8OvdwCis= X-Google-DKIM-Signature: v=1; a=rsa-sha256; c=relaxed/relaxed; d=1e100.net; s=20230601; t=1760430455; x=1761035255; h=cc:to:from:subject:message-id:date:x-gm-message-state:from:to:cc :subject:date:message-id:reply-to; bh=PD4OSC3+i5/ARPJPOeKkB5sh0qdiDHSmvIcYziVm5Us=; b=ZHGPzsnnVfy5uZPRO+ZvB2jM7tiZ9PD9G3gyKjOelSFOYhZc8+lZL/iBldunco9N2f IHlKs18zAmsuceK96ErbmQSDi2HWNIqsUTyRCopvYOJD8gAuUr9JlA4SuHIuq7ahqMoj 6NYLRMD8c9xc5Y4z73bvO7GZX+CFkk/M2LJYQBxuqaB+lPIH2bz5YQlXqc+W3APtFVmN CAWdUtL8VlmaIi2W2rY+7XGBjiy6dLOxhe836BCdZtWVlkQFUxs4BoW1rRF701MfrU/1 n17S0QBpPja495apT57BJD/lsRr1hArV+3BetdTLmRj3OxiMOhUqBnZJVt23thmLbo5i XR7w== X-Gm-Message-State: AOJu0YwFjOBvJjWriJlvhMgrcbPZMDsJCoZWXljG9NxOqCtZMYSe0FQ6 puAASy/jR/1nD69pa1qXxMSqbP/6hEL6Bg1pMIlXyPtsePAS+/QXHrhJdZ++RSlp0N79ub/xpxF u+6CYRFP4T/GsuSm5Nu+ftr5hR9zcXCFVKZsT X-Gm-Gg: ASbGncv3xwYr2m0zau5nPTLz9TuLTI1fivhtujRcEOZ5Bo0JiLqeqApC3lUv8feYXIm JBKxVKxSEHQWPeqzVbNVqX4nb4T+Fae7kaKBK9vzl2rKhzYc4F1xxXsEIrrhzms3LS6oFydKH4S 3XJ7k/eUVamvdJGR4EToY1L9TkpxmOpo9+OJOStqGW9+11jj2BmNwbFswNPeCa2o5z4t3P3+Eoo WfVZHQtPLNSsEY5zwoWNi3d6qSA9i5i7v+SmU58+51cs0/hw+RR5vPbu/tKB1uQxDn7bqi4Y+H5 qG0tya6FPlKE8GUeB7QDec/tTqevrNheIy2AMldBfC0cXUDaVayXUK8+3H6mYLGj0wDn7+6N X-Google-Smtp-Source: AGHT+IFvUbxXwAaBM+eXqjmuFCV4zgbtBPID8Y/yLpwWRTn7YJrHjDDwv3pITpZkCNRgeZJCT6HccZuhyWEc X-Received: by 2002:a17:902:f64a:b0:25d:885:5b6b with SMTP id d9443c01a7336-290272ff279mr267153175ad.58.1760430454632; Tue, 14 Oct 2025 01:27:34 -0700 (PDT) Received: from postal.iol.unh.edu (postal.iol.unh.edu. [132.177.123.84]) by smtp-relay.gmail.com with ESMTPS id d9443c01a7336-29078941b97sm1661035ad.20.2025.10.14.01.27.34 (version=TLS1_2 cipher=ECDHE-ECDSA-AES128-GCM-SHA256 bits=128/128); Tue, 14 Oct 2025 01:27:34 -0700 (PDT) X-Relaying-Domain: iol.unh.edu Date: Tue, 14 Oct 2025 01:27:34 -0700 (PDT) Message-ID: <68ee0976.170a0220.151f67.86a4SMTPIN_ADDED_MISSING@mx.google.com> Received: from [172.21.0.6] (unknown [172.18.0.240]) by postal.iol.unh.edu (Postfix) with ESMTP id D12256051830; Tue, 14 Oct 2025 04:27:33 -0400 (EDT) Subject: |FAILURE| [GIT MASTER] 62f583c49bf67dd4d6733ece14e55fe6839e66d1 From: dpdklab@iol.unh.edu To: Test Report Cc: dpdk-test-reports@iol.unh.edu, Xueming Li , Christian Ehrhardt , Kevin Traynor , Luca Boccassi Content-Type: text/plain X-BeenThere: test-report@dpdk.org X-Mailman-Version: 2.1.29 Precedence: list List-Id: automatic DPDK test reports List-Unsubscribe: , List-Archive: List-Post: List-Help: List-Subscribe: , Errors-To: test-report-bounces@dpdk.org _Testing issues_ Branch: tags/v23.11 62f583c49bf67dd4d6733ece14e55fe6839e66d1 --> testing issues Upstream job id: Generic-DPDK-Compile-Meson#433857 Test environment and result as below: +------------------------------+--------------------+ | Environment | dpdk_meson_compile | +==============================+====================+ | CentOS Stream 10 | PASS | +------------------------------+--------------------+ | Red Hat Enterprise Linux 9.5 | PASS | +------------------------------+--------------------+ | Fedora Linux 42 | PASS | +------------------------------+--------------------+ | Debian GNU/Linux 12 | PASS | +------------------------------+--------------------+ | Ubuntu 20.04 | PASS | +------------------------------+--------------------+ | Ubuntu 22.04 | PASS | +------------------------------+--------------------+ | Ubuntu 24.04 | PASS | +------------------------------+--------------------+ | CentOS Stream 9 | PASS | +------------------------------+--------------------+ CentOS Stream 10 Kernel: 5.4 Compiler: gcc gcc (GCC) 14.2.1 20250110 (Red Hat 14.2.1-8) Red Hat Enterprise Linux 9.5 Kernel: 5.4 Compiler: gcc gcc (GCC) 11.5.0 20240719 (Red Hat 11.5.0-2) Fedora Linux 42 Kernel: 5.4 Compiler: gcc gcc (GCC) 15.2.1 20250808 (Red Hat 15.2.1-1) Debian GNU/Linux 12 Kernel: 5.4 Compiler: gcc gcc (Debian 12.2.0-14+deb12u1) 12.2.0 Ubuntu 20.04 Kernel: 5.15 Compiler: aarch64-linux-gnu-gcc gcc (Ubuntu 9.4.0-1ubuntu1~20.04.2) 9.4.0 Ubuntu 22.04 Kernel: 5.4 Compiler: gcc gcc (Ubuntu 11.4.0-1ubuntu1~22.04) 11.4.0 Ubuntu 24.04 Kernel: 5.4 Compiler: gcc gcc (Ubuntu 13.3.0-6ubuntu2~24.04) 13.3.0 CentOS Stream 9 Kernel: 5.4 Compiler: gcc gcc (GCC) 11.5.0 20240719 (Red Hat 11.5.0-11) To view detailed results, visit: https://lab.dpdk.org/results/dashboard/tarballs/35192/ UNH-IOL DPDK Community Lab To manage your email subscriptions, visit: https://lab.dpdk.org/results/dashboard/preferences/subscriptions/