From mboxrd@z Thu Jan 1 00:00:00 1970 Return-Path: Received: from mails.dpdk.org (mails.dpdk.org [217.70.189.124]) by inbox.dpdk.org (Postfix) with ESMTP id 0823D4893C for ; Wed, 15 Oct 2025 06:52:57 +0200 (CEST) Received: from mails.dpdk.org (localhost [127.0.0.1]) by mails.dpdk.org (Postfix) with ESMTP id DB16340288; Wed, 15 Oct 2025 06:52:56 +0200 (CEST) Received: from mail-pf1-f227.google.com (mail-pf1-f227.google.com [209.85.210.227]) by mails.dpdk.org (Postfix) with ESMTP id 94A0B40288 for ; Wed, 15 Oct 2025 06:52:55 +0200 (CEST) Received: by mail-pf1-f227.google.com with SMTP id d2e1a72fcca58-78af743c232so5581809b3a.1 for ; Tue, 14 Oct 2025 21:52:55 -0700 (PDT) DKIM-Signature: v=1; a=rsa-sha256; c=relaxed/relaxed; d=iol.unh.edu; s=unh-iol; t=1760503975; x=1761108775; darn=dpdk.org; h=cc:to:from:subject:message-id:date:from:to:cc:subject:date :message-id:reply-to; bh=qCwDiYTund5duJe9DYfvuSYBWYBzDU68N+YlHQBRxPA=; b=gwE2VaUkhxU8Ab2GQOObBd+iFV6M1WJNmlGbuDDmNJq+Z3BbmW7WEaIOuqHwjS6+9N 6YqbpmqW8KprKwECV3gaojxTEWtNJm6vBDhtVThUtu6OmyZuTouiaS5z4CWw3N5hzNaC 02GLBVyvgmpv8bkiNjlhbNHM1ugOc4HVk78QQ= X-Google-DKIM-Signature: v=1; a=rsa-sha256; c=relaxed/relaxed; d=1e100.net; s=20230601; t=1760503975; x=1761108775; h=cc:to:from:subject:message-id:date:x-gm-message-state:from:to:cc :subject:date:message-id:reply-to; bh=qCwDiYTund5duJe9DYfvuSYBWYBzDU68N+YlHQBRxPA=; b=kYpH3QR6qEtBOAm03m9BtJCr7uP+Q5HprxRZO6mKl2UnhECbBIIludbNIRzlY7i5lc g1nAspILz/Q9Q85iSPcU0fPpL3UxfMUgS92oY6wjCdYIi+nx2pgqMky7KeaTpc8cG2Jq s06ti1psKg6xitkcwB1GnVlnBo2vq4QZvtseT/V08MHDqdsmeZrWOO9JrlUkENfFXqMH eNrEYS5QTW1z3ziWSHlQmCxphyyxjFQNqu6neAQ6y5WtR5Zx3cAl4DWByKPyvdSR7JuK 3I5F7gYPGfuZ14YXJaCK6PYA3mU6DV8eCuBog4J5HxqGqoNYghwzDHiYRzw0CEWNAibQ MJZQ== X-Gm-Message-State: AOJu0YyLTjPSkO1b1H9F+5Uuk9qSnzT8KKJD5tYiTJbzuYNm+9EAn+9N 1VrA5pAR+00Lcv+b683S4v30T+405L4Fv5F00wnlmQ/rgaX332wZeTn/acuqeinCOYmP0ggIx5Y Qh9GdR5cnD7+g+yGt9hS2TRKKqlS2Tv8iJcq2 X-Gm-Gg: ASbGncuQZYKbL93K62fckKUF2IjurB65zNA6BYK71/dD9GiYHtalI+k4tz6nPbb0FuL YUReT78tDuCXMgbW3A5PZnlakF5Ja8Psuld46QDbV7Y/bA6GDLZubiyZfOuL6875ufLjaVbP5M6 laYNJbebN9a2kmMqpKG3em9ENa7EBmcRHmCOqnjUTs7M2I/eoVF1oRR4eD6Z4cLerW0TdjnvsZd RUEY1lEGdbyJzGs5v4FwQzGNPvU17DLUyTFMs4SfERqy+DqLlpFV1Y3oTu6qmsDzwsq8quBbdTv MaTigt0rG4d20tFS8Ao1oPRcairfi9e1WXEuX6ZfchNoK6crUqkqb8LljFDbMyL1UG+Q/N6/ X-Google-Smtp-Source: AGHT+IEpBjp6Vu8/MmOFM/urLknixwHLDBnY5AdEI7clOlkoTszPZJyUQvpOWM5lmpAY00/d81XuX+8yufXf X-Received: by 2002:a05:6a00:1244:b0:7a1:49f7:ad04 with SMTP id d2e1a72fcca58-7a149f7b057mr2318188b3a.14.1760503974617; Tue, 14 Oct 2025 21:52:54 -0700 (PDT) Received: from postal.iol.unh.edu (postal.iol.unh.edu. [132.177.123.84]) by smtp-relay.gmail.com with ESMTPS id d2e1a72fcca58-7992fbbb666sm1332122b3a.1.2025.10.14.21.52.54 (version=TLS1_2 cipher=ECDHE-ECDSA-AES128-GCM-SHA256 bits=128/128); Tue, 14 Oct 2025 21:52:54 -0700 (PDT) X-Relaying-Domain: iol.unh.edu Date: Tue, 14 Oct 2025 21:52:54 -0700 (PDT) Message-ID: <68ef28a6.050a0220.331886.4b7aSMTPIN_ADDED_MISSING@mx.google.com> Received: from [172.21.0.2] (unknown [172.18.0.240]) by postal.iol.unh.edu (Postfix) with ESMTP id B615A6051830; Wed, 15 Oct 2025 00:52:53 -0400 (EDT) Subject: |FAILURE| [GIT MASTER] 62f583c49bf67dd4d6733ece14e55fe6839e66d1 From: dpdklab@iol.unh.edu To: Test Report Cc: dpdk-test-reports@iol.unh.edu, Xueming Li , Christian Ehrhardt , Kevin Traynor , Luca Boccassi Content-Type: text/plain X-BeenThere: test-report@dpdk.org X-Mailman-Version: 2.1.29 Precedence: list List-Id: automatic DPDK test reports List-Unsubscribe: , List-Archive: List-Post: List-Help: List-Subscribe: , Errors-To: test-report-bounces@dpdk.org _Testing issues_ Branch: tags/v23.11 62f583c49bf67dd4d6733ece14e55fe6839e66d1 --> testing issues Upstream job id: Generic-Unit-Test-DPDK#381458 Test environment and result as below: +-------------------------------+----------------+ | Environment | dpdk_unit_test | +===============================+================+ | CentOS Stream 9 | PASS | +-------------------------------+----------------+ | CentOS Stream 10 | PASS | +-------------------------------+----------------+ | Fedora Linux 40 | PASS | +-------------------------------+----------------+ | Debian GNU/Linux 12 | PASS | +-------------------------------+----------------+ | Fedora Linux 41 | PASS | +-------------------------------+----------------+ | Fedora Linux 42 | WARN | +-------------------------------+----------------+ | Red Hat Enterprise Linux 9.5 | PASS | +-------------------------------+----------------+ | Ubuntu 22.04 | PASS | +-------------------------------+----------------+ | Ubuntu 20.04 | PASS | +-------------------------------+----------------+ | Red Hat Enterprise Linux 8.10 | PASS | +-------------------------------+----------------+ | Ubuntu 24.04 | PASS | +-------------------------------+----------------+ | Windows Server 2022 | FAIL | +-------------------------------+----------------+ ==== Unit test summary for Windows Server 2022 (dpdk_unit_test): ==== Failed to get the unit test results. Displaying the unit test results is not supported for some environments, such as our aarch32 testing, where meson is not used to run the tests. Download the logs available on our CI site. ==== End log output ==== CentOS Stream 9 Kernel: 5.15 Compiler: gcc gcc (GCC) 11.5.0 20240719 (Red Hat 11.5.0-11) CentOS Stream 10 Kernel: 5.15 Compiler: gcc gcc (GCC) 14.2.1 20250110 (Red Hat 14.2.1-8) Fedora Linux 40 Kernel: 5.15 Compiler: clang gcc (GCC) 14.2.1 20240912 (Red Hat 14.2.1-3) Debian GNU/Linux 12 Kernel: 5.15 Compiler: gcc gcc (Debian 12.2.0-14+deb12u1) 12.2.0 Fedora Linux 41 Kernel: 5.15 Compiler: gcc gcc (GCC) 14.3.1 20250523 (Red Hat 14.3.1-1) Fedora Linux 42 Kernel: 5.15 Compiler: clang gcc (GCC) 15.2.1 20250808 (Red Hat 15.2.1-1) Red Hat Enterprise Linux 9.5 Kernel: 5.15 Compiler: gcc gcc (GCC) 11.5.0 20240719 (Red Hat 11.5.0-2) Ubuntu 22.04 Kernel: 5.15 Compiler: gcc gcc (Ubuntu 11.4.0-1ubuntu1~22.04) 11.4.0 Ubuntu 20.04 Kernel: 5.15 Compiler: gcc gcc (Ubuntu 9.4.0-1ubuntu1~20.04.2) 9.4.0 Red Hat Enterprise Linux 8.10 Kernel: 5.15 Compiler: gcc gcc (GCC) 8.5.0 20210514 (Red Hat 8.5.0-22) Ubuntu 24.04 Kernel: 5.15 Compiler: gcc gcc (Ubuntu 13.3.0-6ubuntu2~24.04) 13.3.0 Windows Server 2022 Kernel: 10.0.20348.2031 Compiler: clang 15.0.7, gcc 14.1.0 (MinGW), and MSVC VS 19.39.33521 To view detailed results, visit: https://lab.dpdk.org/results/dashboard/tarballs/35209/ UNH-IOL DPDK Community Lab To manage your email subscriptions, visit: https://lab.dpdk.org/results/dashboard/preferences/subscriptions/