From mboxrd@z Thu Jan 1 00:00:00 1970 Return-Path: Received: from mails.dpdk.org (mails.dpdk.org [217.70.189.124]) by inbox.dpdk.org (Postfix) with ESMTP id C516148941 for ; Wed, 15 Oct 2025 10:23:06 +0200 (CEST) Received: from mails.dpdk.org (localhost [127.0.0.1]) by mails.dpdk.org (Postfix) with ESMTP id A19F7402C3; Wed, 15 Oct 2025 10:23:06 +0200 (CEST) Received: from mail-qv1-f97.google.com (mail-qv1-f97.google.com [209.85.219.97]) by mails.dpdk.org (Postfix) with ESMTP id CEFC2402C3 for ; Wed, 15 Oct 2025 10:23:04 +0200 (CEST) Received: by mail-qv1-f97.google.com with SMTP id 6a1803df08f44-78f15d5846dso104098306d6.0 for ; Wed, 15 Oct 2025 01:23:04 -0700 (PDT) DKIM-Signature: v=1; a=rsa-sha256; c=relaxed/relaxed; d=iol.unh.edu; s=unh-iol; t=1760516584; x=1761121384; darn=dpdk.org; h=cc:to:from:subject:message-id:date:from:to:cc:subject:date :message-id:reply-to; bh=d7doUla6dBOgfjcdhihrTUVsjcOvz6hzwahfAzFH9CY=; b=i/DZydPHd/Gfod5GDdT21VM2z2aFZUDU+60mrawT+tdIGCI4OmiF0XDLcY8ilj+SVZ 418ubwj7YDaEWiNKm2/DNk/YV7crAmXin4F+uh3K1x2qOYUc581rSezILf3RQtVeZc7b B0xRGj5eunWUgQq4AAmZ8EFFTgwKWEMxE/uQU= X-Google-DKIM-Signature: v=1; a=rsa-sha256; c=relaxed/relaxed; d=1e100.net; s=20230601; t=1760516584; x=1761121384; h=cc:to:from:subject:message-id:date:x-gm-message-state:from:to:cc :subject:date:message-id:reply-to; bh=d7doUla6dBOgfjcdhihrTUVsjcOvz6hzwahfAzFH9CY=; b=qzUdc6ad6Vf7PC/wIalh5raqVVS9/Yiua8h8vc+IT+oRD5gfu+YQ9blccYqW8M1XFo foJ6Fut6o2O186ElCD1cTRvN+SoAfMkKwvHlmkRUBHogfIAULQsupL9rxMKQf4qbo7MT z4WyqSMOkGA4hn5voDSdZLxBz44Ss4LCXNS/f+vAiebGCCWA5UtWBNj2JbtPhCp36QGu NF4mXECUwA5DFWpxA7WBb7P6gCVjKBalRpg57iiNSpdIbkGkc/12b835kO1Y3t/2D5oL +FcU29kR7ChQ837keBnCduBEu5zQwWhkZ2pVuy08bJzlFe3R6xnkS/ORvZnteRXbNzbN 7qtw== X-Gm-Message-State: AOJu0Yz02HkqIO9avQSgqw7k5lt/AyhfG/wH8riNu1ZcHEl6KB0ud2f7 /+e5kTbo3VtsVJLVu4zOWyZtbIx6L8Z9CXEroMZtknv77PYks6nbroQLIKUYCvGnxOvcwQUUdaY biidy0BmQSSF4ZH4zQ6Ijx7L6apACWR12+AAYjWpCgWe8803MDpOJ X-Gm-Gg: ASbGncu80Nt4tcDdSZWv/HkJGu8xhYq67GcYL5DHC7vsLwaHhahV2MXgGpWJx6lJ3k4 CTfh/xrWbg1hH+ic+1zN2k/VoZpdCDkXFvnzzRT/WdQDy0mWBFwL6Dwf7XkI51YE1mKv+mgxkPb huLdoZ9rDlLiyStn3GNiJqBE4sS2uB2pDhuGfNff15wKYEgmpRyzxn2VIIzMddk1jwnByqxVXqD 3TabYqr2YSGCTKWGUFN8lQYyOnJOW6wAZXA9DYd4ra9QiFsJ0IIUkeH3SgxculV1/ZnywnvLjH6 bwyxbO1MZReQ15fAsdo/0RRR17EDR6NL7Bn/1JApdiloOgyDQw== X-Google-Smtp-Source: AGHT+IH44XRrGk0j2Kna/XiPCELVeje5E10x+PS0KlmfjJkXwmBo8H98JpB43sSnk1vxa8vRw9UI1W1pVBc9 X-Received: by 2002:a05:6214:e4a:b0:710:9995:ced4 with SMTP id 6a1803df08f44-87b2101d94emr319631646d6.17.1760516584103; Wed, 15 Oct 2025 01:23:04 -0700 (PDT) Received: from postal.iol.unh.edu (postal.iol.unh.edu. [2606:4100:3880:1234::84]) by smtp-relay.gmail.com with ESMTPS id 6a1803df08f44-87c012abd4csm1863226d6.32.2025.10.15.01.23.04 (version=TLS1_2 cipher=ECDHE-ECDSA-AES128-GCM-SHA256 bits=128/128); Wed, 15 Oct 2025 01:23:04 -0700 (PDT) X-Relaying-Domain: iol.unh.edu Date: Wed, 15 Oct 2025 01:23:04 -0700 (PDT) Message-ID: <68ef59e8.050a0220.11ed98.9518SMTPIN_ADDED_MISSING@mx.google.com> Received: from [172.21.0.2] (unknown [172.18.0.240]) by postal.iol.unh.edu (Postfix) with ESMTP id C30356051830; Wed, 15 Oct 2025 04:23:03 -0400 (EDT) Subject: |FAILURE| [GIT MASTER] 62f583c49bf67dd4d6733ece14e55fe6839e66d1 From: dpdklab@iol.unh.edu To: Test Report Cc: dpdk-test-reports@iol.unh.edu, Xueming Li , Christian Ehrhardt , Kevin Traynor , Luca Boccassi Content-Type: text/plain X-BeenThere: test-report@dpdk.org X-Mailman-Version: 2.1.29 Precedence: list List-Id: automatic DPDK test reports List-Unsubscribe: , List-Archive: List-Post: List-Help: List-Subscribe: , Errors-To: test-report-bounces@dpdk.org _Testing issues_ Branch: tags/v23.11 62f583c49bf67dd4d6733ece14e55fe6839e66d1 --> testing issues Upstream job id: Generic-Unit-Test-DPDK#381448 Test environment and result as below: +------------------------------+--------------+---------------------------+------------------------------+----------------+ | Environment | lpm_autotest | cryptodev_sw_zuc_autotest | cryptodev_sw_snow3g_autotest | dpdk_unit_test | +==============================+==============+===========================+==============================+================+ | Ubuntu 20.04 | PASS | SKIPPED | SKIPPED | PEND | +------------------------------+--------------+---------------------------+------------------------------+----------------+ | Debian 12 (arm) | SKIPPED | PASS | PASS | SKIPPED | +------------------------------+--------------+---------------------------+------------------------------+----------------+ | CentOS Stream 9 | SKIPPED | SKIPPED | SKIPPED | PASS | +------------------------------+--------------+---------------------------+------------------------------+----------------+ | Fedora Linux 40 | SKIPPED | SKIPPED | SKIPPED | PEND | +------------------------------+--------------+---------------------------+------------------------------+----------------+ | Debian GNU/Linux 12 | SKIPPED | SKIPPED | SKIPPED | PASS | +------------------------------+--------------+---------------------------+------------------------------+----------------+ | CentOS Stream 10 | SKIPPED | SKIPPED | SKIPPED | PEND | +------------------------------+--------------+---------------------------+------------------------------+----------------+ | Fedora Linux 42 | SKIPPED | SKIPPED | SKIPPED | PEND | +------------------------------+--------------+---------------------------+------------------------------+----------------+ | Fedora Linux 41 | SKIPPED | SKIPPED | SKIPPED | PEND | +------------------------------+--------------+---------------------------+------------------------------+----------------+ | Ubuntu 24.04 | SKIPPED | SKIPPED | SKIPPED | PEND | +------------------------------+--------------+---------------------------+------------------------------+----------------+ | Red Hat Enterprise Linux 9.5 | SKIPPED | SKIPPED | SKIPPED | PEND | +------------------------------+--------------+---------------------------+------------------------------+----------------+ | Ubuntu 22.04 | SKIPPED | SKIPPED | SKIPPED | PASS | +------------------------------+--------------+---------------------------+------------------------------+----------------+ Ubuntu 20.04 Kernel: 5.4 Compiler: gcc gcc (Ubuntu 9.4.0-1ubuntu1~20.04.2) 9.4.0 Debian 12 (arm) Kernel: Depends on container host Compiler: gcc (Debian 12.2.0-14) 12.2.0 CentOS Stream 9 Kernel: 5.4 Compiler: gcc gcc (GCC) 11.5.0 20240719 (Red Hat 11.5.0-11) Fedora Linux 40 Kernel: 5.4 Compiler: gcc gcc (GCC) 14.2.1 20240912 (Red Hat 14.2.1-3) Debian GNU/Linux 12 Kernel: 5.4 Compiler: gcc gcc (Debian 12.2.0-14+deb12u1) 12.2.0 CentOS Stream 10 Kernel: 5.4 Compiler: gcc gcc (GCC) 14.2.1 20250110 (Red Hat 14.2.1-8) Fedora Linux 42 Kernel: 5.4 Compiler: gcc gcc (GCC) 15.2.1 20250808 (Red Hat 15.2.1-1) Fedora Linux 41 Kernel: 5.4 Compiler: gcc gcc (GCC) 14.3.1 20250523 (Red Hat 14.3.1-1) Ubuntu 24.04 Kernel: 5.4 Compiler: gcc gcc (Ubuntu 13.3.0-6ubuntu2~24.04) 13.3.0 Red Hat Enterprise Linux 9.5 Kernel: 5.4 Compiler: gcc gcc (GCC) 11.5.0 20240719 (Red Hat 11.5.0-2) Ubuntu 22.04 Kernel: 5.4 Compiler: gcc gcc (Ubuntu 11.4.0-1ubuntu1~22.04) 11.4.0 To view detailed results, visit: https://lab.dpdk.org/results/dashboard/tarballs/35209/ UNH-IOL DPDK Community Lab To manage your email subscriptions, visit: https://lab.dpdk.org/results/dashboard/preferences/subscriptions/