From mboxrd@z Thu Jan 1 00:00:00 1970 Return-Path: Received: from mails.dpdk.org (mails.dpdk.org [217.70.189.124]) by inbox.dpdk.org (Postfix) with ESMTP id 2E1D048946 for ; Wed, 15 Oct 2025 20:39:53 +0200 (CEST) Received: from mails.dpdk.org (localhost [127.0.0.1]) by mails.dpdk.org (Postfix) with ESMTP id 277BA40273; Wed, 15 Oct 2025 20:39:53 +0200 (CEST) Received: from mail-pl1-f225.google.com (mail-pl1-f225.google.com [209.85.214.225]) by mails.dpdk.org (Postfix) with ESMTP id B00F940273 for ; Wed, 15 Oct 2025 20:39:51 +0200 (CEST) Received: by mail-pl1-f225.google.com with SMTP id d9443c01a7336-27ee41e0798so107952705ad.1 for ; Wed, 15 Oct 2025 11:39:51 -0700 (PDT) DKIM-Signature: v=1; a=rsa-sha256; c=relaxed/relaxed; d=iol.unh.edu; s=unh-iol; t=1760553591; x=1761158391; darn=dpdk.org; h=references:in-reply-to:cc:to:from:subject:message-id:date:from:to :cc:subject:date:message-id:reply-to; bh=obCtU/p/MS64SCiIE+7q0bqhblHBH6IRj1ZZ+0ikDL4=; b=O5xoO0p9RsPWppLmRUS2oSr7NpPHbcvkDiZkOW5UNy+hsgBwPzO69lh3/38SwqBB0f oGbJ3DMxImYhaoHARP+X7MJ/p7YFtqd4X0Y6Q6JGMJ0Fmt6CZET0QDHR8EWmKn41CVOQ 92GDDuk01RMX9ZuaqasR1dgX5nvehvHj/gSpY= X-Google-DKIM-Signature: v=1; a=rsa-sha256; c=relaxed/relaxed; d=1e100.net; s=20230601; t=1760553591; x=1761158391; h=references:in-reply-to:cc:to:from:subject:message-id:date :x-gm-message-state:from:to:cc:subject:date:message-id:reply-to; bh=obCtU/p/MS64SCiIE+7q0bqhblHBH6IRj1ZZ+0ikDL4=; b=NzgDRUVbtrYM1r0rLUPVw86jH3FW6hXq0VfOHbhSiEverEmtD+4+P512kvx3TawnNa 7K6eEwMU64Ujnl+VlCDcxHCDtSi9ekQzsBYudxycxbtgUmaC4kRm7Dksx1I1PxcRr4qp GcFSLAov4fnwtrSSz+VwCqTxwd+XW687sL/1+dqxH5byL+N8dtR1q+AzuAxAk6pvfFYs tj3+EkQdJMgLPPUWvX7BRqyC83nj9GTvgQvTXKJgVz7GL+n+FoWrnSuyhkulN1Y44Mvi VvRj9uXPgnXvd4ytrHNhgXR44nULreGdtr6E8zKD5CtKXIvPw1U4fFUlieMNIfGEYOpZ 3pxA== X-Gm-Message-State: AOJu0Yy7DD5TcyBNDQ8mZXFcxzQlfWxGdElsASh4sKq8CE0UNZtt1fHc mVGPzoLDO/QmkQYuSFuWOeoagO58kspXUKxzb1FrZwkHPjtz+EfH6szKbNJhLVik6cTJ3N2vJeK 2S0BZWzZLApR3LWGl3qFaJYr8m+pcq8k9DKiVYGxYEIpSa3Wg5w9pafQYaRti X-Gm-Gg: ASbGncuB6xXPMccMWZ4Y6qDBk4DFmbw/KInrt+k/yiepHHhkzh7LhGsfzwbO9Ul/AYz Y4Fsn07EDxwhKqYPrklFQ8fd/qrJ4RE3XgijpezeB8YAoNFkDM6Yi7a2e+RoQ5KFRrzR9opK1sW qd8I2hQb5tNZUR1Q2j1UX8bT/gqhpe6aiY88hIUSU+wQ8oXD9/aD8LD1cs41eaCqETrBgj2gfAz 0IW+wbPU9Le5wM9s+8Yq5TmQYmkVfHYx36g5tKEZjmMkPqK7/gWQGICun5n7g2DSwSdA/xj4www RgBj2RrSLY6Xa4bApoiRB2Eq2eXJqAD3VsbmF8auahC/nfReHg== X-Google-Smtp-Source: AGHT+IG6BNDU4seZDvSjz7Y+rgw6axwe8CeqoURLgE0RXAlLM5yshCzNza7YHlkAv56a/zR3/ubzjeGAreFx X-Received: by 2002:a17:903:1447:b0:275:3ff9:ab88 with SMTP id d9443c01a7336-290273ffcc7mr425846695ad.49.1760553590655; Wed, 15 Oct 2025 11:39:50 -0700 (PDT) Received: from postal.iol.unh.edu (postal.iol.unh.edu. [2606:4100:3880:1234::84]) by smtp-relay.gmail.com with ESMTPS id d9443c01a7336-29099a821f9sm360425ad.58.2025.10.15.11.39.50 (version=TLS1_2 cipher=ECDHE-ECDSA-AES128-GCM-SHA256 bits=128/128); Wed, 15 Oct 2025 11:39:50 -0700 (PDT) X-Relaying-Domain: iol.unh.edu Date: Wed, 15 Oct 2025 11:39:50 -0700 (PDT) Message-ID: <68efea76.170a0220.3ad925.1da4SMTPIN_ADDED_MISSING@mx.google.com> Received: from [172.21.0.2] (unknown [172.18.0.240]) by postal.iol.unh.edu (Postfix) with ESMTP id 1C1316051830; Wed, 15 Oct 2025 14:39:50 -0400 (EDT) Subject: |FAILURE| pw157653 [PATCH] [v2] fib6: implement RCU rule reclamation From: dpdklab@iol.unh.edu To: Test Report Cc: dpdk-test-reports@iol.unh.edu, Robin Jarry In-Reply-To: <20251015095347.333685-2-rjarry@redhat.com> References: <20251015095347.333685-2-rjarry@redhat.com> Content-Type: text/plain X-BeenThere: test-report@dpdk.org X-Mailman-Version: 2.1.29 Precedence: list List-Id: automatic DPDK test reports List-Unsubscribe: , List-Archive: List-Post: List-Help: List-Subscribe: , Errors-To: test-report-bounces@dpdk.org Test-Label: iol-unit-arm64-testing Test-Status: FAILURE http://dpdk.org/patch/157653 _Testing issues_ Submitter: Robin Jarry Date: Wednesday, October 15 2025 09:53:48 DPDK git baseline: Repo:dpdk Branch: master CommitID:8aa458f1c44b9f6e73f75047aca77191dc79746f 157653 --> testing issues Upstream job id: Generic-Unit-Test-DPDK#381620 Test environment and result as below: +------------------------------+------------------------------+--------------+---------------------------+----------------+ | Environment | cryptodev_sw_snow3g_autotest | lpm_autotest | cryptodev_sw_zuc_autotest | dpdk_unit_test | +==============================+==============================+==============+===========================+================+ | Debian 12 (arm) | PASS | SKIPPED | PASS | SKIPPED | +------------------------------+------------------------------+--------------+---------------------------+----------------+ | Ubuntu 20.04 | SKIPPED | PASS | SKIPPED | FAIL | +------------------------------+------------------------------+--------------+---------------------------+----------------+ | Debian GNU/Linux 12 | SKIPPED | SKIPPED | SKIPPED | FAIL | +------------------------------+------------------------------+--------------+---------------------------+----------------+ | CentOS Stream 9 | SKIPPED | SKIPPED | SKIPPED | FAIL | +------------------------------+------------------------------+--------------+---------------------------+----------------+ | Ubuntu 22.04 | SKIPPED | SKIPPED | SKIPPED | FAIL | +------------------------------+------------------------------+--------------+---------------------------+----------------+ | CentOS Stream 10 | SKIPPED | SKIPPED | SKIPPED | FAIL | +------------------------------+------------------------------+--------------+---------------------------+----------------+ | Fedora Linux 41 | SKIPPED | SKIPPED | SKIPPED | FAIL | +------------------------------+------------------------------+--------------+---------------------------+----------------+ | Fedora Linux 40 | SKIPPED | SKIPPED | SKIPPED | FAIL | +------------------------------+------------------------------+--------------+---------------------------+----------------+ | Fedora Linux 42 | SKIPPED | SKIPPED | SKIPPED | FAIL | +------------------------------+------------------------------+--------------+---------------------------+----------------+ | Ubuntu 24.04 | SKIPPED | SKIPPED | SKIPPED | FAIL | +------------------------------+------------------------------+--------------+---------------------------+----------------+ | Red Hat Enterprise Linux 9.5 | SKIPPED | SKIPPED | SKIPPED | FAIL | +------------------------------+------------------------------+--------------+---------------------------+----------------+ ==== Unit test summary for Red Hat Enterprise Linux 9.5 (dpdk_unit_test): ==== ninja: Entering directory `/home-local/jenkins-local/jenkins-agent/workspace/Generic-Unit-Test-DPDK/dpdk/build' ninja: no work to do. 1/120 DPDK:fast-tests / acl_autotest OK 9.41s 2/120 DPDK:fast-tests / alarm_autotest OK 1.37s 3/120 DPDK:fast-tests / argparse_autotest OK 0.32s 4/120 DPDK:fast-tests / atomic_autotest OK 9.47s 5/120 DPDK:fast-tests / bitcount_autotest OK 0.35s 6/120 DPDK:fast-tests / bitmap_autotest OK 0.32s 7/120 DPDK:fast-tests / bitops_autotest OK 1.82s 8/120 DPDK:fast-tests / bitratestats_autotest OK 0.33s 9/120 DPDK:fast-tests / bitset_autotest OK 5.14s 10/120 DPDK:fast-tests / bpf_autotest OK 0.32s 11/120 DPDK:fast-tests / bpf_convert_autotest OK 0.33s 12/120 DPDK:fast-tests / byteorder_autotest OK 0.32s 13/120 DPDK:fast-tests / cfgfile_autotest OK 0.32s 14/120 DPDK:fast-tests / cksum_autotest OK 0.32s 15/120 DPDK:fast-tests / cmdline_autotest OK 0.31s 16/120 DPDK:fast-tests / common_autotest OK 1.80s 17/120 DPDK:fast-tests / compressdev_autotest SKIP 0.18s exit status 77 18/120 DPDK:fast-tests / cpuflags_autotest OK 0.36s 19/120 DPDK:fast-tests / crc_autotest OK 0.32s 20/120 DPDK:fast-tests / user_delay_us OK 0.31s 21/120 DPDK:fast-tests / debug_autotest OK 2.98s 22/120 DPDK:fast-tests / devargs_autotest OK 0.31s 23/120 DPDK:fast-tests / dispatcher_autotest OK 4.99s 24/120 DPDK:fast-tests / distributor_autotest OK 1.10s 25/120 DPDK:fast-tests / eal_flags_c_opt_autotest OK 3.39s 26/120 DPDK:fast-tests / eal_flags_main_opt_autotest OK 0.89s 27/120 DPDK:fast-tests / eal_flags_n_opt_autotest OK 0.79s 28/120 DPDK:fast-tests / eal_flags_hpet_autotest OK 0.45s 29/120 DPDK:fast-tests / eal_flags_no_huge_autotest OK 0.89s 30/120 DPDK:fast-tests / eal_flags_a_opt_autotest OK 1.26s 31/120 DPDK:fast-tests / eal_flags_b_opt_autotest OK 1.04s 32/120 DPDK:fast-tests / eal_flags_vdev_opt_autotest OK 0.82s 33/120 DPDK:fast-tests / eal_flags_r_opt_autotest OK 0.74s 34/120 DPDK:fast-tests / eal_flags_mem_autotest OK 1.13s 35/120 DPDK:fast-tests / eal_flags_file_prefix_autotest OK 3.15s 36/120 DPDK:fast-tests / eal_flags_misc_autotest OK 4.14s 37/120 DPDK:fast-tests / eal_fs_autotest OK 0.36s 38/120 DPDK:fast-tests / errno_autotest OK 0.31s 39/120 DPDK:fast-tests / ethdev_link_status OK 0.31s 40/120 DPDK:fast-tests / event_eth_tx_adapter_autotest OK 2.40s 41/120 DPDK:fast-tests / event_ring_autotest OK 0.35s 42/120 DPDK:fast-tests / eventdev_common_autotest OK 0.32s 43/120 DPDK:fast-tests / eventdev_selftest_sw OK 14.30s 44/120 DPDK:fast-tests / fbarray_autotest OK 0.32s 45/120 DPDK:fast-tests / fib_autotest OK 1.77s 46/120 DPDK:fast-tests / fib6_autotest FAIL 1.81s (exit status 255 or signal 127 SIGinvalid) >>> MALLOC_PERTURB_=217 DPDK_TEST=fib6_autotest /home-local/jenkins-local/jenkins-agent/workspace/Generic-Unit-Test-DPDK/dpdk/build/app/dpdk-test --no-huge -m 2048 47/120 DPDK:fast-tests / func_reentrancy_autotest OK 1.54s 48/120 DPDK:fast-tests / graph_autotest OK 0.35s 49/120 DPDK:fast-tests / node_list_dump OK 0.32s 50/120 DPDK:fast-tests / graph_feature_arc_autotest OK 0.32s 51/120 DPDK:fast-tests / hash_autotest OK 1.05s 52/120 DPDK:fast-tests / hash_readwrite_func_autotest OK 15.13s 53/120 DPDK:fast-tests / interrupt_autotest OK 1.39s 54/120 DPDK:fast-tests / ipfrag_autotest OK 0.20s 55/120 DPDK:fast-tests / ipsec_autotest SKIP 0.38s exit status 77 56/120 DPDK:fast-tests / kvargs_autotest OK 0.34s 57/120 DPDK:fast-tests / latencystats_autotest OK 0.38s 58/120 DPDK:fast-tests / lcore_var_autotest OK 1.76s 59/120 DPDK:fast-tests / lcores_autotest OK 6.89s 60/120 DPDK:fast-tests / logs_autotest OK 0.33s 61/120 DPDK:fast-tests / lpm_autotest OK 3.35s 62/120 DPDK:fast-tests / lpm6_autotest OK 9.74s 63/120 DPDK:fast-tests / malloc_autotest OK 0.92s 64/120 DPDK:fast-tests / mbuf_autotest OK 2.97s 65/120 DPDK:fast-tests / mcslock_autotest OK 1.74s 66/120 DPDK:fast-tests / member_autotest OK 3.47s 67/120 DPDK:fast-tests / memcpy_autotest OK 12.43s 68/120 DPDK:fast-tests / memory_autotest OK 0.19s 69/120 DPDK:fast-tests / mempool_autotest OK 0.69s 70/120 DPDK:fast-tests / memzone_autotest OK 0.21s 71/120 DPDK:fast-tests / meter_autotest OK 0.36s 72/120 DPDK:fast-tests / metrics_autotest OK 0.33s 73/120 DPDK:fast-tests / multiprocess_autotest OK 0.71s 74/120 DPDK:fast-tests / net_ether_autotest OK 2.01s 75/120 DPDK:fast-tests / net_ipv6_autotest OK 0.32s 76/120 DPDK:fast-tests / pcapng_autotest OK 6.56s 77/120 DPDK:fast-tests / pdcp_autotest SKIP 0.19s exit status 77 78/120 DPDK:fast-tests / pdump_autotest OK 0.89s 79/120 DPDK:fast-tests / per_lcore_autotest OK 0.42s 80/120 DPDK:fast-tests / pflock_autotest OK 0.68s 81/120 DPDK:fast-tests / pie_autotest OK 0.33s 82/120 DPDK:fast-tests / ring_pmd_autotest OK 0.35s 83/120 DPDK:fast-tests / power_autotest OK 0.33s 84/120 DPDK:fast-tests / power_cpufreq_autotest SKIP 0.18s exit status 77 85/120 DPDK:fast-tests / power_intel_uncore_autotest SKIP 0.37s exit status 77 86/120 DPDK:fast-tests / power_kvm_vm_autotest SKIP 0.18s exit status 77 87/120 DPDK:fast-tests / prefetch_autotest OK 0.42s 88/120 DPDK:fast-tests / ptr_compress_autotest OK 0.33s 89/120 DPDK:fast-tests / rawdev_autotest OK 0.31s 90/120 DPDK:fast-tests / rcu_qsbr_autotest OK 1.28s 91/120 DPDK:fast-tests / reorder_autotest OK 0.84s 92/120 DPDK:fast-tests / rib_autotest OK 7.97s 93/120 DPDK:fast-tests / rib6_autotest OK 7.97s 94/120 DPDK:fast-tests / ring_autotest OK 0.39s 95/120 DPDK:fast-tests / rwlock_test1_autotest OK 0.66s 96/120 DPDK:fast-tests / rwlock_rda_autotest OK 5.32s 97/120 DPDK:fast-tests / rwlock_rds_wrm_autotest OK 5.32s 98/120 DPDK:fast-tests / rwlock_rde_wro_autotest OK 5.33s 99/120 DPDK:fast-tests / sched_autotest OK 0.35s 100/120 DPDK:fast-tests / security_autotest OK 0.18s 101/120 DPDK:fast-tests / seqlock_autotest OK 2.35s 102/120 DPDK:fast-tests / service_autotest OK 3.02s 103/120 DPDK:fast-tests / soring_autotest OK 0.34s 104/120 DPDK:fast-tests / spinlock_autotest OK 0.36s 105/120 DPDK:fast-tests / stack_autotest OK 0.73s 106/120 DPDK:fast-tests / stack_lf_autotest OK 0.69s 107/120 DPDK:fast-tests / string_autotest OK 0.38s 108/120 DPDK:fast-tests / table_autotest OK 14.76s 109/120 DPDK:fast-tests / tailq_autotest OK 0.35s 110/120 DPDK:fast-tests / telemetry_data_autotest OK 0.32s 111/120 DPDK:fast-tests / telemetry_json_autotest OK 0.33s 112/120 DPDK:fast-tests / thash_autotest OK 0.35s 113/120 DPDK:fast-tests / threads_autotest OK 0.49s 114/120 DPDK:fast-tests / ticketlock_autotest OK 0.52s 115/120 DPDK:fast-tests / timer_autotest OK 3.45s 116/120 DPDK:fast-tests / trace_autotest OK 0.37s 117/120 DPDK:fast-tests / trace_autotest_with_traces OK 0.35s 118/120 DPDK:fast-tests / vdev_autotest OK 0.33s 119/120 DPDK:fast-tests / version_autotest OK 0.36s 120/120 DPDK:fast-tests / telemetry_all SKIP 0.02s exit status 77 Ok: 112 Expected Fail: 0 Fail: 1 Unexpected Pass: 0 Skipped: 7 Timeout: 0 Full log written to /home-local/jenkins-local/jenkins-agent/workspace/Generic-Unit-Test-DPDK/dpdk/build/meson-logs/testlog.txt Test log output from the failed test fib6_autotest: Sorry, we were not able to find the logs for this test. Download the log output from the CI site for this test run. ==== End log output ==== Debian 12 (arm) Kernel: Depends on container host Compiler: gcc (Debian 12.2.0-14) 12.2.0 Ubuntu 20.04 Kernel: 5.4 Compiler: gcc gcc (Ubuntu 9.4.0-1ubuntu1~20.04.2) 9.4.0 Debian GNU/Linux 12 Kernel: 5.4 Compiler: gcc gcc (Debian 12.2.0-14+deb12u1) 12.2.0 CentOS Stream 9 Kernel: 5.4 Compiler: gcc gcc (GCC) 11.5.0 20240719 (Red Hat 11.5.0-11) Ubuntu 22.04 Kernel: 5.15 Compiler: gcc gcc (Ubuntu 11.4.0-1ubuntu1~22.04.2) 11.4.0 CentOS Stream 10 Kernel: 5.4 Compiler: gcc gcc (GCC) 14.2.1 20250110 (Red Hat 14.2.1-8) Fedora Linux 41 Kernel: 5.4 Compiler: clang gcc (GCC) 14.3.1 20250523 (Red Hat 14.3.1-1) Fedora Linux 40 Kernel: 5.4 Compiler: gcc gcc (GCC) 14.2.1 20240912 (Red Hat 14.2.1-3) Fedora Linux 42 Kernel: 5.4 Compiler: clang gcc (GCC) 15.2.1 20250808 (Red Hat 15.2.1-1) Ubuntu 24.04 Kernel: 5.4 Compiler: gcc gcc (Ubuntu 13.3.0-6ubuntu2~24.04) 13.3.0 Red Hat Enterprise Linux 9.5 Kernel: 5.4 Compiler: gcc gcc (GCC) 11.5.0 20240719 (Red Hat 11.5.0-2) To view detailed results, visit: https://lab.dpdk.org/results/dashboard/patchsets/34283/ UNH-IOL DPDK Community Lab To manage your email subscriptions, visit: https://lab.dpdk.org/results/dashboard/preferences/subscriptions/