From mboxrd@z Thu Jan 1 00:00:00 1970 Return-Path: Received: from mails.dpdk.org (mails.dpdk.org [217.70.189.124]) by inbox.dpdk.org (Postfix) with ESMTP id B732A48948 for ; Thu, 16 Oct 2025 02:16:39 +0200 (CEST) Received: from mails.dpdk.org (localhost [127.0.0.1]) by mails.dpdk.org (Postfix) with ESMTP id 9C0A640273; Thu, 16 Oct 2025 02:16:39 +0200 (CEST) Received: from mail-pf1-f225.google.com (mail-pf1-f225.google.com [209.85.210.225]) by mails.dpdk.org (Postfix) with ESMTP id 1715840273 for ; Thu, 16 Oct 2025 02:16:38 +0200 (CEST) Received: by mail-pf1-f225.google.com with SMTP id d2e1a72fcca58-789fb76b466so157891b3a.0 for ; Wed, 15 Oct 2025 17:16:37 -0700 (PDT) DKIM-Signature: v=1; a=rsa-sha256; c=relaxed/relaxed; d=iol.unh.edu; s=unh-iol; t=1760573797; x=1761178597; darn=dpdk.org; h=references:in-reply-to:cc:to:from:subject:message-id:date:from:to :cc:subject:date:message-id:reply-to; bh=sfLGTk9U2KwpTQ13KkA+JQF0lruVHaPR33l599fkJxM=; b=jPlq3he018RFtX8CUN0z/RxgxUQwijlySbw1j6lqgreHW/FoOW8daFPgIbMXG6pokc E0BwEeZSoJOmQuPpkU/JFp7nSIXXibnGvaXv7sghc104Ew7UAYlUDxqNLcxSFCKZMC3T g52Ima0QG4MbsOxj6FlqyFQUfVwx4JOJ7FUuw= X-Google-DKIM-Signature: v=1; a=rsa-sha256; c=relaxed/relaxed; d=1e100.net; s=20230601; t=1760573797; x=1761178597; h=references:in-reply-to:cc:to:from:subject:message-id:date :x-gm-message-state:from:to:cc:subject:date:message-id:reply-to; bh=sfLGTk9U2KwpTQ13KkA+JQF0lruVHaPR33l599fkJxM=; b=xRDaUQPhE38QfMQ/tt/vVuolslgnXVf3ms9FWG2e2NBpUH0BPThDTrjlH98aF07W2F iMSUv9lZBMm+lK/Ul9N+YSIkdzVa7vaVy4k0RmpFHbbxJ16EeoSep4vBSQTjRJv2w5Yn z1n6I6m2oEiFYRy8eSsRHjJLaOhNuGgZZuXgOfhjT6dH94NLyAHG+ma/aNmRYJrT1ljT 074rdhWdPSmMkxEkqzhXjEDZaW9ZZs7itrskUsit0AQsHMw5TO7jTbEl/HYEeb8HRCAM MxNDf4ME3LsHsIQtGBm9jvGy/iobQz3N5XiABz0qFQy9rwN9VQrjzDznTwYAR/S91KV/ reTA== X-Gm-Message-State: AOJu0Yzcugbu+4VJDqSqv4RH7QXzznZTOTYNNH6Gq+77FHzzLD0a7r+O KxhdnKV7cPtwCpy/eUnDgEbBrCrhViFsWF8Vcss8qSRvrwh+M6glWRsADVLfp5ZqGZ6IHSlkBG4 Ivp2NLyCmLNulkhhI+C6iBg1nzYPG0349FinAM9FhFoTk X-Gm-Gg: ASbGncs4DV80cUKhHr7va7tM34QTlFYz/ZBKvsvsstVhU3Z7r7mtjNTJbTxbct4UHKQ r0zx7s0p44tMD8qhCDSqu+VQtwkudLqcH9Qb/1lL69yfyuE8Erc0SIGEaErO9REh8Rfy722tN3i wICRJetbk3ZuEf89uvN8TsMEIyqzEjdvBxg4NgWof5ex9iFcx7NkJYqguWq40AGGP6fFG/7UmFL I1gWK/TUlmPlpMDQsqchp19bOOBymEvKeBvfU7FV7/axB5SeQlM46su2Dc7kRZjUKNR9PSnJx22 IlfzsmLeGg1lSjCZbN2k85ITc2VJJ2ff5NYkloUaEZs0ftG+/SrHQstbAsDX8dR0L7ysBLMdelP BKRuaFdotxXWUmRF2Ln1w5QvaStM5Yw4= X-Google-Smtp-Source: AGHT+IGkqugRKfQWe1JfG+PicTyLuoQ6X22P1LRhHPzSm8mpVfGKZ3YJdSHo+QIjPz4Qd6sgwRPmHjMT+g6g X-Received: by 2002:a05:6a20:3d19:b0:32d:7f48:4aa7 with SMTP id adf61e73a8af0-32da850e806mr38609507637.60.1760573797029; Wed, 15 Oct 2025 17:16:37 -0700 (PDT) Received: from postal.iol.unh.edu (postal.iol.unh.edu. [132.177.123.84]) by smtp-relay.gmail.com with ESMTPS id 41be03b00d2f7-b6a22776d03sm80898a12.0.2025.10.15.17.16.36 (version=TLS1_2 cipher=ECDHE-ECDSA-AES128-GCM-SHA256 bits=128/128); Wed, 15 Oct 2025 17:16:37 -0700 (PDT) X-Relaying-Domain: iol.unh.edu Date: Wed, 15 Oct 2025 17:16:37 -0700 (PDT) Message-ID: <68f03965.050a0220.2efbf9.4993SMTPIN_ADDED_MISSING@mx.google.com> Received: from [172.21.0.3] (unknown [172.18.0.240]) by postal.iol.unh.edu (Postfix) with ESMTP id B278E6051830; Wed, 15 Oct 2025 20:16:35 -0400 (EDT) Subject: |FAILURE| pw157687 [PATCH] net/enic: make local variable static From: dpdklab@iol.unh.edu To: Test Report Cc: dpdk-test-reports@iol.unh.edu, Stephen Hemminger , Stephen Hemminger In-Reply-To: <20251015231106.876172-1-stephen@networkplumber.org> References: <20251015231106.876172-1-stephen@networkplumber.org> Content-Type: text/plain X-BeenThere: test-report@dpdk.org X-Mailman-Version: 2.1.29 Precedence: list List-Id: automatic DPDK test reports List-Unsubscribe: , List-Archive: List-Post: List-Help: List-Subscribe: , Errors-To: test-report-bounces@dpdk.org Test-Label: iol-compile-amd64-testing Test-Status: FAILURE http://dpdk.org/patch/157687 _Testing issues_ Submitter: Stephen Hemminger Date: Wednesday, October 15 2025 23:11:06 DPDK git baseline: Repo:dpdk-next-net Branch: master CommitID:791cea04798a8e2de014b99c009cd25b5929000a 157687 --> testing issues Upstream job id: Generic-DPDK-Compile-Meson#434626 Test environment and result as below: +-------------------------------+--------------------+-------------------+------------------+-------------------------+-------------------+----------------------+ | Environment | dpdk_meson_compile | dpdk_compile_spdk | dpdk_compile_ovs | dpdk_llvm_clang_compile | dpdk_msvc_compile | dpdk_mingw64_compile | +===============================+====================+===================+==================+=========================+===================+======================+ | CentOS Stream 9 | PASS | WARN | SKIPPED | SKIPPED | SKIPPED | SKIPPED | +-------------------------------+--------------------+-------------------+------------------+-------------------------+-------------------+----------------------+ | CentOS Stream 10 | PEND | SKIPPED | SKIPPED | SKIPPED | SKIPPED | SKIPPED | +-------------------------------+--------------------+-------------------+------------------+-------------------------+-------------------+----------------------+ | Ubuntu 20.04 | PEND | SKIPPED | SKIPPED | SKIPPED | SKIPPED | SKIPPED | +-------------------------------+--------------------+-------------------+------------------+-------------------------+-------------------+----------------------+ | Debian GNU/Linux 12 | PASS | PEND | SKIPPED | SKIPPED | SKIPPED | SKIPPED | +-------------------------------+--------------------+-------------------+------------------+-------------------------+-------------------+----------------------+ | Fedora Linux 42 | PEND | PEND | PEND | SKIPPED | SKIPPED | SKIPPED | +-------------------------------+--------------------+-------------------+------------------+-------------------------+-------------------+----------------------+ | openSUSE Leap 15.6 | PEND | SKIPPED | SKIPPED | SKIPPED | SKIPPED | SKIPPED | +-------------------------------+--------------------+-------------------+------------------+-------------------------+-------------------+----------------------+ | Red Hat Enterprise Linux 8.10 | PASS | SKIPPED | SKIPPED | SKIPPED | SKIPPED | SKIPPED | +-------------------------------+--------------------+-------------------+------------------+-------------------------+-------------------+----------------------+ | Red Hat Enterprise Linux 9.5 | PASS | SKIPPED | SKIPPED | SKIPPED | SKIPPED | SKIPPED | +-------------------------------+--------------------+-------------------+------------------+-------------------------+-------------------+----------------------+ | Ubuntu 22.04 | PEND | PEND | SKIPPED | SKIPPED | SKIPPED | SKIPPED | +-------------------------------+--------------------+-------------------+------------------+-------------------------+-------------------+----------------------+ | FreeBSD 14.2 | PASS | SKIPPED | SKIPPED | SKIPPED | SKIPPED | SKIPPED | +-------------------------------+--------------------+-------------------+------------------+-------------------------+-------------------+----------------------+ | Ubuntu 24.04 | PEND | PEND | PEND | SKIPPED | SKIPPED | SKIPPED | +-------------------------------+--------------------+-------------------+------------------+-------------------------+-------------------+----------------------+ | Alpine Linux 3.22.0 | PEND | SKIPPED | SKIPPED | SKIPPED | SKIPPED | SKIPPED | +-------------------------------+--------------------+-------------------+------------------+-------------------------+-------------------+----------------------+ | Windows Server 2022 | SKIPPED | SKIPPED | SKIPPED | PASS | PASS | PEND | +-------------------------------+--------------------+-------------------+------------------+-------------------------+-------------------+----------------------+ ==== 20 line log output for CentOS Stream 9 (dpdk_compile_spdk): ==== --- Failed to get log output --- ==== End log output ==== CentOS Stream 9 Kernel: 5.15 Compiler: gcc gcc (GCC) 11.5.0 20240719 (Red Hat 11.5.0-11) CentOS Stream 10 Kernel: 5.15 Compiler: gcc gcc (GCC) 14.2.1 20250110 (Red Hat 14.2.1-8) Ubuntu 20.04 Kernel: 4.19 Compiler: gcc gcc (Ubuntu 9.4.0-1ubuntu1~20.04.2) 9.4.0 Debian GNU/Linux 12 Kernel: 5.15 Compiler: gcc gcc (Debian 12.2.0-14+deb12u1) 12.2.0 Fedora Linux 42 Kernel: 5.15 Compiler: clang gcc (GCC) 15.2.1 20250808 (Red Hat 15.2.1-1) openSUSE Leap 15.6 Kernel: 5.15 Compiler: gcc gcc (SUSE Linux) 7.5.0 Red Hat Enterprise Linux 8.10 Kernel: 5.15 Compiler: gcc gcc (GCC) 8.5.0 20210514 (Red Hat 8.5.0-22) Red Hat Enterprise Linux 9.5 Kernel: 5.15 Compiler: gcc gcc (GCC) 11.5.0 20240719 (Red Hat 11.5.0-2) Ubuntu 22.04 Kernel: 5.15 Compiler: gcc gcc (Ubuntu 11.4.0-1ubuntu1~22.04) 11.4.0 FreeBSD 14.2 Kernel: 14.2-RELEASE Compiler: clang 18.1.6 Ubuntu 24.04 Kernel: 5.15 Compiler: gcc gcc (Ubuntu 13.3.0-6ubuntu2~24.04) 13.3.0 Alpine Linux 3.22.0 Kernel: 5.15 Compiler: gcc gcc (Alpine 14.2.0) 14.2.0 Windows Server 2022 Kernel: 10.0.20348.2031 Compiler: clang 15.0.7, gcc 14.1.0 (MinGW), and MSVC VS 19.39.33521 To view detailed results, visit: https://lab.dpdk.org/results/dashboard/patchsets/34290/ UNH-IOL DPDK Community Lab To manage your email subscriptions, visit: https://lab.dpdk.org/results/dashboard/preferences/subscriptions/