From: dpdklab@iol.unh.edu
To: Test Report <test-report@dpdk.org>
Cc: dpdk-test-reports@iol.unh.edu
Subject: |PENDING| pw157689-157690 [PATCH] [v5,4/4] dma/hisi_acc: add doc
Date: Wed, 15 Oct 2025 19:27:12 -0700 (PDT) [thread overview]
Message-ID: <68f05800.170a0220.32a31c.89bcSMTPIN_ADDED_MISSING@mx.google.com> (raw)
In-Reply-To: <20251016015221.1423-5-fengchengwen@huawei.com>
Test-Label: iol-unit-amd64-testing
Test-Status: PENDING
http://dpdk.org/patch/157690
_Testing pending_
Submitter: Chengwen Feng <fengchengwen@huawei.com>
Date: Thursday, October 16 2025 01:52:21
DPDK git baseline: Repo:dpdk
Branch: master
CommitID:16f4c522003dcfecf23c8d38e009b95a3bbefd03
157689-157690 --> testing pending
Upstream job id: Generic-Unit-Test-DPDK#381868
Test environment and result as below:
+-------------------------------+----------------+
| Environment | dpdk_unit_test |
+===============================+================+
| Fedora Linux 42 | PEND |
+-------------------------------+----------------+
| Fedora Linux 41 | PEND |
+-------------------------------+----------------+
| CentOS Stream 9 | PASS |
+-------------------------------+----------------+
| CentOS Stream 10 | PEND |
+-------------------------------+----------------+
| Fedora Linux 40 | PEND |
+-------------------------------+----------------+
| Red Hat Enterprise Linux 8.10 | PEND |
+-------------------------------+----------------+
| Red Hat Enterprise Linux 9.5 | PEND |
+-------------------------------+----------------+
| Debian GNU/Linux 12 | PEND |
+-------------------------------+----------------+
| Ubuntu 20.04 | PEND |
+-------------------------------+----------------+
| Ubuntu 24.04 | PEND |
+-------------------------------+----------------+
| Ubuntu 22.04 | PEND |
+-------------------------------+----------------+
| Windows Server 2022 | PEND |
+-------------------------------+----------------+
Fedora Linux 42
Kernel: 5.15
Compiler: gcc gcc (GCC) 15.2.1 20250808 (Red Hat 15.2.1-1)
Fedora Linux 41
Kernel: 5.15
Compiler: gcc gcc (GCC) 14.3.1 20250523 (Red Hat 14.3.1-1)
CentOS Stream 9
Kernel: 5.15
Compiler: gcc gcc (GCC) 11.5.0 20240719 (Red Hat 11.5.0-11)
CentOS Stream 10
Kernel: 5.15
Compiler: gcc gcc (GCC) 14.2.1 20250110 (Red Hat 14.2.1-8)
Fedora Linux 40
Kernel: 5.15
Compiler: gcc gcc (GCC) 14.2.1 20240912 (Red Hat 14.2.1-3)
Red Hat Enterprise Linux 8.10
Kernel: 5.15
Compiler: gcc gcc (GCC) 8.5.0 20210514 (Red Hat 8.5.0-22)
Red Hat Enterprise Linux 9.5
Kernel: 5.15
Compiler: gcc gcc (GCC) 11.5.0 20240719 (Red Hat 11.5.0-2)
Debian GNU/Linux 12
Kernel: 5.15
Compiler: gcc gcc (Debian 12.2.0-14+deb12u1) 12.2.0
Ubuntu 20.04
Kernel: 5.15
Compiler: gcc gcc (Ubuntu 9.4.0-1ubuntu1~20.04.2) 9.4.0
Ubuntu 24.04
Kernel: 5.15
Compiler: gcc gcc (Ubuntu 13.3.0-6ubuntu2~24.04) 13.3.0
Ubuntu 22.04
Kernel: 5.15
Compiler: gcc gcc (Ubuntu 11.4.0-1ubuntu1~22.04) 11.4.0
Windows Server 2022
Kernel: 10.0.20348.2031
Compiler: clang 15.0.7, gcc 14.1.0 (MinGW), and MSVC VS 19.39.33521
To view detailed results, visit:
https://lab.dpdk.org/results/dashboard/patchsets/34291/
UNH-IOL DPDK Community Lab
To manage your email subscriptions, visit:
https://lab.dpdk.org/results/dashboard/preferences/subscriptions/
next prev parent reply other threads:[~2025-10-16 2:27 UTC|newest]
Thread overview: 19+ messages / expand[flat|nested] mbox.gz Atom feed top
[not found] <20251016015221.1423-5-fengchengwen@huawei.com>
2025-10-16 1:27 ` |SUCCESS| pw157689-157690 [PATCH v5 4/4] " qemudev
2025-10-16 1:32 ` qemudev
2025-10-16 1:53 ` |SUCCESS| pw157690 " checkpatch
2025-10-16 2:22 ` |PENDING| pw157689-157690 [PATCH] [v5,4/4] " dpdklab
2025-10-16 2:25 ` |SUCCESS| " dpdklab
2025-10-16 2:27 ` dpdklab [this message]
2025-10-16 2:29 ` dpdklab
2025-10-16 2:35 ` |PENDING| " dpdklab
2025-10-16 2:37 ` |FAILURE| " dpdklab
2025-10-16 2:38 ` |PENDING| " dpdklab
2025-10-16 2:44 ` |SUCCESS| " dpdklab
2025-10-16 2:46 ` dpdklab
2025-10-16 2:46 ` dpdklab
2025-10-16 2:47 ` |PENDING| " dpdklab
2025-10-16 3:04 ` |SUCCESS| " dpdklab
2025-10-16 3:12 ` dpdklab
2025-10-16 3:16 ` |WARNING| " dpdklab
2025-10-16 3:21 ` |SUCCESS| " dpdklab
2025-10-16 3:30 ` dpdklab
Reply instructions:
You may reply publicly to this message via plain-text email
using any one of the following methods:
* Save the following mbox file, import it into your mail client,
and reply-to-all from there: mbox
Avoid top-posting and favor interleaved quoting:
https://en.wikipedia.org/wiki/Posting_style#Interleaved_style
* Reply using the --to, --cc, and --in-reply-to
switches of git-send-email(1):
git send-email \
--in-reply-to=68f05800.170a0220.32a31c.89bcSMTPIN_ADDED_MISSING@mx.google.com \
--to=dpdklab@iol.unh.edu \
--cc=dpdk-test-reports@iol.unh.edu \
--cc=test-report@dpdk.org \
/path/to/YOUR_REPLY
https://kernel.org/pub/software/scm/git/docs/git-send-email.html
* If your mail client supports setting the In-Reply-To header
via mailto: links, try the mailto: link
Be sure your reply has a Subject: header at the top and a blank line
before the message body.
This is a public inbox, see mirroring instructions
for how to clone and mirror all data and code used for this inbox;
as well as URLs for NNTP newsgroup(s).