From mboxrd@z Thu Jan 1 00:00:00 1970 Return-Path: Received: from mails.dpdk.org (mails.dpdk.org [217.70.189.124]) by inbox.dpdk.org (Postfix) with ESMTP id CDBB74894A for ; Thu, 16 Oct 2025 04:37:59 +0200 (CEST) Received: from mails.dpdk.org (localhost [127.0.0.1]) by mails.dpdk.org (Postfix) with ESMTP id AE04340B99; Thu, 16 Oct 2025 04:37:59 +0200 (CEST) Received: from mail-qv1-f99.google.com (mail-qv1-f99.google.com [209.85.219.99]) by mails.dpdk.org (Postfix) with ESMTP id DEE854067C for ; Thu, 16 Oct 2025 04:37:56 +0200 (CEST) Received: by mail-qv1-f99.google.com with SMTP id 6a1803df08f44-78ea15d3489so3209256d6.3 for ; Wed, 15 Oct 2025 19:37:56 -0700 (PDT) DKIM-Signature: v=1; a=rsa-sha256; c=relaxed/relaxed; d=iol.unh.edu; s=unh-iol; t=1760582276; x=1761187076; darn=dpdk.org; h=references:in-reply-to:cc:to:from:subject:message-id:date:from:to :cc:subject:date:message-id:reply-to; bh=8nPLufRVG397kZYZO2f7JQeNDzx8U30/mjsIpNwXIjE=; b=dqhxcpiS2Jcf9AxMh0nMWtfncSuWUFvB8vcoBU4eKdHAmnhaM9R3W0kRTkKbeUxQwV C/30QVyNn/Ci1X54v9IoPsz+kF8EKMCKEDK/FAe3SeMi3jqub5vIKoS/bMtNbd3pVybT 8WdM63jgxkLKe8/VMkvFzZKdaMFDYLlXEVXIY= X-Google-DKIM-Signature: v=1; a=rsa-sha256; c=relaxed/relaxed; d=1e100.net; s=20230601; t=1760582276; x=1761187076; h=references:in-reply-to:cc:to:from:subject:message-id:date :x-gm-message-state:from:to:cc:subject:date:message-id:reply-to; bh=8nPLufRVG397kZYZO2f7JQeNDzx8U30/mjsIpNwXIjE=; b=c5nEl8Iu75YjzxYeFKMLztFd7WwSeJvOBMeip36BkLlIaQYYbZvCpg8s5fKjfRzdHX wUxHQlh+dqDZdO5H4/TF4lYCTxhV1J6tOneOb+BNm2ZwZJgxWy/y9w+7qKRQx92dGKDN KHU0hyFx8TgWe7zp8ZmFlQfFQKnHbxI+/PVNHbsDMaso/KUxUgQKwgm2MvfpAk75gLeC 2Z9hYSWDlV1zNurKS145WPcnHoMDk7YMH9sy327u3A6lZLNxRSbnESgTprMrRUIDfyL4 iH0cc2yusJCzW+Q8MzoN4GgiNGEo6Fogg2xIGedd6LxAWwOplUx69Kj9AsjnsGwrSykV KIsA== X-Gm-Message-State: AOJu0YxbXxOkuWz0jDzScw16b/XWFNDbq0p6Hon1YgF3RB5tJPwr1rX1 JWhDuyn+67TABxniW0JxpY5W+Jaag4/auv8JHmsEruD6x4EqqOByz1Fn7weQ55ox3tHrjgY6L+t ggGR0TVBbSx+Xn9xxg2C0PMfNtHkCIWNLiMiItxvjXXf24AevSm1jUqCrmRgQ X-Gm-Gg: ASbGncsK46JB7ZY76KN4Q1qaqDR/d4eRjCRWsavzwApBs7GRbwIVV7CI0K6JFsKqbX/ Zw01+HqPhPOxcltu+a+6sVdg1GFSPmKyQEKQRNzz+CK+9R8naHukiJ7oFAISe4diwfO08BgBTjE zEzIaVKFckVyArXX4lYS7avzTs02B58DIo5zC6NQbjboq1jV6VgdzE5/LutGg7B9tV5jiNru2m0 ddhxRL+jB5qVXS1bxYozys1/6Sx8xMh40tvRPPQ2VyZdmfxgK8AH7f/aaFJSkfVzbbFHnz3iNL4 uf5fCXgIq/rPFoJG7sdQFIaBBwi1W7AzYsG3P1Gm8AB6ZCJI4FDw6+VmjAjaPfBR43BAHcDvwjo J8H6fp1sM X-Google-Smtp-Source: AGHT+IFuNNWxkhGMNH9wvnmsnrxdTXci47A20OfrKtWUM6uMmKaP31JNOVhK5Gtu9EC0U/H9psoC7PMKHGkR X-Received: by 2002:a05:622a:1888:b0:4e7:234a:ccf4 with SMTP id d75a77b69052e-4e7234ad20fmr182900561cf.47.1760582276256; Wed, 15 Oct 2025 19:37:56 -0700 (PDT) Received: from postal.iol.unh.edu (postal.iol.unh.edu. [2606:4100:3880:1234::84]) by smtp-relay.gmail.com with ESMTPS id 6a1803df08f44-87c01221197sm3786086d6.11.2025.10.15.19.37.56 (version=TLS1_2 cipher=ECDHE-ECDSA-AES128-GCM-SHA256 bits=128/128); Wed, 15 Oct 2025 19:37:56 -0700 (PDT) X-Relaying-Domain: iol.unh.edu Date: Wed, 15 Oct 2025 19:37:56 -0700 (PDT) Message-ID: <68f05a84.050a0220.615ba.4506SMTPIN_ADDED_MISSING@mx.google.com> Received: from [172.21.0.4] (unknown [172.18.0.240]) by postal.iol.unh.edu (Postfix) with ESMTP id ECE536051830; Wed, 15 Oct 2025 22:37:55 -0400 (EDT) Subject: |FAILURE| pw157689-157690 [PATCH] [v5,4/4] dma/hisi_acc: add doc From: dpdklab@iol.unh.edu To: Test Report Cc: dpdk-test-reports@iol.unh.edu, Chengwen Feng In-Reply-To: <20251016015221.1423-5-fengchengwen@huawei.com> References: <20251016015221.1423-5-fengchengwen@huawei.com> Content-Type: text/plain X-BeenThere: test-report@dpdk.org X-Mailman-Version: 2.1.29 Precedence: list List-Id: automatic DPDK test reports List-Unsubscribe: , List-Archive: List-Post: List-Help: List-Subscribe: , Errors-To: test-report-bounces@dpdk.org Test-Label: iol-compile-amd64-testing Test-Status: FAILURE http://dpdk.org/patch/157690 _Testing issues_ Submitter: Chengwen Feng Date: Thursday, October 16 2025 01:52:21 DPDK git baseline: Repo:dpdk Branch: master CommitID:16f4c522003dcfecf23c8d38e009b95a3bbefd03 157689-157690 --> testing issues Upstream job id: Generic-DPDK-Compile-Meson#434681 Test environment and result as below: +-------------------------------+--------------------+-------------------+------------------+-------------------------+-------------------+----------------------+ | Environment | dpdk_meson_compile | dpdk_compile_spdk | dpdk_compile_ovs | dpdk_llvm_clang_compile | dpdk_msvc_compile | dpdk_mingw64_compile | +===============================+====================+===================+==================+=========================+===================+======================+ | CentOS Stream 9 | PEND | PEND | SKIPPED | SKIPPED | SKIPPED | SKIPPED | +-------------------------------+--------------------+-------------------+------------------+-------------------------+-------------------+----------------------+ | CentOS Stream 10 | PEND | SKIPPED | SKIPPED | SKIPPED | SKIPPED | SKIPPED | +-------------------------------+--------------------+-------------------+------------------+-------------------------+-------------------+----------------------+ | Fedora Linux 42 | PEND | PEND | PEND | SKIPPED | SKIPPED | SKIPPED | +-------------------------------+--------------------+-------------------+------------------+-------------------------+-------------------+----------------------+ | Red Hat Enterprise Linux 8.10 | PASS | SKIPPED | SKIPPED | SKIPPED | SKIPPED | SKIPPED | +-------------------------------+--------------------+-------------------+------------------+-------------------------+-------------------+----------------------+ | Ubuntu 20.04 | PASS | SKIPPED | SKIPPED | SKIPPED | SKIPPED | SKIPPED | +-------------------------------+--------------------+-------------------+------------------+-------------------------+-------------------+----------------------+ | openSUSE Leap 15.6 | PEND | SKIPPED | SKIPPED | SKIPPED | SKIPPED | SKIPPED | +-------------------------------+--------------------+-------------------+------------------+-------------------------+-------------------+----------------------+ | Debian GNU/Linux 12 | PEND | PEND | SKIPPED | SKIPPED | SKIPPED | SKIPPED | +-------------------------------+--------------------+-------------------+------------------+-------------------------+-------------------+----------------------+ | Ubuntu 22.04 | PASS | WARN | SKIPPED | SKIPPED | SKIPPED | SKIPPED | +-------------------------------+--------------------+-------------------+------------------+-------------------------+-------------------+----------------------+ | Ubuntu 24.04 | PEND | PEND | PEND | SKIPPED | SKIPPED | SKIPPED | +-------------------------------+--------------------+-------------------+------------------+-------------------------+-------------------+----------------------+ | Red Hat Enterprise Linux 9.5 | PASS | SKIPPED | SKIPPED | SKIPPED | SKIPPED | SKIPPED | +-------------------------------+--------------------+-------------------+------------------+-------------------------+-------------------+----------------------+ | FreeBSD 14.2 | PASS | SKIPPED | SKIPPED | SKIPPED | SKIPPED | SKIPPED | +-------------------------------+--------------------+-------------------+------------------+-------------------------+-------------------+----------------------+ | Alpine Linux 3.22.0 | PEND | SKIPPED | SKIPPED | SKIPPED | SKIPPED | SKIPPED | +-------------------------------+--------------------+-------------------+------------------+-------------------------+-------------------+----------------------+ | Windows Server 2022 | SKIPPED | SKIPPED | SKIPPED | PASS | PEND | PEND | +-------------------------------+--------------------+-------------------+------------------+-------------------------+-------------------+----------------------+ ==== 20 line log output for Ubuntu 22.04 (dpdk_compile_spdk): ==== --- Failed to get log output --- ==== End log output ==== CentOS Stream 9 Kernel: 5.15 Compiler: gcc gcc (GCC) 11.5.0 20240719 (Red Hat 11.5.0-11) CentOS Stream 10 Kernel: 5.15 Compiler: gcc gcc (GCC) 14.2.1 20250110 (Red Hat 14.2.1-8) Fedora Linux 42 Kernel: 5.15 Compiler: clang gcc (GCC) 15.2.1 20250808 (Red Hat 15.2.1-1) Red Hat Enterprise Linux 8.10 Kernel: 5.15 Compiler: gcc gcc (GCC) 8.5.0 20210514 (Red Hat 8.5.0-22) Ubuntu 20.04 Kernel: 4.19 Compiler: gcc gcc (Ubuntu 9.4.0-1ubuntu1~20.04.2) 9.4.0 openSUSE Leap 15.6 Kernel: 5.15 Compiler: gcc gcc (SUSE Linux) 7.5.0 Debian GNU/Linux 12 Kernel: 5.15 Compiler: gcc gcc (Debian 12.2.0-14+deb12u1) 12.2.0 Ubuntu 22.04 Kernel: 5.15 Compiler: gcc gcc (Ubuntu 11.4.0-1ubuntu1~22.04) 11.4.0 Ubuntu 24.04 Kernel: 5.15 Compiler: gcc gcc (Ubuntu 13.3.0-6ubuntu2~24.04) 13.3.0 Red Hat Enterprise Linux 9.5 Kernel: 5.15 Compiler: gcc gcc (GCC) 11.5.0 20240719 (Red Hat 11.5.0-2) FreeBSD 14.2 Kernel: 14.2-RELEASE Compiler: clang 18.1.6 Alpine Linux 3.22.0 Kernel: 5.15 Compiler: gcc gcc (Alpine 14.2.0) 14.2.0 Windows Server 2022 Kernel: 10.0.20348.2031 Compiler: clang 15.0.7, gcc 14.1.0 (MinGW), and MSVC VS 19.39.33521 To view detailed results, visit: https://lab.dpdk.org/results/dashboard/patchsets/34291/ UNH-IOL DPDK Community Lab To manage your email subscriptions, visit: https://lab.dpdk.org/results/dashboard/preferences/subscriptions/