From mboxrd@z Thu Jan 1 00:00:00 1970 Return-Path: Received: from mails.dpdk.org (mails.dpdk.org [217.70.189.124]) by inbox.dpdk.org (Postfix) with ESMTP id 643C14894C for ; Thu, 16 Oct 2025 08:04:01 +0200 (CEST) Received: from mails.dpdk.org (localhost [127.0.0.1]) by mails.dpdk.org (Postfix) with ESMTP id 4749E40269; Thu, 16 Oct 2025 08:04:01 +0200 (CEST) Received: from mail-yx1-f98.google.com (mail-yx1-f98.google.com [74.125.224.98]) by mails.dpdk.org (Postfix) with ESMTP id E55E740269 for ; Thu, 16 Oct 2025 08:03:59 +0200 (CEST) Received: by mail-yx1-f98.google.com with SMTP id 956f58d0204a3-633be3be1e6so510523d50.1 for ; Wed, 15 Oct 2025 23:03:59 -0700 (PDT) DKIM-Signature: v=1; a=rsa-sha256; c=relaxed/relaxed; d=iol.unh.edu; s=unh-iol; t=1760594639; x=1761199439; darn=dpdk.org; h=cc:to:from:subject:message-id:date:from:to:cc:subject:date :message-id:reply-to; bh=G2jwFZj2njrvyUMEGzg7Xs/ItiQUzol6FD002M+zAjk=; b=MSAVXbQPRCO5D5cVgeop2ZdDXHQVeL2lWMb9eB1dfvV1bBrL63NTDROhV/gJkRBxZV 4EUS+aakTbg4K3ep86rTcN/JDkY716NBxRXOzcwsqfaBsI1TY5vLnaSqNRRoHZbLws5G aSVou+YYGNVLJDU+jAfRO1gVh23PnO49qRFio= X-Google-DKIM-Signature: v=1; a=rsa-sha256; c=relaxed/relaxed; d=1e100.net; s=20230601; t=1760594639; x=1761199439; h=cc:to:from:subject:message-id:date:x-gm-message-state:from:to:cc :subject:date:message-id:reply-to; bh=G2jwFZj2njrvyUMEGzg7Xs/ItiQUzol6FD002M+zAjk=; b=f4ruzRJlF1g9NIrR/y0fVIc4eK0BFhZWGzYpdBq05/jB6UG3Ft+/wGnEGIj/W8fzvs EdF5lV+CafTTcrmfXSsW/G/prG98ecIWt9g/oL7FBcRNKFCIdIgjHjX9qWRlzi4nAhue /bnmBhWNTA5kkvdM+Mi7KAoYYS7avoUXpKq4RG32BcYCkm2cASabkAqVsigM2qf7hVJ1 dhQrK5X9NAoBlN1AD8vbjY+GBKTc+YVk2p1h25eTmrWxT248xLghEFmbrpAZUe7WGOtI dL/37YzubNpu0Iq58dbhKE+GJtMWensVguQuaeLwj+1dlJNXopeikWtCgdjpoisQyUPD G3Ig== X-Gm-Message-State: AOJu0YyT1ZHUv6sJ3Yd2Zdn+/zWmrdNtXMd8xnatnw+DrVimuKK3/G7x ouWePKVq6oHFqqDSpYmuUMBn1+RYqb0JZ01xsn0+zFSJG5KJyBg0l/Hwotynn8xcd1LRDci8U+O iQS30DU/FXYgAoH+SzvTyLfTlvrOQmYTr4bN1Cw86eK1sHOP061Kh X-Gm-Gg: ASbGncuIjU0jaauWPq1Nh7LyqeM7VZxNY/mF4v8IW7LAnoZjJ5Q2p+S4wXHmY5rbCen /8+hh+dxwYJ1fvcbbgNv/RefVJ2g9xvKiB8lCdhFNN3s5qV1+HKCcMiFya6nyFxjQaSXApF7cpP baRpTbFc2z5wMuQfRnnkVS8xZhvDsZO8r0wiwGPO6BH50lPfJApsDImXUDdItHFHpco40SZKYjY EYxN+Ife7zDEnvavkOtCoD0C/dixLeiAN+02baAJ+JXio3S7gkrkZzOS4Z2h/12MmFCL3aWBtyW 1mUI2cthUoW/ngxq6CLwStqZZWIksApglXefSvkv9Qd2LV8nIvF3c+lkLGGI1OxQxjIwpwHz+mQ b8OrwBsJ6 X-Google-Smtp-Source: AGHT+IHDhKEedBNiBFp/HWThnaoGnKGRPnA55rNe2FeQFDE1f+1Ce62kcooKTqBYSQwAGRojSIe9EK3XNfuA X-Received: by 2002:a05:690e:4012:b0:62f:ce58:62ed with SMTP id 956f58d0204a3-63e08fd5985mr2034714d50.18.1760594639035; Wed, 15 Oct 2025 23:03:59 -0700 (PDT) Received: from postal.iol.unh.edu (postal.iol.unh.edu. [2606:4100:3880:1234::84]) by smtp-relay.gmail.com with ESMTPS id 00721157ae682-7828fc58c26sm1136767b3.25.2025.10.15.23.03.58 (version=TLS1_2 cipher=ECDHE-ECDSA-AES128-GCM-SHA256 bits=128/128); Wed, 15 Oct 2025 23:03:59 -0700 (PDT) X-Relaying-Domain: iol.unh.edu Date: Wed, 15 Oct 2025 23:03:59 -0700 (PDT) Message-ID: <68f08acf.050a0220.7d63b.6757SMTPIN_ADDED_MISSING@mx.google.com> Received: from [172.21.0.2] (unknown [172.18.0.240]) by postal.iol.unh.edu (Postfix) with ESMTP id B94016051830; Thu, 16 Oct 2025 02:03:58 -0400 (EDT) Subject: |FAILURE| [GIT MASTER] 62f583c49bf67dd4d6733ece14e55fe6839e66d1 From: dpdklab@iol.unh.edu To: Test Report Cc: dpdk-test-reports@iol.unh.edu, Xueming Li , Christian Ehrhardt , Kevin Traynor , Luca Boccassi Content-Type: text/plain X-BeenThere: test-report@dpdk.org X-Mailman-Version: 2.1.29 Precedence: list List-Id: automatic DPDK test reports List-Unsubscribe: , List-Archive: List-Post: List-Help: List-Subscribe: , Errors-To: test-report-bounces@dpdk.org _Testing issues_ Branch: tags/v23.11 62f583c49bf67dd4d6733ece14e55fe6839e66d1 --> testing issues Upstream job id: Windows-Compile-DPDK-Native#31663 Test environment and result as below: +---------------------+--------------------+-------------------+-------------------------+ | Environment | dpdk_meson_compile | dpdk_msvc_compile | dpdk_llvm_clang_compile | +=====================+====================+===================+=========================+ | Ubuntu 20.04 | PASS | SKIPPED | SKIPPED | +---------------------+--------------------+-------------------+-------------------------+ | FreeBSD 14.2 | PASS | SKIPPED | SKIPPED | +---------------------+--------------------+-------------------+-------------------------+ | Windows Server 2022 | SKIPPED | PASS | FAIL | +---------------------+--------------------+-------------------+-------------------------+ ==== 20 line log output for Windows Server 2022 (dpdk_llvm_clang_compile): ==== Compiler for C supports arguments -mavx512f: YES (cached) Compiler for C supports arguments -mavx512bw: YES (cached) Compiler for C supports arguments -mavx512dq: YES (cached) Compiler for C supports arguments -march=skylake-avx512: YES Message: drivers/common/idpf: Defining dependency "common_idpf" Message: drivers/bus/auxiliary: Defining dependency "bus_auxiliary" Compiler for C supports arguments -Wno-cast-qual: YES (cached) Compiler for C supports arguments -Wno-pointer-arith: YES (cached) Message: drivers/bus/pci: Defining dependency "bus_pci" Message: drivers/bus/vdev: Defining dependency "bus_vdev" Compiler for C supports arguments -std=c11: YES Compiler for C supports arguments -Wno-strict-prototypes: YES Compiler for C supports arguments -D_BSD_SOURCE: YES Compiler for C supports arguments -D_DEFAULT_SOURCE: YES Compiler for C supports arguments -D_XOPEN_SOURCE=600: YES Has header "mlx5devx.h" : YES drivers\common\mlx5\windows\meson.build:10:13: ERROR: C shared or static library 'mlx5devx' not found A full log can be found at C:\Users\builder\jenkins\workspace\Windows-Compile-DPDK-Native\dpdk\build\meson-logs\meson-log.txt ==== End log output ==== Ubuntu 20.04 Kernel: 4.19 Compiler: gcc gcc (Ubuntu 9.4.0-1ubuntu1~20.04.2) 9.4.0 FreeBSD 14.2 Kernel: 14.2-RELEASE Compiler: clang 18.1.6 Windows Server 2022 Kernel: 10.0.20348.2031 Compiler: clang 15.0.7, gcc 14.1.0 (MinGW), and MSVC VS 19.39.33521 To view detailed results, visit: https://lab.dpdk.org/results/dashboard/tarballs/35228/ UNH-IOL DPDK Community Lab To manage your email subscriptions, visit: https://lab.dpdk.org/results/dashboard/preferences/subscriptions/