From mboxrd@z Thu Jan 1 00:00:00 1970 Return-Path: Received: from mails.dpdk.org (mails.dpdk.org [217.70.189.124]) by inbox.dpdk.org (Postfix) with ESMTP id DB7FF4894D for ; Thu, 16 Oct 2025 08:09:21 +0200 (CEST) Received: from mails.dpdk.org (localhost [127.0.0.1]) by mails.dpdk.org (Postfix) with ESMTP id D703A40269; Thu, 16 Oct 2025 08:09:21 +0200 (CEST) Received: from mail-pl1-f225.google.com (mail-pl1-f225.google.com [209.85.214.225]) by mails.dpdk.org (Postfix) with ESMTP id C480840269 for ; Thu, 16 Oct 2025 08:09:14 +0200 (CEST) Received: by mail-pl1-f225.google.com with SMTP id d9443c01a7336-27ee41e074dso4672375ad.1 for ; Wed, 15 Oct 2025 23:09:14 -0700 (PDT) DKIM-Signature: v=1; a=rsa-sha256; c=relaxed/relaxed; d=iol.unh.edu; s=unh-iol; t=1760594954; x=1761199754; darn=dpdk.org; h=cc:to:from:subject:message-id:date:from:to:cc:subject:date :message-id:reply-to; bh=/bo+kN9aofGT0xw3V1vaKWc2NilvqEjiBgkFOsuc8ws=; b=JJmApz8X040GQ8SiUFgbLW3NLt4AB/VMoCmkKNbM5mSALz7UsACnIo/gA6gYHBBOF8 hNE4zar4bWJNIktqexS7xJ9YF/eMS+qk1hwLsUXFsHM7kb5AN4D33PrEz55iFUCTuDj8 Zf5rejWewsOYbd72NuO7wEo1tU48Owr57hvfg= X-Google-DKIM-Signature: v=1; a=rsa-sha256; c=relaxed/relaxed; d=1e100.net; s=20230601; t=1760594954; x=1761199754; h=cc:to:from:subject:message-id:date:x-gm-message-state:from:to:cc :subject:date:message-id:reply-to; bh=/bo+kN9aofGT0xw3V1vaKWc2NilvqEjiBgkFOsuc8ws=; b=wu1mYSlBrQP/NJIMaBv+BrbwgswcxxL3HzmS3QfVtltE4+l2onax2DctJ8LE3qcLH4 LziWIuVuZ9cJYm7eu41GsaCmzgZ5GzoqSLtED5RuhopCq/eZlcqYiKpR1c9sQahd+vJD Nk1/bf3XQ1rnfZwN8hezUVqbcBTrRBi7SrSc0N6Ihw9nxxhOPkfehg+/fN7BT6jp1QIo sFcAYBjdu44e+9k44Sdf9YtnI8Ag0jF4P4jSRSsZQluOfjdxPf/xH5G4j+F3/dgz6L/Q VywGrOMgNhMbA0IlZLfA1LHxCHisFquzxOuuP+7BTVMtpmqPXH1FTBR4EYxWoT3yZ/Pf Pdpw== X-Gm-Message-State: AOJu0YxSKdCwCfyf2FdGAB2ggdD8PjLIteYnskeQk/hVfWAyg4fzqtg7 pUuUsiCvKb0Wy/QSQ9W+CWOTibfAm1TPaoUOkniDX/fDKG0LiHFMsq8zde8ERJc4wvT2uachSoF OCoqwqabgMeFwsQdDMtO6fUq26eKPRggk7wJj/GE/tRolu8Rcwycb X-Gm-Gg: ASbGncvidyV/L2Ra3uJ+eTgVqli1zofW1BQCDR4SO1XID7erVOumpxOTjsQUS4FQWgu 7yZVAiQ49gZorElSA896lCyx+Avjv86E3Qf9ggwRikiACbdBDqH6C1GDXogxSs2lgozf+3IA+Pm tFD++Y3NHexpbpj+vNH+UIANl8+YMRUMvxk5mpTSc7XIo+ASjnGy5MIeLA6lieWUzWfsdmw2yce u+Ver2nsEk1AdqZcApMxcEG5srlhICNoCnYTmiqqPR0PKodaEQksfyXkGNdbRdu0PF0lGxsxyk/ XtsMWIq/U1Rp+ZGd6wHp2YwH87LW0j+DQ0l94KjN+ZtHeKgGy9s1vzTbNWBVnIWHqbeWEbV1ySM ztn51y1tX X-Google-Smtp-Source: AGHT+IH+R+Ztburph90BoEQrKza2qaw8bJotzj4HYSi5S3aFRxr0Xu7XpBDmrXpxcTamNqeOFruren4PW1+A X-Received: by 2002:a17:903:41c9:b0:23f:fa79:15d0 with SMTP id d9443c01a7336-290272e1026mr455261725ad.46.1760594953888; Wed, 15 Oct 2025 23:09:13 -0700 (PDT) Received: from postal.iol.unh.edu (postal.iol.unh.edu. [2606:4100:3880:1234::84]) by smtp-relay.gmail.com with ESMTPS id d9443c01a7336-2909967556esm1801905ad.41.2025.10.15.23.09.13 (version=TLS1_2 cipher=ECDHE-ECDSA-AES128-GCM-SHA256 bits=128/128); Wed, 15 Oct 2025 23:09:13 -0700 (PDT) X-Relaying-Domain: iol.unh.edu Date: Wed, 15 Oct 2025 23:09:13 -0700 (PDT) Message-ID: <68f08c09.170a0220.25af43.92d3SMTPIN_ADDED_MISSING@mx.google.com> Received: from [172.21.0.4] (unknown [172.18.0.240]) by postal.iol.unh.edu (Postfix) with ESMTP id 648B86051830; Thu, 16 Oct 2025 02:09:13 -0400 (EDT) Subject: |FAILURE| [GIT MASTER] 62f583c49bf67dd4d6733ece14e55fe6839e66d1 From: dpdklab@iol.unh.edu To: Test Report Cc: dpdk-test-reports@iol.unh.edu, Xueming Li , Christian Ehrhardt , Kevin Traynor , Luca Boccassi Content-Type: text/plain X-BeenThere: test-report@dpdk.org X-Mailman-Version: 2.1.29 Precedence: list List-Id: automatic DPDK test reports List-Unsubscribe: , List-Archive: List-Post: List-Help: List-Subscribe: , Errors-To: test-report-bounces@dpdk.org _Testing issues_ Branch: tags/v23.11 62f583c49bf67dd4d6733ece14e55fe6839e66d1 --> testing issues Upstream job id: Windows-Compile-DPDK-Native#31664 Test environment and result as below: +---------------------+--------------------+-------------------+-------------------------+----------------------+ | Environment | dpdk_meson_compile | dpdk_msvc_compile | dpdk_llvm_clang_compile | dpdk_mingw64_compile | +=====================+====================+===================+=========================+======================+ | Ubuntu 20.04 | PASS | SKIPPED | SKIPPED | SKIPPED | +---------------------+--------------------+-------------------+-------------------------+----------------------+ | FreeBSD 14.2 | PASS | SKIPPED | SKIPPED | SKIPPED | +---------------------+--------------------+-------------------+-------------------------+----------------------+ | Windows Server 2022 | SKIPPED | PASS | FAIL | PASS | +---------------------+--------------------+-------------------+-------------------------+----------------------+ ==== 20 line log output for Windows Server 2022 (dpdk_llvm_clang_compile): ==== Compiler for C supports arguments -mavx512f: YES (cached) Compiler for C supports arguments -mavx512bw: YES (cached) Compiler for C supports arguments -mavx512dq: YES (cached) Compiler for C supports arguments -march=skylake-avx512: YES Message: drivers/common/idpf: Defining dependency "common_idpf" Message: drivers/bus/auxiliary: Defining dependency "bus_auxiliary" Compiler for C supports arguments -Wno-cast-qual: YES (cached) Compiler for C supports arguments -Wno-pointer-arith: YES (cached) Message: drivers/bus/pci: Defining dependency "bus_pci" Message: drivers/bus/vdev: Defining dependency "bus_vdev" Compiler for C supports arguments -std=c11: YES Compiler for C supports arguments -Wno-strict-prototypes: YES Compiler for C supports arguments -D_BSD_SOURCE: YES Compiler for C supports arguments -D_DEFAULT_SOURCE: YES Compiler for C supports arguments -D_XOPEN_SOURCE=600: YES Has header "mlx5devx.h" : YES drivers\common\mlx5\windows\meson.build:10:13: ERROR: C shared or static library 'mlx5devx' not found A full log can be found at C:\Users\builder\jenkins\workspace\Windows-Compile-DPDK-Native\dpdk\build\meson-logs\meson-log.txt ==== End log output ==== Ubuntu 20.04 Kernel: 4.19 Compiler: gcc gcc (Ubuntu 9.4.0-1ubuntu1~20.04.2) 9.4.0 FreeBSD 14.2 Kernel: 14.2-RELEASE Compiler: clang 18.1.6 Windows Server 2022 Kernel: 10.0.20348.2031 Compiler: clang 15.0.7, gcc 14.1.0 (MinGW), and MSVC VS 19.39.33521 To view detailed results, visit: https://lab.dpdk.org/results/dashboard/tarballs/35228/ UNH-IOL DPDK Community Lab To manage your email subscriptions, visit: https://lab.dpdk.org/results/dashboard/preferences/subscriptions/