From mboxrd@z Thu Jan 1 00:00:00 1970 Return-Path: Received: from mails.dpdk.org (mails.dpdk.org [217.70.189.124]) by inbox.dpdk.org (Postfix) with ESMTP id C7A744894D for ; Thu, 16 Oct 2025 08:27:26 +0200 (CEST) Received: from mails.dpdk.org (localhost [127.0.0.1]) by mails.dpdk.org (Postfix) with ESMTP id A37A540269; Thu, 16 Oct 2025 08:27:26 +0200 (CEST) Received: from mail-pf1-f226.google.com (mail-pf1-f226.google.com [209.85.210.226]) by mails.dpdk.org (Postfix) with ESMTP id B263440269 for ; Thu, 16 Oct 2025 08:27:24 +0200 (CEST) Received: by mail-pf1-f226.google.com with SMTP id d2e1a72fcca58-781206cce18so363014b3a.0 for ; Wed, 15 Oct 2025 23:27:24 -0700 (PDT) DKIM-Signature: v=1; a=rsa-sha256; c=relaxed/relaxed; d=iol.unh.edu; s=unh-iol; t=1760596044; x=1761200844; darn=dpdk.org; h=cc:to:from:subject:message-id:date:from:to:cc:subject:date :message-id:reply-to; bh=l+eBAn0q2lCO893QBDockDbEUHN7m71HEfZq0N8F1b0=; b=V2VvoO5W+jIg3cmceVq1lkyJjrxt04cex0XMi879+tuVWgrpyyDccrTVIQF+Bz5oLe Wjjcb+TFiPgTL6RZI7vVTlQTUsHZWy5DCJRvAgaO4KxN5o3nwBa4ZLRdIooconTKpjcV iong7rZorTp3mlWKE7obr0S9OX24nchxXO298= X-Google-DKIM-Signature: v=1; a=rsa-sha256; c=relaxed/relaxed; d=1e100.net; s=20230601; t=1760596044; x=1761200844; h=cc:to:from:subject:message-id:date:x-gm-message-state:from:to:cc :subject:date:message-id:reply-to; bh=l+eBAn0q2lCO893QBDockDbEUHN7m71HEfZq0N8F1b0=; b=A4BJ1+t0fBDVFymNfcxe86IB8EiiY+VthEjk9IHuPrGB+ALo7pWjpP68Huz16MEfVd ArCxo1g04smaPPj9Cv4h+LgqwcfhWDv/0Wno4RCTLJ8j2IbwLThwBA5k2A0X00KwjYtV yDp3s0CMwnzj6rJ+2kiAvusoJggkHeE54jSU+0YgYZ+Rb1fvJ0bFbvatJRaOFHUOJ0aw gsFSDlxnHm/ik3wJv4AMXne0meI4gJMnUva89rdZx6RsZ0hDoy0ujlSOo+ZyYuhd/vvC yY+PLv7RsEcqmtmfG3GwnjJ5OlSO0Qu5WXNkoFtV4k0k8J5UxETmjc8IzL59MrmZIlRg cvKQ== X-Gm-Message-State: AOJu0Yzfg+QcN4ncxowpWLrJYvRkzgIyWf+fxwvg/7WWw8uey/b7l1Ui mUoUFhun5eoD51/pqTHP2MfWF066U59Fv86ozQEtqtwxqPrjv/2P2o9KH0qGkGkUUXs+mQ7XzUW Mf391bJv17adAjPfnyoNjQibuZgqA/xmlQymemPSsKUL+NBZtSOfq X-Gm-Gg: ASbGncsDVgUJLkcZPbH1STZWLthmKVq3u5cTg+B59800B/6ysdX3YibPSpNxSlzcz9t a+pQMNUv016kvP/S3QPmiCRufk0BgkVTFn0mxOZsk7hAiIuyrMOMbpRgm3e8ylFKWG27ubPEvrJ uwUO4kuKdFS0FtMNAExWoT3LzcdLQMvTAn0nvirW/j+Q4VInYCtwCL/gvG9NQpwY7rUDiPM0eEr RbLYLMut2Q4P83fTClp3EaGmfjg0d081NPYTwBjHQwCdMHLTCYNjsX9y9u91DGFrxPmGd2w3XsY Eefd6tmP3zbhEEamCeOWflVwtTZMxxvo7xKPjD/+Bv0E33IZCSjZXhHXuuoTK7ycVhMyxYms+ew S4OjeD5tQ X-Google-Smtp-Source: AGHT+IEIZOKta1l85zyD6APQtf9v3FN4DTH/7pLe5WClheQPWdVc9GwRKwD413wcJi3CPlzGQ1w6d0Ir5N1f X-Received: by 2002:a05:6a21:3395:b0:2c9:6c3e:b123 with SMTP id adf61e73a8af0-33495ec1e9dmr4544262637.31.1760596043855; Wed, 15 Oct 2025 23:27:23 -0700 (PDT) Received: from postal.iol.unh.edu (postal.iol.unh.edu. [2606:4100:3880:1234::84]) by smtp-relay.gmail.com with ESMTPS id 41be03b00d2f7-b6a22b70be8sm119399a12.14.2025.10.15.23.27.23 (version=TLS1_2 cipher=ECDHE-ECDSA-AES128-GCM-SHA256 bits=128/128); Wed, 15 Oct 2025 23:27:23 -0700 (PDT) X-Relaying-Domain: iol.unh.edu Date: Wed, 15 Oct 2025 23:27:23 -0700 (PDT) Message-ID: <68f0904b.630a0220.d7ef8.615cSMTPIN_ADDED_MISSING@mx.google.com> Received: from [172.21.0.2] (unknown [172.18.0.240]) by postal.iol.unh.edu (Postfix) with ESMTP id D8B806051830; Thu, 16 Oct 2025 02:27:22 -0400 (EDT) Subject: |FAILURE| [GIT MASTER] 62f583c49bf67dd4d6733ece14e55fe6839e66d1 From: dpdklab@iol.unh.edu To: Test Report Cc: dpdk-test-reports@iol.unh.edu, Xueming Li , Christian Ehrhardt , Kevin Traynor , Luca Boccassi Content-Type: text/plain X-BeenThere: test-report@dpdk.org X-Mailman-Version: 2.1.29 Precedence: list List-Id: automatic DPDK test reports List-Unsubscribe: , List-Archive: List-Post: List-Help: List-Subscribe: , Errors-To: test-report-bounces@dpdk.org _Testing issues_ Branch: tags/v23.11 62f583c49bf67dd4d6733ece14e55fe6839e66d1 --> testing issues Upstream job id: Generic-Unit-Test-DPDK#382022 Test environment and result as below: +-------------------------------+----------------+ | Environment | dpdk_unit_test | +===============================+================+ | CentOS Stream 9 | PASS | +-------------------------------+----------------+ | Debian GNU/Linux 12 | PASS | +-------------------------------+----------------+ | CentOS Stream 10 | PASS | +-------------------------------+----------------+ | Fedora Linux 40 | PASS | +-------------------------------+----------------+ | Fedora Linux 41 | PASS | +-------------------------------+----------------+ | Red Hat Enterprise Linux 8.10 | PEND | +-------------------------------+----------------+ | Ubuntu 24.04 | PEND | +-------------------------------+----------------+ | Fedora Linux 42 | PEND | +-------------------------------+----------------+ | Ubuntu 22.04 | PEND | +-------------------------------+----------------+ | Red Hat Enterprise Linux 9.5 | PEND | +-------------------------------+----------------+ | Ubuntu 20.04 | PEND | +-------------------------------+----------------+ CentOS Stream 9 Kernel: 5.15 Compiler: gcc gcc (GCC) 11.5.0 20240719 (Red Hat 11.5.0-11) Debian GNU/Linux 12 Kernel: 5.15 Compiler: gcc gcc (Debian 12.2.0-14+deb12u1) 12.2.0 CentOS Stream 10 Kernel: 5.15 Compiler: gcc gcc (GCC) 14.2.1 20250110 (Red Hat 14.2.1-8) Fedora Linux 40 Kernel: 5.15 Compiler: clang gcc (GCC) 14.2.1 20240912 (Red Hat 14.2.1-3) Fedora Linux 41 Kernel: 5.15 Compiler: gcc gcc (GCC) 14.3.1 20250523 (Red Hat 14.3.1-1) Red Hat Enterprise Linux 8.10 Kernel: 5.15 Compiler: gcc gcc (GCC) 8.5.0 20210514 (Red Hat 8.5.0-22) Ubuntu 24.04 Kernel: 5.15 Compiler: gcc gcc (Ubuntu 13.3.0-6ubuntu2~24.04) 13.3.0 Fedora Linux 42 Kernel: 5.15 Compiler: gcc gcc (GCC) 15.2.1 20250808 (Red Hat 15.2.1-1) Ubuntu 22.04 Kernel: 5.15 Compiler: gcc gcc (Ubuntu 11.4.0-1ubuntu1~22.04) 11.4.0 Red Hat Enterprise Linux 9.5 Kernel: 5.15 Compiler: gcc gcc (GCC) 11.5.0 20240719 (Red Hat 11.5.0-2) Ubuntu 20.04 Kernel: 5.15 Compiler: gcc gcc (Ubuntu 9.4.0-1ubuntu1~20.04.2) 9.4.0 To view detailed results, visit: https://lab.dpdk.org/results/dashboard/tarballs/35228/ UNH-IOL DPDK Community Lab To manage your email subscriptions, visit: https://lab.dpdk.org/results/dashboard/preferences/subscriptions/