From mboxrd@z Thu Jan 1 00:00:00 1970 Return-Path: Received: from mails.dpdk.org (mails.dpdk.org [217.70.189.124]) by inbox.dpdk.org (Postfix) with ESMTP id B8B9D4894D for ; Thu, 16 Oct 2025 09:06:27 +0200 (CEST) Received: from mails.dpdk.org (localhost [127.0.0.1]) by mails.dpdk.org (Postfix) with ESMTP id 9B73B40269; Thu, 16 Oct 2025 09:06:27 +0200 (CEST) Received: from mail-il1-f226.google.com (mail-il1-f226.google.com [209.85.166.226]) by mails.dpdk.org (Postfix) with ESMTP id 6220E40269 for ; Thu, 16 Oct 2025 09:06:26 +0200 (CEST) Received: by mail-il1-f226.google.com with SMTP id e9e14a558f8ab-424da17e309so4608355ab.2 for ; Thu, 16 Oct 2025 00:06:26 -0700 (PDT) DKIM-Signature: v=1; a=rsa-sha256; c=relaxed/relaxed; d=iol.unh.edu; s=unh-iol; t=1760598386; x=1761203186; darn=dpdk.org; h=cc:to:from:subject:message-id:date:from:to:cc:subject:date :message-id:reply-to; bh=l2LU8urx0SbZvr89uSyc0GZhKDrGyV3vpGWusk5IYHM=; b=Z9GykFweXEE3Jj0rJ7X/nOakyVv3IwdfMYqSm5FQWjXWL+FZeBJCMimQWErOHksO6r nYQi7ar2YOW9SXbp90v0D4q9zMEK7QGUBQK9R/ADHukViPrG6rmtVgx+hL0ME1a6jOBx 1KscwcHZTPgVw6ZQa14Qg+3k01XfeRuqhBqEY= X-Google-DKIM-Signature: v=1; a=rsa-sha256; c=relaxed/relaxed; d=1e100.net; s=20230601; t=1760598386; x=1761203186; h=cc:to:from:subject:message-id:date:x-gm-message-state:from:to:cc :subject:date:message-id:reply-to; bh=l2LU8urx0SbZvr89uSyc0GZhKDrGyV3vpGWusk5IYHM=; b=skWWXH2txRx/arcFphy7Lr9h+TiUJIm0kCoCi3AAbvU01L1R8r2zwHA4/HAi0ILngp XAcxWaTfmSgNiekulNCnrZ2Yvq/XI33Ko3EegB0cDAjvAeYXYcMhDtnXfmmEHRm7agY1 C6AanJxLtqsRt0Oo8GehjhwOSTUf+Vmt226DV1acJdYHwWiVojzTKl6VYrDAJ32GSCL5 A8boUU5VdcKAAPOzo/rmXgp2Np0oQMtxMv8ZTsDoJ5+R2Og6ZHJEtOkHrdBKXF6YlhCF kHqmQE6kM4l5fddWPcKuLjaOIZj05YaZzBX1zyztIoTWrFoJjEcdiFt/1ROv2br0CaOB wYrA== X-Gm-Message-State: AOJu0YwXT2wtv1kGIHa8m7TQ1b4eWVecSCAWHpDQlvYEglcIpudr12/H aXTm4Ll1jfeh2Akuq0D1VlZVqp+62CLHjsJFQ5MHMy3uFq5omBRVMmk0k8shFWapoflKDz71cEc jd9U6acvgNC7DH9ZkKfQHnGcoYPmkF1WR1M5YW9Lvm8X4pryUpz6e X-Gm-Gg: ASbGncucDUH2+JVc+mPPFdjx7Ffo5te5ir2v6YEwgQs3SpZFoCLyJb93pzQXPrcrX9d HlfOBlBc0+/wm1hWX81edY4Abu/g7zxL7F0WPcI1Ck6fuVYb3TsBm5BRvqQkg3YiTOzVMUHYmB/ aAbpLZFzPw5+a5fHk5o7C1gUTJ/Xb29/+fYB/hPOfSnRUIQ6bOpVhr1r3UsruoAiToP9+nUgozq j/IxKOKAv4JEenKMLv3s9GyAtHDizj4vzRoF0dPs1sWCy1iKcu9njox31kpDuEacUiTgzOr9pNz xXcbxGCWLoyK+sjQkr2BC/7Qg+YrFuRNRtQfDhVzoAnbFupAkzuDc6rB87Isgcta/nhtsTedVeb cWOe+3/1h X-Google-Smtp-Source: AGHT+IG031SMx4rXCbmxOJS6Dugk+iDP8MOWDfjGJkfFkJPd5Z6vxLqkywBZNa7qWr0pHMSBWKXb22HsQ3ea X-Received: by 2002:a05:6e02:1709:b0:430:a4f0:899a with SMTP id e9e14a558f8ab-430a4f090d5mr108746415ab.31.1760598385775; Thu, 16 Oct 2025 00:06:25 -0700 (PDT) Received: from postal.iol.unh.edu (postal.iol.unh.edu. [2606:4100:3880:1234::84]) by smtp-relay.gmail.com with ESMTPS id 8926c6da1cb9f-58f6daf4393sm1343980173.17.2025.10.16.00.06.25 (version=TLS1_2 cipher=ECDHE-ECDSA-AES128-GCM-SHA256 bits=128/128); Thu, 16 Oct 2025 00:06:25 -0700 (PDT) X-Relaying-Domain: iol.unh.edu Date: Thu, 16 Oct 2025 00:06:25 -0700 (PDT) Message-ID: <68f09971.050a0220.1eb144.2c23SMTPIN_ADDED_MISSING@mx.google.com> Received: from [172.21.0.2] (unknown [172.18.0.240]) by postal.iol.unh.edu (Postfix) with ESMTP id 1796F6051830; Thu, 16 Oct 2025 03:06:25 -0400 (EDT) Subject: |FAILURE| [GIT MASTER] 62f583c49bf67dd4d6733ece14e55fe6839e66d1 From: dpdklab@iol.unh.edu To: Test Report Cc: dpdk-test-reports@iol.unh.edu, Xueming Li , Christian Ehrhardt , Kevin Traynor , Luca Boccassi Content-Type: text/plain X-BeenThere: test-report@dpdk.org X-Mailman-Version: 2.1.29 Precedence: list List-Id: automatic DPDK test reports List-Unsubscribe: , List-Archive: List-Post: List-Help: List-Subscribe: , Errors-To: test-report-bounces@dpdk.org _Testing issues_ Branch: tags/v23.11 62f583c49bf67dd4d6733ece14e55fe6839e66d1 --> testing issues Upstream job id: Generic-VM-Unit-Test-DPDK#31834 Test environment and result as below: +-------------------------------+----------------+ | Environment | dpdk_unit_test | +===============================+================+ | CentOS Stream 9 | PASS | +-------------------------------+----------------+ | Debian GNU/Linux 12 | PASS | +-------------------------------+----------------+ | CentOS Stream 10 | PASS | +-------------------------------+----------------+ | Fedora Linux 40 | PASS | +-------------------------------+----------------+ | Fedora Linux 41 | PASS | +-------------------------------+----------------+ | Red Hat Enterprise Linux 8.10 | PASS | +-------------------------------+----------------+ | Ubuntu 24.04 | PASS | +-------------------------------+----------------+ | Fedora Linux 42 | PASS | +-------------------------------+----------------+ | Ubuntu 22.04 | PASS | +-------------------------------+----------------+ | Red Hat Enterprise Linux 9.5 | PASS | +-------------------------------+----------------+ | Ubuntu 20.04 | PASS | +-------------------------------+----------------+ | Windows Server 2022 | FAIL | +-------------------------------+----------------+ ==== Unit test summary for Windows Server 2022 (dpdk_unit_test): ==== Failed to get the unit test results. Displaying the unit test results is not supported for some environments, such as our aarch32 testing, where meson is not used to run the tests. Download the logs available on our CI site. ==== End log output ==== CentOS Stream 9 Kernel: 5.15 Compiler: gcc gcc (GCC) 11.5.0 20240719 (Red Hat 11.5.0-11) Debian GNU/Linux 12 Kernel: 5.15 Compiler: gcc gcc (Debian 12.2.0-14+deb12u1) 12.2.0 CentOS Stream 10 Kernel: 5.15 Compiler: gcc gcc (GCC) 14.2.1 20250110 (Red Hat 14.2.1-8) Fedora Linux 40 Kernel: 5.15 Compiler: clang gcc (GCC) 14.2.1 20240912 (Red Hat 14.2.1-3) Fedora Linux 41 Kernel: 5.15 Compiler: gcc gcc (GCC) 14.3.1 20250523 (Red Hat 14.3.1-1) Red Hat Enterprise Linux 8.10 Kernel: 5.15 Compiler: gcc gcc (GCC) 8.5.0 20210514 (Red Hat 8.5.0-22) Ubuntu 24.04 Kernel: 5.15 Compiler: gcc gcc (Ubuntu 13.3.0-6ubuntu2~24.04) 13.3.0 Fedora Linux 42 Kernel: 5.15 Compiler: gcc gcc (GCC) 15.2.1 20250808 (Red Hat 15.2.1-1) Ubuntu 22.04 Kernel: 5.15 Compiler: gcc gcc (Ubuntu 11.4.0-1ubuntu1~22.04) 11.4.0 Red Hat Enterprise Linux 9.5 Kernel: 5.15 Compiler: gcc gcc (GCC) 11.5.0 20240719 (Red Hat 11.5.0-2) Ubuntu 20.04 Kernel: 5.15 Compiler: gcc gcc (Ubuntu 9.4.0-1ubuntu1~20.04.2) 9.4.0 Windows Server 2022 Kernel: 10.0.20348.2031 Compiler: clang 15.0.7, gcc 14.1.0 (MinGW), and MSVC VS 19.39.33521 To view detailed results, visit: https://lab.dpdk.org/results/dashboard/tarballs/35228/ UNH-IOL DPDK Community Lab To manage your email subscriptions, visit: https://lab.dpdk.org/results/dashboard/preferences/subscriptions/