From mboxrd@z Thu Jan 1 00:00:00 1970 Return-Path: Received: from mails.dpdk.org (mails.dpdk.org [217.70.189.124]) by inbox.dpdk.org (Postfix) with ESMTP id 956BD4894D for ; Thu, 16 Oct 2025 09:38:30 +0200 (CEST) Received: from mails.dpdk.org (localhost [127.0.0.1]) by mails.dpdk.org (Postfix) with ESMTP id 760ED40269; Thu, 16 Oct 2025 09:38:30 +0200 (CEST) Received: from mail-qv1-f100.google.com (mail-qv1-f100.google.com [209.85.219.100]) by mails.dpdk.org (Postfix) with ESMTP id 85A1240269 for ; Thu, 16 Oct 2025 09:38:29 +0200 (CEST) Received: by mail-qv1-f100.google.com with SMTP id 6a1803df08f44-87c1a760df5so3512786d6.1 for ; Thu, 16 Oct 2025 00:38:29 -0700 (PDT) DKIM-Signature: v=1; a=rsa-sha256; c=relaxed/relaxed; d=iol.unh.edu; s=unh-iol; t=1760600309; x=1761205109; darn=dpdk.org; h=cc:to:from:subject:message-id:date:from:to:cc:subject:date :message-id:reply-to; bh=biO6tcyW7DBazqFFZhJu7+tvzBxH7cpPpP930iIvotc=; b=UVacYCTxXalbgFDdvtJUU1VjbQ6D3PYwoXWcXbe0saPG7ltBK9CNR3gcww0mT1zhUa rdVBCIruM/txfzQ1Vp5BjrNZNdqRyb2edcHN87v5y2Sf81YyXQ5SbcqBMP8kHsqAmz/X c+WGCxzis9PrO3Y+j99Cny6P3djY+vCCrZTvs= X-Google-DKIM-Signature: v=1; a=rsa-sha256; c=relaxed/relaxed; d=1e100.net; s=20230601; t=1760600309; x=1761205109; h=cc:to:from:subject:message-id:date:x-gm-message-state:from:to:cc :subject:date:message-id:reply-to; bh=biO6tcyW7DBazqFFZhJu7+tvzBxH7cpPpP930iIvotc=; b=XAyymO+pPdnyRSYF5FkHmq7KrXGp1bTIjS27oUaTjrkUegFkjabESTgWi8XMjuDYwz 9CNa7FkdpNB4LioQRqQj7iJ49YRcdqhwCetm4ns/n/kHFoBJl6RRRR5s5JLCYFPttWZM WQS+1Zn/C9AtH+9GZA6QqDzE+2WQw51o6LXH8WuEf1w5fyp2cmxmmeMjCO9FwODGehWs 1iq+Dc/7lJ04lmpCXsw3NjEa2wFjL83GzWIuPm9BU6Qi+K9UcygEi9LPmCi8z8kyWW+s V8yOSo7hoITtI76Kv0NNE/iM4lexmkwrntRHZzo/fQVJ0yvMlaT+KxlYU7o/MezXTvWG gOWg== X-Gm-Message-State: AOJu0YyQHh45R1yJryerZzUYeTTDOXWUa/IYYCpZVr5pdcaVwFQJjaeh G5ZqNuOtmM1QgTJmgMufhhXn1xFvzi+sNXJkBjq6ZxPnjadTrwXOSz/B71ohcuZPxNsGkZ5h/zk LeMg/eiM2yUCjYFG0n6Is+WruHeLAxqw6kpKH X-Gm-Gg: ASbGncuIsCt2tgWg2DKYyIk7B7gLkt2BEPDsVz9MgY8hJqSHWOt7t4rTf503ye/dU8H ZPzjoxPnoOVXHT5FLGUhNW4IGomYtRSabYeERsANp6wLfMtnRyoGFspjQwrUCnHau7MAB58AZDG 2yIDGjXaAxgxuiZht1lPsEgvf8C7PwiE3Zua+Oqho03goMcKxB7gQlIMuVaSPuCuu5NBwZJzynr 4NKdsYx9JI2D6Syh56TabTQVaro3v/E/TYaDDx9D4em/bJoSOspPgqshjMBDvemOTpqJIz4C3Rz Td6rR3OrVGDPwYGHkDOSISz/HxI9dySjkE3AHDITwaTPwPVCeTMtL/INP7dJ67/hlaYT4sFT8s+ hEZlAaLMvLudJaYI1D/5G8rek/6F3ay8= X-Google-Smtp-Source: AGHT+IFIaF9IwQS5ycUz9mWjvxZudIu6WAEiSKvYv/bBDsGct3Y4sRVX0kyNW5HRTW4U9Zs1Sd9INEcNNIUg X-Received: by 2002:a05:6214:d6b:b0:78d:ae5d:961d with SMTP id 6a1803df08f44-87b2ef70d25mr456651986d6.66.1760600308864; Thu, 16 Oct 2025 00:38:28 -0700 (PDT) Received: from postal.iol.unh.edu (postal.iol.unh.edu. [132.177.123.84]) by smtp-relay.gmail.com with ESMTPS id 6a1803df08f44-87c0120fbd4sm4375946d6.8.2025.10.16.00.38.28 (version=TLS1_2 cipher=ECDHE-ECDSA-AES128-GCM-SHA256 bits=128/128); Thu, 16 Oct 2025 00:38:28 -0700 (PDT) X-Relaying-Domain: iol.unh.edu Date: Thu, 16 Oct 2025 00:38:28 -0700 (PDT) Message-ID: <68f0a0f4.050a0220.11f86f.5b2dSMTPIN_ADDED_MISSING@mx.google.com> Received: from [172.21.0.3] (unknown [172.18.0.240]) by postal.iol.unh.edu (Postfix) with ESMTP id 97A336051830; Thu, 16 Oct 2025 03:38:28 -0400 (EDT) Subject: |FAILURE| [GIT MASTER] 62f583c49bf67dd4d6733ece14e55fe6839e66d1 From: dpdklab@iol.unh.edu To: Test Report Cc: dpdk-test-reports@iol.unh.edu, Xueming Li , Christian Ehrhardt , Kevin Traynor , Luca Boccassi Content-Type: text/plain X-BeenThere: test-report@dpdk.org X-Mailman-Version: 2.1.29 Precedence: list List-Id: automatic DPDK test reports List-Unsubscribe: , List-Archive: List-Post: List-Help: List-Subscribe: , Errors-To: test-report-bounces@dpdk.org _Testing issues_ Branch: tags/v23.11 62f583c49bf67dd4d6733ece14e55fe6839e66d1 --> testing issues Upstream job id: Generic-VM-Unit-Test-DPDK#31835 Test environment and result as below: +-------------------------------+----------------+ | Environment | dpdk_unit_test | +===============================+================+ | CentOS Stream 9 | PASS | +-------------------------------+----------------+ | Debian GNU/Linux 12 | PASS | +-------------------------------+----------------+ | CentOS Stream 10 | PASS | +-------------------------------+----------------+ | Fedora Linux 40 | PASS | +-------------------------------+----------------+ | Fedora Linux 41 | PASS | +-------------------------------+----------------+ | Red Hat Enterprise Linux 8.10 | PASS | +-------------------------------+----------------+ | Ubuntu 24.04 | PASS | +-------------------------------+----------------+ | Fedora Linux 42 | PASS | +-------------------------------+----------------+ | Ubuntu 22.04 | PASS | +-------------------------------+----------------+ | Red Hat Enterprise Linux 9.5 | PASS | +-------------------------------+----------------+ | Ubuntu 20.04 | PASS | +-------------------------------+----------------+ | Windows Server 2022 | FAIL | +-------------------------------+----------------+ ==== Unit test summary for Windows Server 2022 (dpdk_unit_test): ==== Failed to get the unit test results. Displaying the unit test results is not supported for some environments, such as our aarch32 testing, where meson is not used to run the tests. Download the logs available on our CI site. ==== End log output ==== CentOS Stream 9 Kernel: 5.15 Compiler: gcc gcc (GCC) 11.5.0 20240719 (Red Hat 11.5.0-11) Debian GNU/Linux 12 Kernel: 5.15 Compiler: gcc gcc (Debian 12.2.0-14+deb12u1) 12.2.0 CentOS Stream 10 Kernel: 5.15 Compiler: gcc gcc (GCC) 14.2.1 20250110 (Red Hat 14.2.1-8) Fedora Linux 40 Kernel: 5.15 Compiler: clang gcc (GCC) 14.2.1 20240912 (Red Hat 14.2.1-3) Fedora Linux 41 Kernel: 5.15 Compiler: gcc gcc (GCC) 14.3.1 20250523 (Red Hat 14.3.1-1) Red Hat Enterprise Linux 8.10 Kernel: 5.15 Compiler: gcc gcc (GCC) 8.5.0 20210514 (Red Hat 8.5.0-22) Ubuntu 24.04 Kernel: 5.15 Compiler: gcc gcc (Ubuntu 13.3.0-6ubuntu2~24.04) 13.3.0 Fedora Linux 42 Kernel: 5.15 Compiler: gcc gcc (GCC) 15.2.1 20250808 (Red Hat 15.2.1-1) Ubuntu 22.04 Kernel: 5.15 Compiler: gcc gcc (Ubuntu 11.4.0-1ubuntu1~22.04) 11.4.0 Red Hat Enterprise Linux 9.5 Kernel: 5.15 Compiler: gcc gcc (GCC) 11.5.0 20240719 (Red Hat 11.5.0-2) Ubuntu 20.04 Kernel: 5.15 Compiler: gcc gcc (Ubuntu 9.4.0-1ubuntu1~20.04.2) 9.4.0 Windows Server 2022 Kernel: 10.0.20348.2031 Compiler: clang 15.0.7, gcc 14.1.0 (MinGW), and MSVC VS 19.39.33521 To view detailed results, visit: https://lab.dpdk.org/results/dashboard/tarballs/35228/ UNH-IOL DPDK Community Lab To manage your email subscriptions, visit: https://lab.dpdk.org/results/dashboard/preferences/subscriptions/