From mboxrd@z Thu Jan 1 00:00:00 1970 Return-Path: Received: from mails.dpdk.org (mails.dpdk.org [217.70.189.124]) by inbox.dpdk.org (Postfix) with ESMTP id E950C48953 for ; Thu, 16 Oct 2025 15:22:52 +0200 (CEST) Received: from mails.dpdk.org (localhost [127.0.0.1]) by mails.dpdk.org (Postfix) with ESMTP id C86C140E72; Thu, 16 Oct 2025 15:22:52 +0200 (CEST) Received: from mail-io1-f98.google.com (mail-io1-f98.google.com [209.85.166.98]) by mails.dpdk.org (Postfix) with ESMTP id BD39840EDF for ; Thu, 16 Oct 2025 15:22:50 +0200 (CEST) Received: by mail-io1-f98.google.com with SMTP id ca18e2360f4ac-887764c2868so72242039f.1 for ; Thu, 16 Oct 2025 06:22:50 -0700 (PDT) DKIM-Signature: v=1; a=rsa-sha256; c=relaxed/relaxed; d=iol.unh.edu; s=unh-iol; t=1760620970; x=1761225770; darn=dpdk.org; h=cc:to:from:subject:message-id:date:from:to:cc:subject:date :message-id:reply-to; bh=8Hyyh6VqlXbn80She6PdyDiOLPM0BQns6sEpf/zZ/2I=; b=HOyE8mZ84MoOloMqwT6RezsHFc3W6kUwX32DI6sfVV0NmPEi8RivB9Hf1F/ghvW3OB LHt494ldSD71kjgCBWfoGSAnzpBtz7MePMGfztABYcIQQT9lGhkShc5ZKEX4mxDIXFIT YJGwYSYbxARX7s6GuFZJRaujeWR5B/7+0/bqI= X-Google-DKIM-Signature: v=1; a=rsa-sha256; c=relaxed/relaxed; d=1e100.net; s=20230601; t=1760620970; x=1761225770; h=cc:to:from:subject:message-id:date:x-gm-message-state:from:to:cc :subject:date:message-id:reply-to; bh=8Hyyh6VqlXbn80She6PdyDiOLPM0BQns6sEpf/zZ/2I=; b=fW4XqPAQRBbu4h27ZNPjlnkSkyN2yXVKGop+Gzd10/VZfDffHo5vCwDkEdQfctvvnu yZLLcAJacvFW6ohwJ00vaq5Pv6sUtvg4k0O025OB/BEdFKqSrYOX+ziOEP92mqovoWdF uziiJQebMJaMDEN5TLe5p913tIrjjospC6t8tBa3DifvkNF6hue76IIrlkaykBGjtdh3 SlmWA0HE/iVcvMb26XpOWFEROWXVJadCJPpo3BSgBHSF53vqzkvLoheBqiE+9PRD9LwH tQHF9RxJabxk7Hhxg2c4E1cNdPxekBYEDJzydwEEJloZim8EvVGbmxYs0xT+9uNRNep3 qnnw== X-Gm-Message-State: AOJu0YxCZflHp7yYqmjoLX3eR5QZCGiDkB1C6cDM2GmuqqrRI4AHqpuT m5poPB0+iVwE0QJbNhkxhJ0xTK5hBcqhgUGrgzaoHZFVLhHRaEst5Zs+e7bJaPolclNJ9hEWxIm xOX3q0lqltvDKX6uQT/c6rwa7LSvN2OdWeCCK X-Gm-Gg: ASbGncvTOYhczSwvDV4PIRiqQ7irOql4/tuCcccSZ6mFCu+foeTWFTMQrqB4/m9ZMHC nWIOrKSkSqohE8ilNuRZ5h//XhtPSwVGB5FcXK+9EBlOC/1cAxZqY9LWFqsiXHfuHH1Cn9BuA6+ Tpicugdw96A4PT+vDPAHzsTag9MaBWPqcgP8xWuAfXv92/1p2vBKeAgQJ/q0M4A+pmYpJMn2iBB F7f/ajlgYlByI6ZWJ7y2jHQ2oxXO6NwD/jqHNIokyAGyS8tkairjO2U5BUtX6HLa0rwQH7aEUt0 reGoC4hz91jn4fgtpghZ39YNhFaKLQxOBpzERHt4Fs/+miRmCUhSpsGxr1/D9FLqckVtAI5IzIL VACB3Tv2wTTwGS6V9sjP0JX9LeSn/JSM= X-Google-Smtp-Source: AGHT+IHw1Vpm9EtPBRfBIjfXVoYBCQl5sqnJOLD1j9J2cL52ddSYy2tOKO1bkgfDvYtyk4vANLQeV+Oi2zcR X-Received: by 2002:a05:6602:2b82:b0:927:3f:411c with SMTP id ca18e2360f4ac-93bd16b5a83mr4151437139f.0.1760620968361; Thu, 16 Oct 2025 06:22:48 -0700 (PDT) Received: from postal.iol.unh.edu (postal.iol.unh.edu. [132.177.123.84]) by smtp-relay.gmail.com with ESMTPS id ca18e2360f4ac-93e2594f67csm121215539f.6.2025.10.16.06.22.48 (version=TLS1_2 cipher=ECDHE-ECDSA-AES128-GCM-SHA256 bits=128/128); Thu, 16 Oct 2025 06:22:48 -0700 (PDT) X-Relaying-Domain: iol.unh.edu Date: Thu, 16 Oct 2025 06:22:48 -0700 (PDT) Message-ID: <68f0f1a8.6b0a0220.55359.e910SMTPIN_ADDED_MISSING@mx.google.com> Received: from [172.21.0.2] (unknown [172.18.0.240]) by postal.iol.unh.edu (Postfix) with ESMTP id C46D96051830; Thu, 16 Oct 2025 09:22:47 -0400 (EDT) Subject: |FAILURE| [GIT MASTER] 62f583c49bf67dd4d6733ece14e55fe6839e66d1 From: dpdklab@iol.unh.edu To: Test Report Cc: dpdk-test-reports@iol.unh.edu, Xueming Li , Christian Ehrhardt , Kevin Traynor , Luca Boccassi Content-Type: text/plain X-BeenThere: test-report@dpdk.org X-Mailman-Version: 2.1.29 Precedence: list List-Id: automatic DPDK test reports List-Unsubscribe: , List-Archive: List-Post: List-Help: List-Subscribe: , Errors-To: test-report-bounces@dpdk.org _Testing issues_ Branch: tags/v23.11 62f583c49bf67dd4d6733ece14e55fe6839e66d1 --> testing issues Upstream job id: Generic-DPDK-Compile-Meson#434801 Test environment and result as below: +---------------------+--------------------+-------------------+-------------------------+----------------------+-------------------+ | Environment | dpdk_meson_compile | dpdk_msvc_compile | dpdk_llvm_clang_compile | dpdk_mingw64_compile | dpdk_compile_spdk | +=====================+====================+===================+=========================+======================+===================+ | Ubuntu 20.04 | PASS | SKIPPED | SKIPPED | SKIPPED | SKIPPED | +---------------------+--------------------+-------------------+-------------------------+----------------------+-------------------+ | FreeBSD 14.2 | PASS | SKIPPED | SKIPPED | SKIPPED | SKIPPED | +---------------------+--------------------+-------------------+-------------------------+----------------------+-------------------+ | CentOS Stream 9 | PASS | SKIPPED | SKIPPED | SKIPPED | PASS | +---------------------+--------------------+-------------------+-------------------------+----------------------+-------------------+ | CentOS Stream 10 | PASS | SKIPPED | SKIPPED | SKIPPED | SKIPPED | +---------------------+--------------------+-------------------+-------------------------+----------------------+-------------------+ | Debian GNU/Linux 12 | PASS | SKIPPED | SKIPPED | SKIPPED | PASS | +---------------------+--------------------+-------------------+-------------------------+----------------------+-------------------+ | Windows Server 2022 | SKIPPED | PASS | FAIL | PASS | SKIPPED | +---------------------+--------------------+-------------------+-------------------------+----------------------+-------------------+ ==== 20 line log output for Windows Server 2022 (dpdk_llvm_clang_compile): ==== Compiler for C supports arguments -mavx512f: YES (cached) Compiler for C supports arguments -mavx512bw: YES (cached) Compiler for C supports arguments -mavx512dq: YES (cached) Compiler for C supports arguments -march=skylake-avx512: YES Message: drivers/common/idpf: Defining dependency "common_idpf" Message: drivers/bus/auxiliary: Defining dependency "bus_auxiliary" Compiler for C supports arguments -Wno-cast-qual: YES (cached) Compiler for C supports arguments -Wno-pointer-arith: YES (cached) Message: drivers/bus/pci: Defining dependency "bus_pci" Message: drivers/bus/vdev: Defining dependency "bus_vdev" Compiler for C supports arguments -std=c11: YES Compiler for C supports arguments -Wno-strict-prototypes: YES Compiler for C supports arguments -D_BSD_SOURCE: YES Compiler for C supports arguments -D_DEFAULT_SOURCE: YES Compiler for C supports arguments -D_XOPEN_SOURCE=600: YES Has header "mlx5devx.h" : YES drivers\common\mlx5\windows\meson.build:10:13: ERROR: C shared or static library 'mlx5devx' not found A full log can be found at C:\Users\builder\jenkins\workspace\Windows-Compile-DPDK-Native\dpdk\build\meson-logs\meson-log.txt ==== End log output ==== Ubuntu 20.04 Kernel: 4.19 Compiler: gcc gcc (Ubuntu 9.4.0-1ubuntu1~20.04.2) 9.4.0 FreeBSD 14.2 Kernel: 14.2-RELEASE Compiler: clang 18.1.6 CentOS Stream 9 Kernel: 5.15 Compiler: gcc gcc (GCC) 11.5.0 20240719 (Red Hat 11.5.0-11) CentOS Stream 10 Kernel: 5.15 Compiler: gcc gcc (GCC) 14.2.1 20250110 (Red Hat 14.2.1-8) Debian GNU/Linux 12 Kernel: 5.15 Compiler: gcc gcc (Debian 12.2.0-14+deb12u1) 12.2.0 Windows Server 2022 Kernel: 10.0.20348.2031 Compiler: clang 15.0.7, gcc 14.1.0 (MinGW), and MSVC VS 19.39.33521 To view detailed results, visit: https://lab.dpdk.org/results/dashboard/tarballs/35228/ UNH-IOL DPDK Community Lab To manage your email subscriptions, visit: https://lab.dpdk.org/results/dashboard/preferences/subscriptions/