From mboxrd@z Thu Jan 1 00:00:00 1970 Return-Path: Received: from mails.dpdk.org (mails.dpdk.org [217.70.189.124]) by inbox.dpdk.org (Postfix) with ESMTP id 1319448954 for ; Thu, 16 Oct 2025 16:14:47 +0200 (CEST) Received: from mails.dpdk.org (localhost [127.0.0.1]) by mails.dpdk.org (Postfix) with ESMTP id 0D7F840BA5; Thu, 16 Oct 2025 16:14:47 +0200 (CEST) Received: from mail-io1-f99.google.com (mail-io1-f99.google.com [209.85.166.99]) by mails.dpdk.org (Postfix) with ESMTP id 93A4440E11 for ; Thu, 16 Oct 2025 16:14:45 +0200 (CEST) Received: by mail-io1-f99.google.com with SMTP id ca18e2360f4ac-93bccd4901aso65353839f.2 for ; Thu, 16 Oct 2025 07:14:45 -0700 (PDT) DKIM-Signature: v=1; a=rsa-sha256; c=relaxed/relaxed; d=iol.unh.edu; s=unh-iol; t=1760624085; x=1761228885; darn=dpdk.org; h=cc:to:from:subject:message-id:date:from:to:cc:subject:date :message-id:reply-to; bh=bKOj7miS41aPPqW/oKIcIvmRrA6pUOTzNSLIgkWDpeA=; b=hZsfzO4Nhx7Bx1GBCCa/zEV70Y5+XU8XZroPe/YYnHzOIYHiG/qPE1Zgg3cFAKxE+T LrBIex9iUqAdiUc/H0F0Wcs7zDa0L9lN8hz6Vj44dOAPbKSEKNasHJdEfktibxvIzxMk 9IB8PzsSC3aVfwd1B9PGDdHog0E9k8sCQLQnE= X-Google-DKIM-Signature: v=1; a=rsa-sha256; c=relaxed/relaxed; d=1e100.net; s=20230601; t=1760624085; x=1761228885; h=cc:to:from:subject:message-id:date:x-gm-message-state:from:to:cc :subject:date:message-id:reply-to; bh=bKOj7miS41aPPqW/oKIcIvmRrA6pUOTzNSLIgkWDpeA=; b=BL+gcqpD2zVAJi4Oyt1Y/1HUtf+Nr87uLuvEIpUF2OjcXg+YpR3vXBykc/SPXk96U4 t24MpanmDO0wkk5wWdlVw8sNa4QoXnQ9T/41CZ8FZ4WTlYlh9p75ZFH+7sZ3X+YVNewe EzBFfPOBhGUqoUK0RM0Z+SOt0LyFBuq8sVRAkHUt44ez8fqR+xAgWNSjYgIhSy8WH8Y8 kUMvekpYnnFKyvD+vr0c/nf+rE7vJWs1vz7nMGphX9D6wOKV1eEtzzIBTTaEqO65B8EW FNrZeuVavPJU97oqnaftkGqm6mIqn1Nl3odXBFDvrWBAhf4094MRVjbcv1bV1jPdRsnI UR6g== X-Gm-Message-State: AOJu0YxWzraUaEQHaPfalXviDPrclEHsrkipyiExkyTb8lFKaRcrrD/r GGk1mfNe5Q5vBSbSxLtJZi6iSwdBzaP1ddFRrzyYMYCUZixQACEFlBipH/YFqsWFb98+rH1MwTR ig4wlnfpRUvruabwEKH2StzBy/yobR8j0ttDw X-Gm-Gg: ASbGnctFM9ElcqTpCm+c/OvE7Fv5Cj6HfhOgM3X5f4sZmHjsghIP0ay4BrfdiYpzMz1 eOsaduFxiUBhHHfBV6RrnNUTkc8Hkf6vtoZM/FKxacr8DgS4nbJnfZCfLFY2ijIsnQ7w8gg5Du9 jLZlxlRomRseFJQ0D1fIkYA6PrX2cxme3VeOzERgyqxJ51YSESUmKedvf61QwkCuQMRaNLlfAaZ 5WRwa7uR0m2b2/4GHrJq96tVWB3PinzjKEveXVqNl41Xztue+hbBlWdLFFlpBvGlhzIVSeDzZxI z4LUDcGaasPe7c/4VH/RveRSF5nYeHBMnjwRdQvNkegl43/9WdwhpWJnEhi4KXmrsTB3NUcZoQ1 ErKIF+uujJmbRJ665QaukYapqeTLcNDs= X-Google-Smtp-Source: AGHT+IHzpQo33zYTnfiTrDXN1VyZFiZOg2fWx/f99ascCF9es4MZjGtmp4cIH4T3Ws8hXXdLMhJNTas2oMgb X-Received: by 2002:a05:6e02:2149:b0:42f:8b46:bc5f with SMTP id e9e14a558f8ab-430c5295058mr6107675ab.17.1760624084741; Thu, 16 Oct 2025 07:14:44 -0700 (PDT) Received: from postal.iol.unh.edu (postal.iol.unh.edu. [132.177.123.84]) by smtp-relay.gmail.com with ESMTPS id e9e14a558f8ab-430b513e770sm2701415ab.28.2025.10.16.07.14.44 (version=TLS1_2 cipher=ECDHE-ECDSA-AES128-GCM-SHA256 bits=128/128); Thu, 16 Oct 2025 07:14:44 -0700 (PDT) X-Relaying-Domain: iol.unh.edu Date: Thu, 16 Oct 2025 07:14:44 -0700 (PDT) Message-ID: <68f0fdd4.050a0220.23054d.dc46SMTPIN_ADDED_MISSING@mx.google.com> Received: from [172.21.0.2] (unknown [172.18.0.240]) by postal.iol.unh.edu (Postfix) with ESMTP id 4BE806050A61; Thu, 16 Oct 2025 10:14:44 -0400 (EDT) Subject: |FAILURE| [GIT MASTER] 62f583c49bf67dd4d6733ece14e55fe6839e66d1 From: dpdklab@iol.unh.edu To: Test Report Cc: dpdk-test-reports@iol.unh.edu, Xueming Li , Christian Ehrhardt , Kevin Traynor , Luca Boccassi Content-Type: text/plain X-BeenThere: test-report@dpdk.org X-Mailman-Version: 2.1.29 Precedence: list List-Id: automatic DPDK test reports List-Unsubscribe: , List-Archive: List-Post: List-Help: List-Subscribe: , Errors-To: test-report-bounces@dpdk.org _Testing issues_ Branch: tags/v23.11 62f583c49bf67dd4d6733ece14e55fe6839e66d1 --> testing issues Upstream job id: Generic-DPDK-Compile-Meson#434815 Test environment and result as below: +-------------------------------+--------------------+-------------------+-------------------------+----------------------+-------------------+------------------+ | Environment | dpdk_meson_compile | dpdk_msvc_compile | dpdk_llvm_clang_compile | dpdk_mingw64_compile | dpdk_compile_spdk | dpdk_compile_ovs | +===============================+====================+===================+=========================+======================+===================+==================+ | Ubuntu 20.04 | PASS | SKIPPED | SKIPPED | SKIPPED | SKIPPED | SKIPPED | +-------------------------------+--------------------+-------------------+-------------------------+----------------------+-------------------+------------------+ | FreeBSD 14.2 | PASS | SKIPPED | SKIPPED | SKIPPED | SKIPPED | SKIPPED | +-------------------------------+--------------------+-------------------+-------------------------+----------------------+-------------------+------------------+ | CentOS Stream 9 | PASS | SKIPPED | SKIPPED | SKIPPED | PASS | SKIPPED | +-------------------------------+--------------------+-------------------+-------------------------+----------------------+-------------------+------------------+ | CentOS Stream 10 | PASS | SKIPPED | SKIPPED | SKIPPED | SKIPPED | SKIPPED | +-------------------------------+--------------------+-------------------+-------------------------+----------------------+-------------------+------------------+ | Debian GNU/Linux 12 | PASS | SKIPPED | SKIPPED | SKIPPED | PASS | SKIPPED | +-------------------------------+--------------------+-------------------+-------------------------+----------------------+-------------------+------------------+ | Fedora Linux 42 | FAIL | SKIPPED | SKIPPED | SKIPPED | WARN | WARN | +-------------------------------+--------------------+-------------------+-------------------------+----------------------+-------------------+------------------+ | openSUSE Leap 15.6 | PASS | SKIPPED | SKIPPED | SKIPPED | SKIPPED | SKIPPED | +-------------------------------+--------------------+-------------------+-------------------------+----------------------+-------------------+------------------+ | Red Hat Enterprise Linux 8.10 | PASS | SKIPPED | SKIPPED | SKIPPED | SKIPPED | SKIPPED | +-------------------------------+--------------------+-------------------+-------------------------+----------------------+-------------------+------------------+ | Windows Server 2022 | SKIPPED | PASS | FAIL | PASS | SKIPPED | SKIPPED | +-------------------------------+--------------------+-------------------+-------------------------+----------------------+-------------------+------------------+ ==== 20 line log output for Windows Server 2022 (dpdk_llvm_clang_compile): ==== Compiler for C supports arguments -mavx512f: YES (cached) Compiler for C supports arguments -mavx512bw: YES (cached) Compiler for C supports arguments -mavx512dq: YES (cached) Compiler for C supports arguments -march=skylake-avx512: YES Message: drivers/common/idpf: Defining dependency "common_idpf" Message: drivers/bus/auxiliary: Defining dependency "bus_auxiliary" Compiler for C supports arguments -Wno-cast-qual: YES (cached) Compiler for C supports arguments -Wno-pointer-arith: YES (cached) Message: drivers/bus/pci: Defining dependency "bus_pci" Message: drivers/bus/vdev: Defining dependency "bus_vdev" Compiler for C supports arguments -std=c11: YES Compiler for C supports arguments -Wno-strict-prototypes: YES Compiler for C supports arguments -D_BSD_SOURCE: YES Compiler for C supports arguments -D_DEFAULT_SOURCE: YES Compiler for C supports arguments -D_XOPEN_SOURCE=600: YES Has header "mlx5devx.h" : YES drivers\common\mlx5\windows\meson.build:10:13: ERROR: C shared or static library 'mlx5devx' not found A full log can be found at C:\Users\builder\jenkins\workspace\Windows-Compile-DPDK-Native\dpdk\build\meson-logs\meson-log.txt ==== End log output ==== Ubuntu 20.04 Kernel: 4.19 Compiler: gcc gcc (Ubuntu 9.4.0-1ubuntu1~20.04.2) 9.4.0 FreeBSD 14.2 Kernel: 14.2-RELEASE Compiler: clang 18.1.6 CentOS Stream 9 Kernel: 5.15 Compiler: gcc gcc (GCC) 11.5.0 20240719 (Red Hat 11.5.0-11) CentOS Stream 10 Kernel: 5.15 Compiler: gcc gcc (GCC) 14.2.1 20250110 (Red Hat 14.2.1-8) Debian GNU/Linux 12 Kernel: 5.15 Compiler: gcc gcc (Debian 12.2.0-14+deb12u1) 12.2.0 Fedora Linux 42 Kernel: 5.15 Compiler: clang gcc (GCC) 15.2.1 20250808 (Red Hat 15.2.1-1) openSUSE Leap 15.6 Kernel: 5.15 Compiler: gcc gcc (SUSE Linux) 7.5.0 Red Hat Enterprise Linux 8.10 Kernel: 5.15 Compiler: gcc gcc (GCC) 8.5.0 20210514 (Red Hat 8.5.0-22) Windows Server 2022 Kernel: 10.0.20348.2031 Compiler: clang 15.0.7, gcc 14.1.0 (MinGW), and MSVC VS 19.39.33521 To view detailed results, visit: https://lab.dpdk.org/results/dashboard/tarballs/35228/ UNH-IOL DPDK Community Lab To manage your email subscriptions, visit: https://lab.dpdk.org/results/dashboard/preferences/subscriptions/