automatic DPDK test reports
 help / color / mirror / Atom feed
* |SUCCESS| pw157760-157652 [PATCH v3 54/54] net/bnxt/tf_ulp: remove Truflow DEBUG code
       [not found] <20251015090024.32250-55-manish.kurup@broadcom.com>
@ 2025-10-16 18:51 ` qemudev
  2025-10-16 18:56 ` qemudev
                   ` (26 subsequent siblings)
  27 siblings, 0 replies; 28+ messages in thread
From: qemudev @ 2025-10-16 18:51 UTC (permalink / raw)
  To: test-report

Test-Label: loongarch-compilation
Test-Status: SUCCESS
http://dpdk.org/patch/157652

_Compilation OK_

Submitter: Manish Kurup <manish.kurup@broadcom.com>
Date: Wed, 15 Oct 2025 04:59:31 -0400
DPDK git baseline: Repo:dpdk
  Branch: main
  CommitID: 16f4c522003dcfecf23c8d38e009b95a3bbefd03

157760-157652 --> meson & ninja build successfully

Test environment and result as below:

+---------------------+----------------+
|     Environment     | compilation    |
+---------------------+----------------+
| Loongnix-Server 8.3 | PASS           |
+---------------------+----------------+

Loongnix-Server 8.3
    Kernel: 4.19.190+
    Compiler: gcc 8.3


^ permalink raw reply	[flat|nested] 28+ messages in thread

* |SUCCESS| pw157760-157652 [PATCH v3 54/54] net/bnxt/tf_ulp: remove Truflow DEBUG code
       [not found] <20251015090024.32250-55-manish.kurup@broadcom.com>
  2025-10-16 18:51 ` |SUCCESS| pw157760-157652 [PATCH v3 54/54] net/bnxt/tf_ulp: remove Truflow DEBUG code qemudev
@ 2025-10-16 18:56 ` qemudev
  2025-10-16 19:23 ` |SUCCESS| pw157652 " checkpatch
                   ` (25 subsequent siblings)
  27 siblings, 0 replies; 28+ messages in thread
From: qemudev @ 2025-10-16 18:56 UTC (permalink / raw)
  To: test-report

Test-Label: loongarch-unit-testing
Test-Status: SUCCESS
http://dpdk.org/patch/157652

_Unit Testing PASS_

Submitter: Manish Kurup <manish.kurup@broadcom.com>
Date: Wed, 15 Oct 2025 04:59:31 -0400
DPDK git baseline: Repo:dpdk
  Branch: main
  CommitID: 16f4c522003dcfecf23c8d38e009b95a3bbefd03

157760-157652 --> testing pass

Test environment and result as below:

+---------------------+----------------+
|     Environment     | dpdk_unit_test |
+---------------------+----------------+
| Loongnix-Server 8.3 | PASS           |
+---------------------+----------------+

Loongnix-Server 8.3
    Kernel: 4.19.190+
    Compiler: gcc 8.3


Test result details:
  1/120 DPDK:fast-tests / acl_autotest                            OK              3.38s
  2/120 DPDK:fast-tests / alarm_autotest                          OK              1.64s
  3/120 DPDK:fast-tests / argparse_autotest                       OK              0.67s
  4/120 DPDK:fast-tests / atomic_autotest                         OK              7.10s
  5/120 DPDK:fast-tests / bitcount_autotest                       OK              0.77s
  6/120 DPDK:fast-tests / bitmap_autotest                         OK              0.75s
  7/120 DPDK:fast-tests / bitops_autotest                         OK              2.22s
  8/120 DPDK:fast-tests / bitratestats_autotest                   OK              0.76s
  9/120 DPDK:fast-tests / bitset_autotest                         OK              3.45s
 10/120 DPDK:fast-tests / bpf_autotest                            OK              0.76s
 11/120 DPDK:fast-tests / bpf_convert_autotest                    OK              0.76s
 12/120 DPDK:fast-tests / byteorder_autotest                      OK              0.75s
 13/120 DPDK:fast-tests / cfgfile_autotest                        OK              0.75s
 14/120 DPDK:fast-tests / cksum_autotest                          OK              0.75s
 15/120 DPDK:fast-tests / cmdline_autotest                        OK              0.75s
 16/120 DPDK:fast-tests / common_autotest                         OK              1.65s
 17/120 DPDK:fast-tests / compressdev_autotest                    SKIP            0.08s   exit status 77
 18/120 DPDK:fast-tests / cpuflags_autotest                       OK              0.76s
 19/120 DPDK:fast-tests / crc_autotest                            OK              0.76s
 20/120 DPDK:fast-tests / user_delay_us                           OK              0.76s
 21/120 DPDK:fast-tests / debug_autotest                          OK             13.61s
 22/120 DPDK:fast-tests / devargs_autotest                        OK              0.48s
 23/120 DPDK:fast-tests / dispatcher_autotest                     OK              2.55s
 24/120 DPDK:fast-tests / distributor_autotest                    OK              1.21s
 25/120 DPDK:fast-tests / eal_flags_c_opt_autotest                OK              0.76s
 26/120 DPDK:fast-tests / eal_flags_main_opt_autotest             OK              0.21s
 27/120 DPDK:fast-tests / eal_flags_n_opt_autotest                OK              0.19s
 28/120 DPDK:fast-tests / eal_flags_hpet_autotest                 OK              0.14s
 29/120 DPDK:fast-tests / eal_flags_no_huge_autotest              OK              0.19s
 30/120 DPDK:fast-tests / eal_flags_a_opt_autotest                OK              0.30s
 31/120 DPDK:fast-tests / eal_flags_b_opt_autotest                OK              0.25s
 32/120 DPDK:fast-tests / eal_flags_vdev_opt_autotest             OK              0.20s
 33/120 DPDK:fast-tests / eal_flags_r_opt_autotest                OK              0.19s
 34/120 DPDK:fast-tests / eal_flags_mem_autotest                  OK              0.58s
 35/120 DPDK:fast-tests / eal_flags_file_prefix_autotest          OK             22.24s
 36/120 DPDK:fast-tests / eal_flags_misc_autotest                 OK              1.03s
 37/120 DPDK:fast-tests / eal_fs_autotest                         OK              0.48s
 38/120 DPDK:fast-tests / errno_autotest                          OK              0.48s
 39/120 DPDK:fast-tests / ethdev_link_status                      OK              0.48s
 40/120 DPDK:fast-tests / event_eth_tx_adapter_autotest           OK              1.69s
 41/120 DPDK:fast-tests / event_ring_autotest                     OK              0.48s
 42/120 DPDK:fast-tests / eventdev_common_autotest                OK              0.48s
 43/120 DPDK:fast-tests / eventdev_selftest_sw                    OK              7.25s
 44/120 DPDK:fast-tests / fbarray_autotest                        OK              0.48s
 45/120 DPDK:fast-tests / fib_autotest                            OK              1.33s
 46/120 DPDK:fast-tests / fib6_autotest                           OK              1.12s
 47/120 DPDK:fast-tests / func_reentrancy_autotest                OK              2.25s
 48/120 DPDK:fast-tests / graph_autotest                          OK              0.48s
 49/120 DPDK:fast-tests / node_list_dump                          OK              0.48s
 50/120 DPDK:fast-tests / graph_feature_arc_autotest              OK              0.49s
 51/120 DPDK:fast-tests / hash_autotest                           OK              1.11s
 52/120 DPDK:fast-tests / hash_readwrite_func_autotest            OK              6.39s
 53/120 DPDK:fast-tests / interrupt_autotest                      OK              1.78s
 54/120 DPDK:fast-tests / ipfrag_autotest                         OK              0.08s
 55/120 DPDK:fast-tests / ipsec_autotest                          SKIP            0.48s   exit status 77
 56/120 DPDK:fast-tests / kvargs_autotest                         OK              0.49s
 57/120 DPDK:fast-tests / latencystats_autotest                   OK              0.49s
 58/120 DPDK:fast-tests / lcore_var_autotest                      OK              0.62s
 59/120 DPDK:fast-tests / lcores_autotest                         OK              5.29s
 60/120 DPDK:fast-tests / logs_autotest                           OK              0.48s
 61/120 DPDK:fast-tests / lpm_autotest                            OK              2.53s
 62/120 DPDK:fast-tests / lpm6_autotest                           OK              5.64s
 63/120 DPDK:fast-tests / malloc_autotest                         OK             50.58s
 64/120 DPDK:fast-tests / mbuf_autotest                           OK              4.07s
 65/120 DPDK:fast-tests / mcslock_autotest                        OK              2.58s
 66/120 DPDK:fast-tests / member_autotest                         OK              1.66s
 67/120 DPDK:fast-tests / memcpy_autotest                         OK              6.92s
 68/120 DPDK:fast-tests / memory_autotest                         OK              0.09s
 69/120 DPDK:fast-tests / mempool_autotest                        OK              0.44s
 70/120 DPDK:fast-tests / memzone_autotest                        OK              0.14s
 71/120 DPDK:fast-tests / meter_autotest                          OK              0.48s
 72/120 DPDK:fast-tests / metrics_autotest                        OK              0.48s
 73/120 DPDK:fast-tests / multiprocess_autotest                   OK              0.19s
 74/120 DPDK:fast-tests / net_ether_autotest                      OK              1.14s
 75/120 DPDK:fast-tests / net_ipv6_autotest                       OK              0.48s
 76/120 DPDK:fast-tests / pcapng_autotest                         OK              7.03s
 77/120 DPDK:fast-tests / pdcp_autotest                           SKIP            0.07s   exit status 77
 78/120 DPDK:fast-tests / pdump_autotest                          OK              0.58s
 79/120 DPDK:fast-tests / per_lcore_autotest                      OK              0.58s
 80/120 DPDK:fast-tests / pflock_autotest                         OK              1.29s
 81/120 DPDK:fast-tests / pie_autotest                            OK              0.49s
 82/120 DPDK:fast-tests / ring_pmd_autotest                       OK              0.48s
 83/120 DPDK:fast-tests / power_autotest                          OK              0.48s
 84/120 DPDK:fast-tests / power_cpufreq_autotest                  SKIP            0.07s   exit status 77
 85/120 DPDK:fast-tests / power_intel_uncore_autotest             SKIP            0.48s   exit status 77
 86/120 DPDK:fast-tests / power_kvm_vm_autotest                   SKIP            0.07s   exit status 77
 87/120 DPDK:fast-tests / prefetch_autotest                       OK              0.47s
 88/120 DPDK:fast-tests / ptr_compress_autotest                   OK              0.48s
 89/120 DPDK:fast-tests / rawdev_autotest                         OK              0.48s
 90/120 DPDK:fast-tests / rcu_qsbr_autotest                       OK              1.00s
 91/120 DPDK:fast-tests / reorder_autotest                        OK              0.54s
 92/120 DPDK:fast-tests / rib_autotest                            OK              9.13s
 93/120 DPDK:fast-tests / rib6_autotest                           OK              9.12s
 94/120 DPDK:fast-tests / ring_autotest                           OK              0.51s
 95/120 DPDK:fast-tests / rwlock_test1_autotest                   OK              1.23s
 96/120 DPDK:fast-tests / rwlock_rda_autotest                     OK              5.48s
 97/120 DPDK:fast-tests / rwlock_rds_wrm_autotest                 OK              5.48s
 98/120 DPDK:fast-tests / rwlock_rde_wro_autotest                 OK              5.48s
 99/120 DPDK:fast-tests / sched_autotest                          OK              0.48s
100/120 DPDK:fast-tests / security_autotest                       OK              0.07s
101/120 DPDK:fast-tests / seqlock_autotest                        OK              2.48s
102/120 DPDK:fast-tests / service_autotest                        OK              3.19s
103/120 DPDK:fast-tests / soring_autotest                         OK              0.49s
104/120 DPDK:fast-tests / spinlock_autotest                       OK              0.56s
105/120 DPDK:fast-tests / stack_autotest                          OK              0.87s
106/120 DPDK:fast-tests / stack_lf_autotest                       SKIP            0.06s   exit status 77
107/120 DPDK:fast-tests / string_autotest                         OK              0.48s
108/120 DPDK:fast-tests / table_autotest                          OK              7.79s
109/120 DPDK:fast-tests / tailq_autotest                          OK              0.48s
110/120 DPDK:fast-tests / telemetry_data_autotest                 OK              0.49s
111/120 DPDK:fast-tests / telemetry_json_autotest                 OK              0.48s
112/120 DPDK:fast-tests / thash_autotest                          OK              0.49s
113/120 DPDK:fast-tests / threads_autotest                        OK              0.66s
114/120 DPDK:fast-tests / ticketlock_autotest                     OK              0.66s
115/120 DPDK:fast-tests / timer_autotest                          OK              3.99s
116/120 DPDK:fast-tests / trace_autotest                          OK              0.48s
117/120 DPDK:fast-tests / trace_autotest_with_traces              OK              0.49s
118/120 DPDK:fast-tests / vdev_autotest                           OK              0.48s
119/120 DPDK:fast-tests / version_autotest                        OK              0.48s
120/120 DPDK:fast-tests / telemetry_all                           OK             19.58s


Ok:                 113
Expected Fail:      0
Fail:               0
Unexpected Pass:    0
Skipped:            7
Timeout:            0


^ permalink raw reply	[flat|nested] 28+ messages in thread

* |SUCCESS| pw157652 [PATCH v3 54/54] net/bnxt/tf_ulp: remove Truflow DEBUG code
       [not found] <20251015090024.32250-55-manish.kurup@broadcom.com>
  2025-10-16 18:51 ` |SUCCESS| pw157760-157652 [PATCH v3 54/54] net/bnxt/tf_ulp: remove Truflow DEBUG code qemudev
  2025-10-16 18:56 ` qemudev
@ 2025-10-16 19:23 ` checkpatch
  2025-10-16 19:50 ` |PENDING| pw157760-157652 [PATCH] [v3,54/54] net/bnxt/tf_ulp: remove dpdklab
                   ` (24 subsequent siblings)
  27 siblings, 0 replies; 28+ messages in thread
From: checkpatch @ 2025-10-16 19:23 UTC (permalink / raw)
  To: test-report

Test-Label: checkpatch
Test-Status: SUCCESS
http://dpdk.org/patch/157652

_coding style OK_



^ permalink raw reply	[flat|nested] 28+ messages in thread

* |PENDING| pw157760-157652 [PATCH] [v3,54/54] net/bnxt/tf_ulp: remove
       [not found] <20251015090024.32250-55-manish.kurup@broadcom.com>
                   ` (2 preceding siblings ...)
  2025-10-16 19:23 ` |SUCCESS| pw157652 " checkpatch
@ 2025-10-16 19:50 ` dpdklab
  2025-10-16 19:53 ` dpdklab
                   ` (23 subsequent siblings)
  27 siblings, 0 replies; 28+ messages in thread
From: dpdklab @ 2025-10-16 19:50 UTC (permalink / raw)
  To: Test Report; +Cc: dpdk-test-reports

Test-Label: iol-compile-amd64-testing
Test-Status: PENDING
http://dpdk.org/patch/157652

_Testing pending_

Submitter: Manish Kurup <manish.kurup@broadcom.com>
Date: Wednesday, October 15 2025 09:00:24 
DPDK git baseline: Repo:dpdk
  Branch: master
  CommitID:16f4c522003dcfecf23c8d38e009b95a3bbefd03

157760-157652 --> testing pending

Upstream job id: Generic-VM-DPDK-Compile-Meson#39050

Test environment and result as below:

+---------------------+-------------------------+--------------------+-------------------+
|     Environment     | dpdk_llvm_clang_compile | dpdk_meson_compile | dpdk_msvc_compile |
+=====================+=========================+====================+===================+
| Windows Server 2022 | PEND                    | SKIPPED            | PEND              |
+---------------------+-------------------------+--------------------+-------------------+
| Ubuntu 20.04        | SKIPPED                 | PASS               | SKIPPED           |
+---------------------+-------------------------+--------------------+-------------------+
| FreeBSD 14.2        | SKIPPED                 | PEND               | SKIPPED           |
+---------------------+-------------------------+--------------------+-------------------+


Windows Server 2022
	Kernel: 10.0.20348.2031
	Compiler: clang 15.0.7, gcc 14.1.0 (MinGW), and MSVC VS 19.39.33521

Ubuntu 20.04
	Kernel: 4.19
	Compiler: gcc gcc (Ubuntu 9.4.0-1ubuntu1~20.04.2) 9.4.0

FreeBSD 14.2
	Kernel: 14.2-RELEASE
	Compiler: clang 18.1.6

To view detailed results, visit:
https://lab.dpdk.org/results/dashboard/patchsets/34303/

UNH-IOL DPDK Community Lab

To manage your email subscriptions, visit: 
https://lab.dpdk.org/results/dashboard/preferences/subscriptions/

^ permalink raw reply	[flat|nested] 28+ messages in thread

* |PENDING| pw157760-157652 [PATCH] [v3,54/54] net/bnxt/tf_ulp: remove
       [not found] <20251015090024.32250-55-manish.kurup@broadcom.com>
                   ` (3 preceding siblings ...)
  2025-10-16 19:50 ` |PENDING| pw157760-157652 [PATCH] [v3,54/54] net/bnxt/tf_ulp: remove dpdklab
@ 2025-10-16 19:53 ` dpdklab
  2025-10-16 19:54 ` |SUCCESS| " dpdklab
                   ` (22 subsequent siblings)
  27 siblings, 0 replies; 28+ messages in thread
From: dpdklab @ 2025-10-16 19:53 UTC (permalink / raw)
  To: Test Report; +Cc: dpdk-test-reports

Test-Label: iol-unit-amd64-testing
Test-Status: PENDING
http://dpdk.org/patch/157652

_Testing pending_

Submitter: Manish Kurup <manish.kurup@broadcom.com>
Date: Wednesday, October 15 2025 09:00:24 
DPDK git baseline: Repo:dpdk
  Branch: master
  CommitID:16f4c522003dcfecf23c8d38e009b95a3bbefd03

157760-157652 --> testing pending

Upstream job id: Generic-Unit-Test-DPDK#382340

Test environment and result as below:

+-------------------------------+----------------+
|          Environment          | dpdk_unit_test |
+===============================+================+
| Debian GNU/Linux 12           | PEND           |
+-------------------------------+----------------+
| CentOS Stream 9               | PEND           |
+-------------------------------+----------------+
| CentOS Stream 10              | PASS           |
+-------------------------------+----------------+
| Fedora Linux 41               | PEND           |
+-------------------------------+----------------+
| Fedora Linux 42               | PEND           |
+-------------------------------+----------------+
| Fedora Linux 40               | PEND           |
+-------------------------------+----------------+
| Red Hat Enterprise Linux 9.5  | PEND           |
+-------------------------------+----------------+
| Red Hat Enterprise Linux 8.10 | PEND           |
+-------------------------------+----------------+
| Ubuntu 22.04                  | PEND           |
+-------------------------------+----------------+
| Ubuntu 20.04                  | PEND           |
+-------------------------------+----------------+
| Ubuntu 24.04                  | PEND           |
+-------------------------------+----------------+
| Windows Server 2022           | PEND           |
+-------------------------------+----------------+


Debian GNU/Linux 12
	Kernel: 5.15
	Compiler: gcc gcc (Debian 12.2.0-14+deb12u1) 12.2.0

CentOS Stream 9
	Kernel: 5.15
	Compiler: gcc gcc (GCC) 11.5.0 20240719 (Red Hat 11.5.0-11)

CentOS Stream 10
	Kernel: 5.15
	Compiler: gcc gcc (GCC) 14.2.1 20250110 (Red Hat 14.2.1-8)

Fedora Linux 41
	Kernel: 5.15
	Compiler: clang gcc (GCC) 14.3.1 20250523 (Red Hat 14.3.1-1)

Fedora Linux 42
	Kernel: 5.15
	Compiler: gcc gcc (GCC) 15.2.1 20250808 (Red Hat 15.2.1-1)

Fedora Linux 40
	Kernel: 5.15
	Compiler: clang gcc (GCC) 14.2.1 20240912 (Red Hat 14.2.1-3)

Red Hat Enterprise Linux 9.5
	Kernel: 5.15
	Compiler: gcc gcc (GCC) 11.5.0 20240719 (Red Hat 11.5.0-2)

Red Hat Enterprise Linux 8.10
	Kernel: 5.15
	Compiler: gcc gcc (GCC) 8.5.0 20210514 (Red Hat 8.5.0-22)

Ubuntu 22.04
	Kernel: 5.15
	Compiler: gcc gcc (Ubuntu 11.4.0-1ubuntu1~22.04) 11.4.0

Ubuntu 20.04
	Kernel: 5.15
	Compiler: gcc gcc (Ubuntu 9.4.0-1ubuntu1~20.04.2) 9.4.0

Ubuntu 24.04
	Kernel: 5.15
	Compiler: gcc gcc (Ubuntu 13.3.0-6ubuntu2~24.04) 13.3.0

Windows Server 2022
	Kernel: 10.0.20348.2031
	Compiler: clang 15.0.7, gcc 14.1.0 (MinGW), and MSVC VS 19.39.33521

To view detailed results, visit:
https://lab.dpdk.org/results/dashboard/patchsets/34303/

UNH-IOL DPDK Community Lab

To manage your email subscriptions, visit: 
https://lab.dpdk.org/results/dashboard/preferences/subscriptions/

^ permalink raw reply	[flat|nested] 28+ messages in thread

* |SUCCESS| pw157760-157652 [PATCH] [v3,54/54] net/bnxt/tf_ulp: remove
       [not found] <20251015090024.32250-55-manish.kurup@broadcom.com>
                   ` (4 preceding siblings ...)
  2025-10-16 19:53 ` dpdklab
@ 2025-10-16 19:54 ` dpdklab
  2025-10-16 19:58 ` dpdklab
                   ` (21 subsequent siblings)
  27 siblings, 0 replies; 28+ messages in thread
From: dpdklab @ 2025-10-16 19:54 UTC (permalink / raw)
  To: Test Report; +Cc: dpdk-test-reports

Test-Label: iol-mellanox-Functional
Test-Status: SUCCESS
http://dpdk.org/patch/157652

_Functional Testing PASS_

Submitter: Manish Kurup <manish.kurup@broadcom.com>
Date: Wednesday, October 15 2025 09:00:24 
DPDK git baseline: Repo:dpdk
  Branch: master
  CommitID:16f4c522003dcfecf23c8d38e009b95a3bbefd03

157760-157652 --> functional testing pass

Upstream job id: Template-DPDK-DTS-Pipeline#2491

Test environment and result as below:

Ubuntu 24.04
Kernel: 6.8.0-55-generic
Compiler: gcc 13.3.0
NIC: Mellanox ConnectX-5 100000 Mbps

Aggregate Results by Test Suite
+---------------------------------+--------+
|           Test Suite            | Result |
+=================================+========+
| blocklist                       |  PASS  |
+---------------------------------+--------+
| promisc_support                 |  PASS  |
+---------------------------------+--------+
| uni_pkt                         |  PASS  |
+---------------------------------+--------+
| dynamic_config                  |  PASS  |
+---------------------------------+--------+
| hello_world                     |  PASS  |
+---------------------------------+--------+
| l2fwd                           |  PASS  |
+---------------------------------+--------+
| port_restart_config_persistency |  PASS  |
+---------------------------------+--------+
| softnic                         |  PASS  |
+---------------------------------+--------+
| vlan                            |  PASS  |
+---------------------------------+--------+


To view detailed results, visit:
https://lab.dpdk.org/results/dashboard/patchsets/34303/

UNH-IOL DPDK Community Lab

To manage your email subscriptions, visit: 
https://lab.dpdk.org/results/dashboard/preferences/subscriptions/

^ permalink raw reply	[flat|nested] 28+ messages in thread

* |SUCCESS| pw157760-157652 [PATCH] [v3,54/54] net/bnxt/tf_ulp: remove
       [not found] <20251015090024.32250-55-manish.kurup@broadcom.com>
                   ` (5 preceding siblings ...)
  2025-10-16 19:54 ` |SUCCESS| " dpdklab
@ 2025-10-16 19:58 ` dpdklab
  2025-10-16 19:58 ` |PENDING| " dpdklab
                   ` (20 subsequent siblings)
  27 siblings, 0 replies; 28+ messages in thread
From: dpdklab @ 2025-10-16 19:58 UTC (permalink / raw)
  To: Test Report; +Cc: dpdk-test-reports

Test-Label: iol-marvell-Functional
Test-Status: SUCCESS
http://dpdk.org/patch/157652

_Functional Testing PASS_

Submitter: Manish Kurup <manish.kurup@broadcom.com>
Date: Wednesday, October 15 2025 09:00:24 
DPDK git baseline: Repo:dpdk
  Branch: master
  CommitID:16f4c522003dcfecf23c8d38e009b95a3bbefd03

157760-157652 --> functional testing pass

Upstream job id: Template-DTS-Pipeline#249824

Test environment and result as below:

Ubuntu 20.04.6
Kernel: 5.4.105
Compiler: gcc 9.4
NIC: Marvell CN106XX 50000 Mbps
Target: arm64-native-linuxapp-gcc

Aggregate Results by Test Suite
+----------------+--------+
|   Test Suite   | Result |
+================+========+
| cmdline        |  PASS  |
+----------------+--------+
| rxtx_callbacks |  PASS  |
+----------------+--------+


To view detailed results, visit:
https://lab.dpdk.org/results/dashboard/patchsets/34303/

UNH-IOL DPDK Community Lab

To manage your email subscriptions, visit: 
https://lab.dpdk.org/results/dashboard/preferences/subscriptions/

^ permalink raw reply	[flat|nested] 28+ messages in thread

* |PENDING| pw157760-157652 [PATCH] [v3,54/54] net/bnxt/tf_ulp: remove
       [not found] <20251015090024.32250-55-manish.kurup@broadcom.com>
                   ` (6 preceding siblings ...)
  2025-10-16 19:58 ` dpdklab
@ 2025-10-16 19:58 ` dpdklab
  2025-10-16 20:02 ` dpdklab
                   ` (19 subsequent siblings)
  27 siblings, 0 replies; 28+ messages in thread
From: dpdklab @ 2025-10-16 19:58 UTC (permalink / raw)
  To: Test Report; +Cc: dpdk-test-reports

Test-Label: iol-unit-arm64-testing
Test-Status: PENDING
http://dpdk.org/patch/157652

_Testing pending_

Submitter: Manish Kurup <manish.kurup@broadcom.com>
Date: Wednesday, October 15 2025 09:00:24 
DPDK git baseline: Repo:dpdk
  Branch: master
  CommitID:16f4c522003dcfecf23c8d38e009b95a3bbefd03

157760-157652 --> testing pending

Upstream job id: Generic-Unit-Test-DPDK#382335

Test environment and result as below:

+------------------------------+------------------------------+---------------------------+--------------+----------------+
|         Environment          | cryptodev_sw_snow3g_autotest | cryptodev_sw_zuc_autotest | lpm_autotest | dpdk_unit_test |
+==============================+==============================+===========================+==============+================+
| Debian 12 (arm)              | PEND                         | PEND                      | SKIPPED      | SKIPPED        |
+------------------------------+------------------------------+---------------------------+--------------+----------------+
| Ubuntu 20.04                 | SKIPPED                      | SKIPPED                   | PASS         | PEND           |
+------------------------------+------------------------------+---------------------------+--------------+----------------+
| Ubuntu 22.04                 | SKIPPED                      | SKIPPED                   | SKIPPED      | PEND           |
+------------------------------+------------------------------+---------------------------+--------------+----------------+
| Debian GNU/Linux 12          | SKIPPED                      | SKIPPED                   | SKIPPED      | PEND           |
+------------------------------+------------------------------+---------------------------+--------------+----------------+
| Fedora Linux 40              | SKIPPED                      | SKIPPED                   | SKIPPED      | PEND           |
+------------------------------+------------------------------+---------------------------+--------------+----------------+
| CentOS Stream 9              | SKIPPED                      | SKIPPED                   | SKIPPED      | PEND           |
+------------------------------+------------------------------+---------------------------+--------------+----------------+
| CentOS Stream 10             | SKIPPED                      | SKIPPED                   | SKIPPED      | PEND           |
+------------------------------+------------------------------+---------------------------+--------------+----------------+
| Fedora Linux 41              | SKIPPED                      | SKIPPED                   | SKIPPED      | PEND           |
+------------------------------+------------------------------+---------------------------+--------------+----------------+
| Fedora Linux 42              | SKIPPED                      | SKIPPED                   | SKIPPED      | PEND           |
+------------------------------+------------------------------+---------------------------+--------------+----------------+
| Ubuntu 24.04                 | SKIPPED                      | SKIPPED                   | SKIPPED      | PEND           |
+------------------------------+------------------------------+---------------------------+--------------+----------------+
| Red Hat Enterprise Linux 9.5 | SKIPPED                      | SKIPPED                   | SKIPPED      | PEND           |
+------------------------------+------------------------------+---------------------------+--------------+----------------+


Debian 12 (arm)
	Kernel: Depends on container host
	Compiler: gcc (Debian 12.2.0-14) 12.2.0

Ubuntu 20.04
	Kernel: 5.4
	Compiler: gcc gcc (Ubuntu 9.4.0-1ubuntu1~20.04.2) 9.4.0

Ubuntu 22.04
	Kernel: 5.15
	Compiler: gcc gcc (Ubuntu 11.4.0-1ubuntu1~22.04.2) 11.4.0

Debian GNU/Linux 12
	Kernel: 5.4
	Compiler: gcc gcc (Debian 12.2.0-14+deb12u1) 12.2.0

Fedora Linux 40
	Kernel: 5.4
	Compiler: gcc gcc (GCC) 14.2.1 20240912 (Red Hat 14.2.1-3)

CentOS Stream 9
	Kernel: 5.4
	Compiler: gcc gcc (GCC) 11.5.0 20240719 (Red Hat 11.5.0-11)

CentOS Stream 10
	Kernel: 5.4
	Compiler: gcc gcc (GCC) 14.2.1 20250110 (Red Hat 14.2.1-8)

Fedora Linux 41
	Kernel: 5.4
	Compiler: gcc gcc (GCC) 14.3.1 20250523 (Red Hat 14.3.1-1)

Fedora Linux 42
	Kernel: 5.4
	Compiler: clang gcc (GCC) 15.2.1 20250808 (Red Hat 15.2.1-1)

Ubuntu 24.04
	Kernel: 5.4
	Compiler: gcc gcc (Ubuntu 13.3.0-6ubuntu2~24.04) 13.3.0

Red Hat Enterprise Linux 9.5
	Kernel: 5.4
	Compiler: gcc gcc (GCC) 11.5.0 20240719 (Red Hat 11.5.0-2)

To view detailed results, visit:
https://lab.dpdk.org/results/dashboard/patchsets/34303/

UNH-IOL DPDK Community Lab

To manage your email subscriptions, visit: 
https://lab.dpdk.org/results/dashboard/preferences/subscriptions/

^ permalink raw reply	[flat|nested] 28+ messages in thread

* |PENDING| pw157760-157652 [PATCH] [v3,54/54] net/bnxt/tf_ulp: remove
       [not found] <20251015090024.32250-55-manish.kurup@broadcom.com>
                   ` (7 preceding siblings ...)
  2025-10-16 19:58 ` |PENDING| " dpdklab
@ 2025-10-16 20:02 ` dpdklab
  2025-10-16 20:13 ` |SUCCESS| " dpdklab
                   ` (18 subsequent siblings)
  27 siblings, 0 replies; 28+ messages in thread
From: dpdklab @ 2025-10-16 20:02 UTC (permalink / raw)
  To: Test Report; +Cc: dpdk-test-reports

Test-Label: iol-sample-apps-testing
Test-Status: PENDING
http://dpdk.org/patch/157652

_Testing pending_

Submitter: Manish Kurup <manish.kurup@broadcom.com>
Date: Wednesday, October 15 2025 09:00:24 
DPDK git baseline: Repo:dpdk
  Branch: master
  CommitID:16f4c522003dcfecf23c8d38e009b95a3bbefd03

157760-157652 --> testing pending

Upstream job id: Template-DTS-Pipeline#249826

Test environment and result as below:

+--------------+----------------------+----------------------+
| Environment  | dpdk_fips_validation | compressdev_zlib_pmd |
+==============+======================+======================+
| Ubuntu 20.04 | PEND                 | SKIPPED              |
+--------------+----------------------+----------------------+
| Ubuntu 22.04 | SKIPPED              | PASS                 |
+--------------+----------------------+----------------------+


Ubuntu 20.04
	Kernel: 5.15
	Compiler: gcc gcc (Ubuntu 9.4.0-1ubuntu1~20.04.2) 9.4.0

Ubuntu 22.04
	Kernel: 5.15
	Compiler: gcc gcc (Ubuntu 11.4.0-1ubuntu1~22.04.2) 11.4.0

To view detailed results, visit:
https://lab.dpdk.org/results/dashboard/patchsets/34303/

UNH-IOL DPDK Community Lab

To manage your email subscriptions, visit: 
https://lab.dpdk.org/results/dashboard/preferences/subscriptions/

^ permalink raw reply	[flat|nested] 28+ messages in thread

* |SUCCESS| pw157760-157652 [PATCH] [v3,54/54] net/bnxt/tf_ulp: remove
       [not found] <20251015090024.32250-55-manish.kurup@broadcom.com>
                   ` (8 preceding siblings ...)
  2025-10-16 20:02 ` dpdklab
@ 2025-10-16 20:13 ` dpdklab
  2025-10-16 20:15 ` dpdklab
                   ` (17 subsequent siblings)
  27 siblings, 0 replies; 28+ messages in thread
From: dpdklab @ 2025-10-16 20:13 UTC (permalink / raw)
  To: Test Report, Ali Alnubani; +Cc: dpdk-test-reports

Test-Label: iol-mellanox-Performance
Test-Status: SUCCESS
http://dpdk.org/patch/157652

_Performance Testing PASS_

Submitter: Manish Kurup <manish.kurup@broadcom.com>
Date: Wednesday, October 15 2025 09:00:24 
DPDK git baseline: Repo:dpdk
  Branch: master
  CommitID:16f4c522003dcfecf23c8d38e009b95a3bbefd03

157760-157652 --> performance testing pass

Upstream job id: Template-DTS-Pipeline#249814

Test environment and result as below:

Ubuntu 24.04
Kernel: 6.8
Compiler: gcc gcc (Ubuntu 13.3.0-6ubuntu2~24.04) 13.3.0
NIC: Mellanox ConnectX-6 Lx 25000 Mbps
Fail/Total: 0/6

Detail performance results: 
+------------+---------+----------+-------------+------------------------------+
| frame_size | txd/rxd | num_cpus | num_threads |  throughput difference from  |
|            |         |          |             |           expected           |
+============+=========+==========+=============+==============================+
| 64         | 1024    | 1        | 1           | 0.2%                         |
+------------+---------+----------+-------------+------------------------------+
| 128        | 1024    | 1        | 1           | -0.0%                        |
+------------+---------+----------+-------------+------------------------------+
| 256        | 1024    | 1        | 1           | -0.0%                        |
+------------+---------+----------+-------------+------------------------------+
| 512        | 1024    | 1        | 1           | -0.1%                        |
+------------+---------+----------+-------------+------------------------------+
| 1024       | 1024    | 1        | 1           | -0.1%                        |
+------------+---------+----------+-------------+------------------------------+
| 1518       | 1024    | 1        | 1           | -0.1%                        |
+------------+---------+----------+-------------+------------------------------+

Ubuntu 24.04
Kernel: 6.8
Compiler: gcc gcc (Ubuntu 13.3.0-6ubuntu2~24.04) 13.3.0
NIC: NVIDIA Mellanox ConnectX-7 100000 Mbps
Fail/Total: 0/6

Detail performance results: 
+------------+---------+----------+-------------+------------------------------+
| frame_size | txd/rxd | num_cpus | num_threads |  throughput difference from  |
|            |         |          |             |           expected           |
+============+=========+==========+=============+==============================+
| 64         | 1024    | 1        | 1           | 1.2%                         |
+------------+---------+----------+-------------+------------------------------+
| 128        | 1024    | 1        | 1           | 0.1%                         |
+------------+---------+----------+-------------+------------------------------+
| 256        | 1024    | 1        | 1           | -0.2%                        |
+------------+---------+----------+-------------+------------------------------+
| 512        | 1024    | 1        | 1           | -0.1%                        |
+------------+---------+----------+-------------+------------------------------+
| 1024       | 1024    | 1        | 1           | -0.1%                        |
+------------+---------+----------+-------------+------------------------------+
| 1518       | 1024    | 1        | 1           | 0.0%                         |
+------------+---------+----------+-------------+------------------------------+

To view detailed results, visit:
https://lab.dpdk.org/results/dashboard/patchsets/34303/

UNH-IOL DPDK Community Lab

To manage your email subscriptions, visit: 
https://lab.dpdk.org/results/dashboard/preferences/subscriptions/

^ permalink raw reply	[flat|nested] 28+ messages in thread

* |SUCCESS| pw157760-157652 [PATCH] [v3,54/54] net/bnxt/tf_ulp: remove
       [not found] <20251015090024.32250-55-manish.kurup@broadcom.com>
                   ` (9 preceding siblings ...)
  2025-10-16 20:13 ` |SUCCESS| " dpdklab
@ 2025-10-16 20:15 ` dpdklab
  2025-10-16 20:15 ` dpdklab
                   ` (16 subsequent siblings)
  27 siblings, 0 replies; 28+ messages in thread
From: dpdklab @ 2025-10-16 20:15 UTC (permalink / raw)
  To: Test Report; +Cc: dpdk-test-reports

Test-Label: iol-intel-Performance
Test-Status: SUCCESS
http://dpdk.org/patch/157652

_Performance Testing PASS_

Submitter: Manish Kurup <manish.kurup@broadcom.com>
Date: Wednesday, October 15 2025 09:00:24 
DPDK git baseline: Repo:dpdk
  Branch: master
  CommitID:16f4c522003dcfecf23c8d38e009b95a3bbefd03

157760-157652 --> performance testing pass

Upstream job id: Template-DTS-Pipeline#249817

Test environment and result as below:

Ubuntu 20.04
Kernel: 5.4
Compiler: gcc gcc (Ubuntu 9.4.0-1ubuntu1~20.04.1) 9.4.0
NIC: Intel Corporation Ethernet Converged Network Adapter XL710-QDA2 40000 Mbps
Fail/Total: 0/4

Detail performance results: 
+----------+-------------+---------+------------+------------------------------+
| num_cpus | num_threads | txd/rxd | frame_size |  throughput difference from  |
|          |             |         |            |           expected           |
+==========+=============+=========+============+==============================+
| 1        | 2           | 512     | 64         | -0.1%                        |
+----------+-------------+---------+------------+------------------------------+
| 1        | 2           | 2048    | 64         | 1.2%                         |
+----------+-------------+---------+------------+------------------------------+
| 1        | 1           | 512     | 64         | 0.6%                         |
+----------+-------------+---------+------------+------------------------------+
| 1        | 1           | 2048    | 64         | 3.4%                         |
+----------+-------------+---------+------------+------------------------------+

Ubuntu 22.04
Kernel: 5.15
Compiler: gcc gcc (Ubuntu 11.4.0-1ubuntu1~22.04.2) 11.4.0
NIC: Intel E810 100000 Mbps
Fail/Total: 0/2

Detail performance results: 
+------------+---------+----------+-------------+------------------------------+
| frame_size | txd/rxd | num_cpus | num_threads |  throughput difference from  |
|            |         |          |             |           expected           |
+============+=========+==========+=============+==============================+
| 64         | 512     | 1        | 1           | 0.1%                         |
+------------+---------+----------+-------------+------------------------------+
| 64         | 2048    | 1        | 1           | 0.3%                         |
+------------+---------+----------+-------------+------------------------------+

Ubuntu 24.04
Kernel: 6.8
Compiler: gcc gcc (Ubuntu 13.3.0-6ubuntu2~24.04) 13.3.0
NIC: Intel E810 (Arm Grace Server) 100000 Mbps
Fail/Total: 0/2

Detail performance results: 
+------------+---------+----------+-------------+------------------------------+
| frame_size | txd/rxd | num_cpus | num_threads |  throughput difference from  |
|            |         |          |             |           expected           |
+============+=========+==========+=============+==============================+
| 64         | 512     | 1        | 1           | 0.4%                         |
+------------+---------+----------+-------------+------------------------------+
| 64         | 2048    | 1        | 1           | 0.4%                         |
+------------+---------+----------+-------------+------------------------------+

To view detailed results, visit:
https://lab.dpdk.org/results/dashboard/patchsets/34303/

UNH-IOL DPDK Community Lab

To manage your email subscriptions, visit: 
https://lab.dpdk.org/results/dashboard/preferences/subscriptions/

^ permalink raw reply	[flat|nested] 28+ messages in thread

* |SUCCESS| pw157760-157652 [PATCH] [v3,54/54] net/bnxt/tf_ulp: remove
       [not found] <20251015090024.32250-55-manish.kurup@broadcom.com>
                   ` (10 preceding siblings ...)
  2025-10-16 20:15 ` dpdklab
@ 2025-10-16 20:15 ` dpdklab
  2025-10-16 20:17 ` dpdklab
                   ` (15 subsequent siblings)
  27 siblings, 0 replies; 28+ messages in thread
From: dpdklab @ 2025-10-16 20:15 UTC (permalink / raw)
  To: Test Report; +Cc: dpdk-test-reports

Test-Label: iol-intel-Functional
Test-Status: SUCCESS
http://dpdk.org/patch/157652

_Functional Testing PASS_

Submitter: Manish Kurup <manish.kurup@broadcom.com>
Date: Wednesday, October 15 2025 09:00:24 
DPDK git baseline: Repo:dpdk
  Branch: master
  CommitID:16f4c522003dcfecf23c8d38e009b95a3bbefd03

157760-157652 --> functional testing pass

Upstream job id: Template-DTS-Pipeline#249821

Test environment and result as below:

Ubuntu 20.04
Kernel: 5.4
Compiler: gcc gcc (Ubuntu 9.4.0-1ubuntu1~20.04.1) 9.4.0
NIC: Intel Corporation Ethernet Converged Network Adapter XL710-QDA2 40000 Mbps

Aggregate Results by Test Suite
+-----------------------------+--------+
|         Test Suite          | Result |
+=============================+========+
| unit_tests_mbuf             |  PASS  |
+-----------------------------+--------+
| vhost_virtio_user_interrupt |  PASS  |
+-----------------------------+--------+
| virtio_smoke                |  PASS  |
+-----------------------------+--------+


To view detailed results, visit:
https://lab.dpdk.org/results/dashboard/patchsets/34303/

UNH-IOL DPDK Community Lab

To manage your email subscriptions, visit: 
https://lab.dpdk.org/results/dashboard/preferences/subscriptions/

^ permalink raw reply	[flat|nested] 28+ messages in thread

* |SUCCESS| pw157760-157652 [PATCH] [v3,54/54] net/bnxt/tf_ulp: remove
       [not found] <20251015090024.32250-55-manish.kurup@broadcom.com>
                   ` (11 preceding siblings ...)
  2025-10-16 20:15 ` dpdklab
@ 2025-10-16 20:17 ` dpdklab
  2025-10-16 20:29 ` dpdklab
                   ` (14 subsequent siblings)
  27 siblings, 0 replies; 28+ messages in thread
From: dpdklab @ 2025-10-16 20:17 UTC (permalink / raw)
  To: Test Report; +Cc: dpdk-test-reports

Test-Label: iol-sample-apps-testing
Test-Status: SUCCESS
http://dpdk.org/patch/157652

_Testing PASS_

Submitter: Manish Kurup <manish.kurup@broadcom.com>
Date: Wednesday, October 15 2025 09:00:24 
DPDK git baseline: Repo:dpdk
  Branch: master
  CommitID:16f4c522003dcfecf23c8d38e009b95a3bbefd03

157760-157652 --> testing pass

Upstream job id: ACVP-FIPS-testing#11456

Test environment and result as below:

+--------------+----------------------+----------------------+
| Environment  | dpdk_fips_validation | compressdev_zlib_pmd |
+==============+======================+======================+
| Ubuntu 20.04 | PASS                 | SKIPPED              |
+--------------+----------------------+----------------------+
| Ubuntu 22.04 | SKIPPED              | PASS                 |
+--------------+----------------------+----------------------+


Ubuntu 20.04
	Kernel: 5.15
	Compiler: gcc gcc (Ubuntu 9.4.0-1ubuntu1~20.04.2) 9.4.0

Ubuntu 22.04
	Kernel: 5.15
	Compiler: gcc gcc (Ubuntu 11.4.0-1ubuntu1~22.04.2) 11.4.0

To view detailed results, visit:
https://lab.dpdk.org/results/dashboard/patchsets/34303/

UNH-IOL DPDK Community Lab

To manage your email subscriptions, visit: 
https://lab.dpdk.org/results/dashboard/preferences/subscriptions/

^ permalink raw reply	[flat|nested] 28+ messages in thread

* |SUCCESS| pw157760-157652 [PATCH] [v3,54/54] net/bnxt/tf_ulp: remove
       [not found] <20251015090024.32250-55-manish.kurup@broadcom.com>
                   ` (12 preceding siblings ...)
  2025-10-16 20:17 ` dpdklab
@ 2025-10-16 20:29 ` dpdklab
  2025-10-16 20:29 ` dpdklab
                   ` (13 subsequent siblings)
  27 siblings, 0 replies; 28+ messages in thread
From: dpdklab @ 2025-10-16 20:29 UTC (permalink / raw)
  To: Test Report; +Cc: dpdk-test-reports

Test-Label: iol-unit-amd64-testing
Test-Status: SUCCESS
http://dpdk.org/patch/157652

_Testing PASS_

Submitter: Manish Kurup <manish.kurup@broadcom.com>
Date: Wednesday, October 15 2025 09:00:24 
DPDK git baseline: Repo:dpdk
  Branch: master
  CommitID:16f4c522003dcfecf23c8d38e009b95a3bbefd03

157760-157652 --> testing pass

Upstream job id: Generic-VM-Unit-Test-DPDK#31856

Test environment and result as below:

+-------------------------------+----------------+
|          Environment          | dpdk_unit_test |
+===============================+================+
| Debian GNU/Linux 12           | PASS           |
+-------------------------------+----------------+
| CentOS Stream 9               | PASS           |
+-------------------------------+----------------+
| CentOS Stream 10              | PASS           |
+-------------------------------+----------------+
| Fedora Linux 41               | PASS           |
+-------------------------------+----------------+
| Fedora Linux 42               | PASS           |
+-------------------------------+----------------+
| Fedora Linux 40               | PASS           |
+-------------------------------+----------------+
| Red Hat Enterprise Linux 9.5  | PASS           |
+-------------------------------+----------------+
| Red Hat Enterprise Linux 8.10 | PASS           |
+-------------------------------+----------------+
| Ubuntu 22.04                  | PASS           |
+-------------------------------+----------------+
| Ubuntu 20.04                  | PASS           |
+-------------------------------+----------------+
| Ubuntu 24.04                  | PASS           |
+-------------------------------+----------------+
| Windows Server 2022           | PASS           |
+-------------------------------+----------------+


Debian GNU/Linux 12
	Kernel: 5.15
	Compiler: gcc gcc (Debian 12.2.0-14+deb12u1) 12.2.0

CentOS Stream 9
	Kernel: 5.15
	Compiler: gcc gcc (GCC) 11.5.0 20240719 (Red Hat 11.5.0-11)

CentOS Stream 10
	Kernel: 5.15
	Compiler: gcc gcc (GCC) 14.2.1 20250110 (Red Hat 14.2.1-8)

Fedora Linux 41
	Kernel: 5.15
	Compiler: clang gcc (GCC) 14.3.1 20250523 (Red Hat 14.3.1-1)

Fedora Linux 42
	Kernel: 5.15
	Compiler: gcc gcc (GCC) 15.2.1 20250808 (Red Hat 15.2.1-1)

Fedora Linux 40
	Kernel: 5.15
	Compiler: clang gcc (GCC) 14.2.1 20240912 (Red Hat 14.2.1-3)

Red Hat Enterprise Linux 9.5
	Kernel: 5.15
	Compiler: gcc gcc (GCC) 11.5.0 20240719 (Red Hat 11.5.0-2)

Red Hat Enterprise Linux 8.10
	Kernel: 5.15
	Compiler: gcc gcc (GCC) 8.5.0 20210514 (Red Hat 8.5.0-22)

Ubuntu 22.04
	Kernel: 5.15
	Compiler: gcc gcc (Ubuntu 11.4.0-1ubuntu1~22.04) 11.4.0

Ubuntu 20.04
	Kernel: 5.15
	Compiler: gcc gcc (Ubuntu 9.4.0-1ubuntu1~20.04.2) 9.4.0

Ubuntu 24.04
	Kernel: 5.15
	Compiler: gcc gcc (Ubuntu 13.3.0-6ubuntu2~24.04) 13.3.0

Windows Server 2022
	Kernel: 10.0.20348.2031
	Compiler: clang 15.0.7, gcc 14.1.0 (MinGW), and MSVC VS 19.39.33521

To view detailed results, visit:
https://lab.dpdk.org/results/dashboard/patchsets/34303/

UNH-IOL DPDK Community Lab

To manage your email subscriptions, visit: 
https://lab.dpdk.org/results/dashboard/preferences/subscriptions/

^ permalink raw reply	[flat|nested] 28+ messages in thread

* |SUCCESS| pw157760-157652 [PATCH] [v3,54/54] net/bnxt/tf_ulp: remove
       [not found] <20251015090024.32250-55-manish.kurup@broadcom.com>
                   ` (13 preceding siblings ...)
  2025-10-16 20:29 ` dpdklab
@ 2025-10-16 20:29 ` dpdklab
  2025-10-16 20:29 ` dpdklab
                   ` (12 subsequent siblings)
  27 siblings, 0 replies; 28+ messages in thread
From: dpdklab @ 2025-10-16 20:29 UTC (permalink / raw)
  To: Test Report; +Cc: dpdk-test-reports

Test-Label: iol-intel-Functional
Test-Status: SUCCESS
http://dpdk.org/patch/157652

_Functional Testing PASS_

Submitter: Manish Kurup <manish.kurup@broadcom.com>
Date: Wednesday, October 15 2025 09:00:24 
DPDK git baseline: Repo:dpdk
  Branch: master
  CommitID:16f4c522003dcfecf23c8d38e009b95a3bbefd03

157760-157652 --> functional testing pass

Upstream job id: Template-DTS-Pipeline#249823

Test environment and result as below:

Ubuntu 20.04
Kernel: 5.4
Compiler: gcc gcc (Ubuntu 9.4.0-1ubuntu1~20.04.1) 9.4.0
NIC: Intel Corporation Ethernet Converged Network Adapter XL710-QDA2 40000 Mbps

Aggregate Results by Test Suite
+-----------------------------+--------+
|         Test Suite          | Result |
+=============================+========+
| unit_tests_mbuf             |  PASS  |
+-----------------------------+--------+
| vhost_virtio_user_interrupt |  PASS  |
+-----------------------------+--------+
| virtio_smoke                |  PASS  |
+-----------------------------+--------+


Ubuntu 22.04
Kernel: 5.15
Compiler: gcc gcc (Ubuntu 11.4.0-1ubuntu1~22.04.2) 11.4.0
NIC: Intel Corporation QAT 8970 0 Mbps

Aggregate Results by Test Suite
+----------------------------+--------+
|         Test Suite         | Result |
+============================+========+
| crypto_perf_cryptodev_perf |  PASS  |
+----------------------------+--------+


To view detailed results, visit:
https://lab.dpdk.org/results/dashboard/patchsets/34303/

UNH-IOL DPDK Community Lab

To manage your email subscriptions, visit: 
https://lab.dpdk.org/results/dashboard/preferences/subscriptions/

^ permalink raw reply	[flat|nested] 28+ messages in thread

* |SUCCESS| pw157760-157652 [PATCH] [v3,54/54] net/bnxt/tf_ulp: remove
       [not found] <20251015090024.32250-55-manish.kurup@broadcom.com>
                   ` (14 preceding siblings ...)
  2025-10-16 20:29 ` dpdklab
@ 2025-10-16 20:29 ` dpdklab
  2025-10-16 20:33 ` dpdklab
                   ` (11 subsequent siblings)
  27 siblings, 0 replies; 28+ messages in thread
From: dpdklab @ 2025-10-16 20:29 UTC (permalink / raw)
  To: Test Report; +Cc: dpdk-test-reports

Test-Label: iol-compile-amd64-testing
Test-Status: SUCCESS
http://dpdk.org/patch/157652

_Testing PASS_

Submitter: Manish Kurup <manish.kurup@broadcom.com>
Date: Wednesday, October 15 2025 09:00:24 
DPDK git baseline: Repo:dpdk
  Branch: master
  CommitID:16f4c522003dcfecf23c8d38e009b95a3bbefd03

157760-157652 --> testing pass

Upstream job id: Windows-Compile-DPDK-Native#31686

Test environment and result as below:

+---------------------+-------------------------+--------------------+-------------------+----------------------+
|     Environment     | dpdk_llvm_clang_compile | dpdk_meson_compile | dpdk_msvc_compile | dpdk_mingw64_compile |
+=====================+=========================+====================+===================+======================+
| Windows Server 2022 | PASS                    | SKIPPED            | PASS              | PASS                 |
+---------------------+-------------------------+--------------------+-------------------+----------------------+
| Ubuntu 20.04        | SKIPPED                 | PASS               | SKIPPED           | SKIPPED              |
+---------------------+-------------------------+--------------------+-------------------+----------------------+
| FreeBSD 14.2        | SKIPPED                 | PASS               | SKIPPED           | SKIPPED              |
+---------------------+-------------------------+--------------------+-------------------+----------------------+


Windows Server 2022
	Kernel: 10.0.20348.2031
	Compiler: clang 15.0.7, gcc 14.1.0 (MinGW), and MSVC VS 19.39.33521

Ubuntu 20.04
	Kernel: 4.19
	Compiler: gcc gcc (Ubuntu 9.4.0-1ubuntu1~20.04.2) 9.4.0

FreeBSD 14.2
	Kernel: 14.2-RELEASE
	Compiler: clang 18.1.6

To view detailed results, visit:
https://lab.dpdk.org/results/dashboard/patchsets/34303/

UNH-IOL DPDK Community Lab

To manage your email subscriptions, visit: 
https://lab.dpdk.org/results/dashboard/preferences/subscriptions/

^ permalink raw reply	[flat|nested] 28+ messages in thread

* |SUCCESS| pw157760-157652 [PATCH] [v3,54/54] net/bnxt/tf_ulp: remove
       [not found] <20251015090024.32250-55-manish.kurup@broadcom.com>
                   ` (15 preceding siblings ...)
  2025-10-16 20:29 ` dpdklab
@ 2025-10-16 20:33 ` dpdklab
  2025-10-16 20:34 ` dpdklab
                   ` (10 subsequent siblings)
  27 siblings, 0 replies; 28+ messages in thread
From: dpdklab @ 2025-10-16 20:33 UTC (permalink / raw)
  To: Test Report; +Cc: dpdk-test-reports

Test-Label: iol-unit-amd64-testing
Test-Status: SUCCESS
http://dpdk.org/patch/157652

_Testing PASS_

Submitter: Manish Kurup <manish.kurup@broadcom.com>
Date: Wednesday, October 15 2025 09:00:24 
DPDK git baseline: Repo:dpdk
  Branch: master
  CommitID:16f4c522003dcfecf23c8d38e009b95a3bbefd03

157760-157652 --> testing pass

Upstream job id: Generic-VM-Unit-Test-DPDK#31857

Test environment and result as below:

+-------------------------------+----------------+
|          Environment          | dpdk_unit_test |
+===============================+================+
| Debian GNU/Linux 12           | PASS           |
+-------------------------------+----------------+
| CentOS Stream 9               | PASS           |
+-------------------------------+----------------+
| CentOS Stream 10              | PASS           |
+-------------------------------+----------------+
| Fedora Linux 41               | PASS           |
+-------------------------------+----------------+
| Fedora Linux 42               | PASS           |
+-------------------------------+----------------+
| Fedora Linux 40               | PASS           |
+-------------------------------+----------------+
| Red Hat Enterprise Linux 9.5  | PASS           |
+-------------------------------+----------------+
| Red Hat Enterprise Linux 8.10 | PASS           |
+-------------------------------+----------------+
| Ubuntu 22.04                  | PASS           |
+-------------------------------+----------------+
| Ubuntu 20.04                  | PASS           |
+-------------------------------+----------------+
| Ubuntu 24.04                  | PASS           |
+-------------------------------+----------------+
| Windows Server 2022           | PASS           |
+-------------------------------+----------------+


Debian GNU/Linux 12
	Kernel: 5.15
	Compiler: gcc gcc (Debian 12.2.0-14+deb12u1) 12.2.0

CentOS Stream 9
	Kernel: 5.15
	Compiler: gcc gcc (GCC) 11.5.0 20240719 (Red Hat 11.5.0-11)

CentOS Stream 10
	Kernel: 5.15
	Compiler: gcc gcc (GCC) 14.2.1 20250110 (Red Hat 14.2.1-8)

Fedora Linux 41
	Kernel: 5.15
	Compiler: clang gcc (GCC) 14.3.1 20250523 (Red Hat 14.3.1-1)

Fedora Linux 42
	Kernel: 5.15
	Compiler: gcc gcc (GCC) 15.2.1 20250808 (Red Hat 15.2.1-1)

Fedora Linux 40
	Kernel: 5.15
	Compiler: clang gcc (GCC) 14.2.1 20240912 (Red Hat 14.2.1-3)

Red Hat Enterprise Linux 9.5
	Kernel: 5.15
	Compiler: gcc gcc (GCC) 11.5.0 20240719 (Red Hat 11.5.0-2)

Red Hat Enterprise Linux 8.10
	Kernel: 5.15
	Compiler: gcc gcc (GCC) 8.5.0 20210514 (Red Hat 8.5.0-22)

Ubuntu 22.04
	Kernel: 5.15
	Compiler: gcc gcc (Ubuntu 11.4.0-1ubuntu1~22.04) 11.4.0

Ubuntu 20.04
	Kernel: 5.15
	Compiler: gcc gcc (Ubuntu 9.4.0-1ubuntu1~20.04.2) 9.4.0

Ubuntu 24.04
	Kernel: 5.15
	Compiler: gcc gcc (Ubuntu 13.3.0-6ubuntu2~24.04) 13.3.0

Windows Server 2022
	Kernel: 10.0.20348.2031
	Compiler: clang 15.0.7, gcc 14.1.0 (MinGW), and MSVC VS 19.39.33521

To view detailed results, visit:
https://lab.dpdk.org/results/dashboard/patchsets/34303/

UNH-IOL DPDK Community Lab

To manage your email subscriptions, visit: 
https://lab.dpdk.org/results/dashboard/preferences/subscriptions/

^ permalink raw reply	[flat|nested] 28+ messages in thread

* |SUCCESS| pw157760-157652 [PATCH] [v3,54/54] net/bnxt/tf_ulp: remove
       [not found] <20251015090024.32250-55-manish.kurup@broadcom.com>
                   ` (16 preceding siblings ...)
  2025-10-16 20:33 ` dpdklab
@ 2025-10-16 20:34 ` dpdklab
  2025-10-16 20:36 ` dpdklab
                   ` (9 subsequent siblings)
  27 siblings, 0 replies; 28+ messages in thread
From: dpdklab @ 2025-10-16 20:34 UTC (permalink / raw)
  To: Test Report; +Cc: dpdk-test-reports

Test-Label: iol-sample-apps-testing
Test-Status: SUCCESS
http://dpdk.org/patch/157652

_Testing PASS_

Submitter: Manish Kurup <manish.kurup@broadcom.com>
Date: Wednesday, October 15 2025 09:00:24 
DPDK git baseline: Repo:dpdk
  Branch: master
  CommitID:16f4c522003dcfecf23c8d38e009b95a3bbefd03

157760-157652 --> testing pass

Upstream job id: Template-DTS-Pipeline#249825

Test environment and result as below:

+--------------+----------------------+----------------------+
| Environment  | dpdk_fips_validation | compressdev_zlib_pmd |
+==============+======================+======================+
| Ubuntu 20.04 | PASS                 | SKIPPED              |
+--------------+----------------------+----------------------+
| Ubuntu 22.04 | SKIPPED              | PASS                 |
+--------------+----------------------+----------------------+


Ubuntu 20.04
	Kernel: 5.15
	Compiler: gcc gcc (Ubuntu 9.4.0-1ubuntu1~20.04.2) 9.4.0

Ubuntu 22.04
	Kernel: 5.15
	Compiler: gcc gcc (Ubuntu 11.4.0-1ubuntu1~22.04.2) 11.4.0

To view detailed results, visit:
https://lab.dpdk.org/results/dashboard/patchsets/34303/

UNH-IOL DPDK Community Lab

To manage your email subscriptions, visit: 
https://lab.dpdk.org/results/dashboard/preferences/subscriptions/

^ permalink raw reply	[flat|nested] 28+ messages in thread

* |SUCCESS| pw157760-157652 [PATCH] [v3,54/54] net/bnxt/tf_ulp: remove
       [not found] <20251015090024.32250-55-manish.kurup@broadcom.com>
                   ` (17 preceding siblings ...)
  2025-10-16 20:34 ` dpdklab
@ 2025-10-16 20:36 ` dpdklab
  2025-10-16 20:37 ` dpdklab
                   ` (8 subsequent siblings)
  27 siblings, 0 replies; 28+ messages in thread
From: dpdklab @ 2025-10-16 20:36 UTC (permalink / raw)
  To: Test Report; +Cc: dpdk-test-reports

Test-Label: iol-broadcom-Performance
Test-Status: SUCCESS
http://dpdk.org/patch/157652

_Performance Testing PASS_

Submitter: Manish Kurup <manish.kurup@broadcom.com>
Date: Wednesday, October 15 2025 09:00:24 
DPDK git baseline: Repo:dpdk
  Branch: master
  CommitID:16f4c522003dcfecf23c8d38e009b95a3bbefd03

157760-157652 --> performance testing pass

Upstream job id: Template-DTS-Pipeline#249819

Test environment and result as below:

Ubuntu 22.04
Kernel: 5.15
Compiler: gcc gcc (Ubuntu 11.4.0-1ubuntu1~22.04) 11.4.0
NIC: Broadcom Inc. and subsidiaries BCM57414 NetXtreme-E 10Gb/25Gb RDMA Ethernet Controller 16d7 25 Mbps
Fail/Total: 0/3

Detail performance results: 
+------------+---------+----------+-------------+------------------------------+
| frame_size | txd/rxd | num_cpus | num_threads |  throughput difference from  |
|            |         |          |             |           expected           |
+============+=========+==========+=============+==============================+
| 64         | 128     | 1        | 1           | -0.0%                        |
+------------+---------+----------+-------------+------------------------------+
| 64         | 512     | 1        | 1           | -1.0%                        |
+------------+---------+----------+-------------+------------------------------+
| 64         | 2048    | 1        | 1           | 2.3%                         |
+------------+---------+----------+-------------+------------------------------+

Ubuntu 22.04
Kernel: 5.15
Compiler: gcc gcc (Ubuntu 11.4.0-1ubuntu1~22.04.2) 11.4.0
NIC: Arm Broadcom Inc. brcm_57414 25000 Mbps
Fail/Total: 0/2

Detail performance results: 
+------------+---------+----------+-------------+------------------------------+
| frame_size | txd/rxd | num_cpus | num_threads |  throughput difference from  |
|            |         |          |             |           expected           |
+============+=========+==========+=============+==============================+
| 64         | 512     | 1        | 1           | -0.2%                        |
+------------+---------+----------+-------------+------------------------------+
| 64         | 2048    | 1        | 1           | 0.2%                         |
+------------+---------+----------+-------------+------------------------------+

To view detailed results, visit:
https://lab.dpdk.org/results/dashboard/patchsets/34303/

UNH-IOL DPDK Community Lab

To manage your email subscriptions, visit: 
https://lab.dpdk.org/results/dashboard/preferences/subscriptions/

^ permalink raw reply	[flat|nested] 28+ messages in thread

* |SUCCESS| pw157760-157652 [PATCH] [v3,54/54] net/bnxt/tf_ulp: remove
       [not found] <20251015090024.32250-55-manish.kurup@broadcom.com>
                   ` (18 preceding siblings ...)
  2025-10-16 20:36 ` dpdklab
@ 2025-10-16 20:37 ` dpdklab
  2025-10-16 20:54 ` dpdklab
                   ` (7 subsequent siblings)
  27 siblings, 0 replies; 28+ messages in thread
From: dpdklab @ 2025-10-16 20:37 UTC (permalink / raw)
  To: Test Report; +Cc: dpdk-test-reports

Test-Label: iol-intel-Functional
Test-Status: SUCCESS
http://dpdk.org/patch/157652

_Functional Testing PASS_

Submitter: Manish Kurup <manish.kurup@broadcom.com>
Date: Wednesday, October 15 2025 09:00:24 
DPDK git baseline: Repo:dpdk
  Branch: master
  CommitID:16f4c522003dcfecf23c8d38e009b95a3bbefd03

157760-157652 --> functional testing pass

Upstream job id: Template-DPDK-DTS-Pipeline#2492

Test environment and result as below:

Ubuntu 20.04
Kernel: 5.4
Compiler: gcc gcc (Ubuntu 9.4.0-1ubuntu1~20.04.1) 9.4.0
NIC: Intel Corporation Ethernet Converged Network Adapter XL710-QDA2 40000 Mbps

Aggregate Results by Test Suite
+-----------------------------+--------+
|         Test Suite          | Result |
+=============================+========+
| unit_tests_mbuf             |  PASS  |
+-----------------------------+--------+
| vhost_virtio_user_interrupt |  PASS  |
+-----------------------------+--------+
| virtio_smoke                |  PASS  |
+-----------------------------+--------+


Ubuntu 22.04
Kernel: 5.15
Compiler: gcc gcc (Ubuntu 11.4.0-1ubuntu1~22.04.2) 11.4.0
NIC: Intel Corporation QAT 8970 0 Mbps

Aggregate Results by Test Suite
+----------------------------+--------+
|         Test Suite         | Result |
+============================+========+
| crypto_perf_cryptodev_perf |  PASS  |
+----------------------------+--------+


Ubuntu 24.04 LTS
Kernel: 6.8.0-44-generic
Compiler: gcc 13.2.0
NIC: Intel Corporation Ethernet Controller XL710 for 40GbE QSFP+ 40 Mbps

Aggregate Results by Test Suite
+--------------------+--------+
|     Test Suite     | Result |
+====================+========+
| blocklist          |  PASS  |
+--------------------+--------+
| promisc_support    |  PASS  |
+--------------------+--------+
| uni_pkt            |  PASS  |
+--------------------+--------+
| dynamic_config     |  PASS  |
+--------------------+--------+
| dynamic_queue_conf |  PASS  |
+--------------------+--------+
| hello_world        |  PASS  |
+--------------------+--------+
| l2fwd              |  PASS  |
+--------------------+--------+
| softnic            |  PASS  |
+--------------------+--------+
| vlan               |  PASS  |
+--------------------+--------+


To view detailed results, visit:
https://lab.dpdk.org/results/dashboard/patchsets/34303/

UNH-IOL DPDK Community Lab

To manage your email subscriptions, visit: 
https://lab.dpdk.org/results/dashboard/preferences/subscriptions/

^ permalink raw reply	[flat|nested] 28+ messages in thread

* |SUCCESS| pw157760-157652 [PATCH] [v3,54/54] net/bnxt/tf_ulp: remove
       [not found] <20251015090024.32250-55-manish.kurup@broadcom.com>
                   ` (19 preceding siblings ...)
  2025-10-16 20:37 ` dpdklab
@ 2025-10-16 20:54 ` dpdklab
  2025-10-16 22:38 ` |FAILURE| pw157652 [PATCH v3 54/54] net/bnxt/tf_ulp: remove Truflow DEBUG code 0-day Robot
                   ` (6 subsequent siblings)
  27 siblings, 0 replies; 28+ messages in thread
From: dpdklab @ 2025-10-16 20:54 UTC (permalink / raw)
  To: Test Report; +Cc: dpdk-test-reports

Test-Label: iol-intel-Functional
Test-Status: SUCCESS
http://dpdk.org/patch/157652

_Functional Testing PASS_

Submitter: Manish Kurup <manish.kurup@broadcom.com>
Date: Wednesday, October 15 2025 09:00:24 
DPDK git baseline: Repo:dpdk
  Branch: master
  CommitID:16f4c522003dcfecf23c8d38e009b95a3bbefd03

157760-157652 --> functional testing pass

Upstream job id: Template-DTS-Pipeline#249827

Test environment and result as below:

Ubuntu 20.04
Kernel: 5.4
Compiler: gcc gcc (Ubuntu 9.4.0-1ubuntu1~20.04.1) 9.4.0
NIC: Intel Corporation Ethernet Converged Network Adapter XL710-QDA2 40000 Mbps

Aggregate Results by Test Suite
+-----------------------------+--------+
|         Test Suite          | Result |
+=============================+========+
| unit_tests_mbuf             |  PASS  |
+-----------------------------+--------+
| vhost_virtio_user_interrupt |  PASS  |
+-----------------------------+--------+
| virtio_smoke                |  PASS  |
+-----------------------------+--------+


Ubuntu 22.04
Kernel: 5.15
Compiler: gcc gcc (Ubuntu 11.4.0-1ubuntu1~22.04.2) 11.4.0
NIC: Intel Corporation QAT 8970 0 Mbps

Aggregate Results by Test Suite
+----------------------------+--------+
|         Test Suite         | Result |
+============================+========+
| crypto_perf_cryptodev_perf |  PASS  |
+----------------------------+--------+


Ubuntu 24.04
Kernel: 6.8
Compiler: gcc gcc (Ubuntu 13.3.0-6ubuntu2~24.04) 13.3.0
NIC: Intel Corporation 4xxx Series QAT 0 Mbps

Aggregate Results by Test Suite
+----------------------------+--------+
|         Test Suite         | Result |
+============================+========+
| crypto_perf_cryptodev_perf |  PASS  |
+----------------------------+--------+


Ubuntu 24.04 LTS
Kernel: 6.8.0-44-generic
Compiler: gcc 13.2.0
NIC: Intel Corporation Ethernet Controller XL710 for 40GbE QSFP+ 40 Mbps

Aggregate Results by Test Suite
+--------------------+--------+
|     Test Suite     | Result |
+====================+========+
| blocklist          |  PASS  |
+--------------------+--------+
| promisc_support    |  PASS  |
+--------------------+--------+
| uni_pkt            |  PASS  |
+--------------------+--------+
| dynamic_config     |  PASS  |
+--------------------+--------+
| dynamic_queue_conf |  PASS  |
+--------------------+--------+
| hello_world        |  PASS  |
+--------------------+--------+
| l2fwd              |  PASS  |
+--------------------+--------+
| softnic            |  PASS  |
+--------------------+--------+
| vlan               |  PASS  |
+--------------------+--------+


To view detailed results, visit:
https://lab.dpdk.org/results/dashboard/patchsets/34303/

UNH-IOL DPDK Community Lab

To manage your email subscriptions, visit: 
https://lab.dpdk.org/results/dashboard/preferences/subscriptions/

^ permalink raw reply	[flat|nested] 28+ messages in thread

* |FAILURE| pw157652 [PATCH v3 54/54] net/bnxt/tf_ulp: remove Truflow DEBUG code
       [not found] <20251015090024.32250-55-manish.kurup@broadcom.com>
                   ` (20 preceding siblings ...)
  2025-10-16 20:54 ` dpdklab
@ 2025-10-16 22:38 ` 0-day Robot
  2025-10-17  0:33 ` |SUCCESS| pw157760-157652 [PATCH] [v3,54/54] net/bnxt/tf_ulp: remove dpdklab
                   ` (5 subsequent siblings)
  27 siblings, 0 replies; 28+ messages in thread
From: 0-day Robot @ 2025-10-16 22:38 UTC (permalink / raw)
  To: test-report; +Cc: manish.kurup, robot

From: robot@bytheb.org

Test-Label: github-robot: build
Test-Status: FAILURE
http://patchwork.dpdk.org/patch/157652/

_github build: failed_
Build URL: https://github.com/ovsrobot/dpdk/actions/runs/18573951046

^ permalink raw reply	[flat|nested] 28+ messages in thread

* |SUCCESS| pw157760-157652 [PATCH] [v3,54/54] net/bnxt/tf_ulp: remove
       [not found] <20251015090024.32250-55-manish.kurup@broadcom.com>
                   ` (21 preceding siblings ...)
  2025-10-16 22:38 ` |FAILURE| pw157652 [PATCH v3 54/54] net/bnxt/tf_ulp: remove Truflow DEBUG code 0-day Robot
@ 2025-10-17  0:33 ` dpdklab
  2025-10-17  2:17 ` |WARNING| " dpdklab
                   ` (4 subsequent siblings)
  27 siblings, 0 replies; 28+ messages in thread
From: dpdklab @ 2025-10-17  0:33 UTC (permalink / raw)
  To: Test Report; +Cc: dpdk-test-reports

Test-Label: iol-compile-arm64-testing
Test-Status: SUCCESS
http://dpdk.org/patch/157652

_Testing PASS_

Submitter: Manish Kurup <manish.kurup@broadcom.com>
Date: Wednesday, October 15 2025 09:00:24 
DPDK git baseline: Repo:dpdk
  Branch: master
  CommitID:16f4c522003dcfecf23c8d38e009b95a3bbefd03

157760-157652 --> testing pass

Upstream job id: Generic-DPDK-Compile-Meson#434921

Test environment and result as below:

+------------------+--------------------+
|   Environment    | dpdk_meson_compile |
+==================+====================+
| CentOS Stream 10 | PASS               |
+------------------+--------------------+


CentOS Stream 10
	Kernel: 5.4
	Compiler: gcc gcc (GCC) 14.2.1 20250110 (Red Hat 14.2.1-8)

To view detailed results, visit:
https://lab.dpdk.org/results/dashboard/patchsets/34303/

UNH-IOL DPDK Community Lab

To manage your email subscriptions, visit: 
https://lab.dpdk.org/results/dashboard/preferences/subscriptions/

^ permalink raw reply	[flat|nested] 28+ messages in thread

* |WARNING| pw157760-157652 [PATCH] [v3,54/54] net/bnxt/tf_ulp: remove
       [not found] <20251015090024.32250-55-manish.kurup@broadcom.com>
                   ` (22 preceding siblings ...)
  2025-10-17  0:33 ` |SUCCESS| pw157760-157652 [PATCH] [v3,54/54] net/bnxt/tf_ulp: remove dpdklab
@ 2025-10-17  2:17 ` dpdklab
  2025-10-17  2:33 ` |FAILURE| " dpdklab
                   ` (3 subsequent siblings)
  27 siblings, 0 replies; 28+ messages in thread
From: dpdklab @ 2025-10-17  2:17 UTC (permalink / raw)
  To: Test Report; +Cc: dpdk-test-reports

Test-Label: iol-compile-amd64-testing
Test-Status: WARNING
http://dpdk.org/patch/157652

_Testing issues_

Submitter: Manish Kurup <manish.kurup@broadcom.com>
Date: Wednesday, October 15 2025 09:00:24 
DPDK git baseline: Repo:dpdk
  Branch: master
  CommitID:16f4c522003dcfecf23c8d38e009b95a3bbefd03

157760-157652 --> testing issues

Upstream job id: Generic-DPDK-Compile-Meson#435099

Test environment and result as below:

+---------------------+-------------------------+--------------------+-------------------+----------------------+-------------------+------------------+
|     Environment     | dpdk_llvm_clang_compile | dpdk_meson_compile | dpdk_msvc_compile | dpdk_mingw64_compile | dpdk_compile_spdk | dpdk_compile_ovs |
+=====================+=========================+====================+===================+======================+===================+==================+
| Windows Server 2022 | PASS                    | SKIPPED            | PASS              | PASS                 | SKIPPED           | SKIPPED          |
+---------------------+-------------------------+--------------------+-------------------+----------------------+-------------------+------------------+
| Ubuntu 20.04        | SKIPPED                 | PASS               | SKIPPED           | SKIPPED              | SKIPPED           | SKIPPED          |
+---------------------+-------------------------+--------------------+-------------------+----------------------+-------------------+------------------+
| FreeBSD 14.2        | SKIPPED                 | PASS               | SKIPPED           | SKIPPED              | SKIPPED           | SKIPPED          |
+---------------------+-------------------------+--------------------+-------------------+----------------------+-------------------+------------------+
| CentOS Stream 9     | SKIPPED                 | PASS               | SKIPPED           | SKIPPED              | WARN              | SKIPPED          |
+---------------------+-------------------------+--------------------+-------------------+----------------------+-------------------+------------------+
| CentOS Stream 10    | SKIPPED                 | PASS               | SKIPPED           | SKIPPED              | SKIPPED           | SKIPPED          |
+---------------------+-------------------------+--------------------+-------------------+----------------------+-------------------+------------------+
| Debian GNU/Linux 12 | SKIPPED                 | PEND               | SKIPPED           | SKIPPED              | PEND              | SKIPPED          |
+---------------------+-------------------------+--------------------+-------------------+----------------------+-------------------+------------------+
| Fedora Linux 42     | SKIPPED                 | PEND               | SKIPPED           | SKIPPED              | PEND              | PEND             |
+---------------------+-------------------------+--------------------+-------------------+----------------------+-------------------+------------------+

==== 20 line log output for CentOS Stream 9 (dpdk_compile_spdk): ====
 --- Failed to get log output --- 
==== End log output ====

Windows Server 2022
	Kernel: 10.0.20348.2031
	Compiler: clang 15.0.7, gcc 14.1.0 (MinGW), and MSVC VS 19.39.33521

Ubuntu 20.04
	Kernel: 4.19
	Compiler: gcc gcc (Ubuntu 9.4.0-1ubuntu1~20.04.2) 9.4.0

FreeBSD 14.2
	Kernel: 14.2-RELEASE
	Compiler: clang 18.1.6

CentOS Stream 9
	Kernel: 5.15
	Compiler: gcc gcc (GCC) 11.5.0 20240719 (Red Hat 11.5.0-11)

CentOS Stream 10
	Kernel: 5.15
	Compiler: gcc gcc (GCC) 14.2.1 20250110 (Red Hat 14.2.1-8)

Debian GNU/Linux 12
	Kernel: 5.15
	Compiler: gcc gcc (Debian 12.2.0-14+deb12u1) 12.2.0

Fedora Linux 42
	Kernel: 5.15
	Compiler: clang gcc (GCC) 15.2.1 20250808 (Red Hat 15.2.1-1)

To view detailed results, visit:
https://lab.dpdk.org/results/dashboard/patchsets/34303/

UNH-IOL DPDK Community Lab

To manage your email subscriptions, visit: 
https://lab.dpdk.org/results/dashboard/preferences/subscriptions/

^ permalink raw reply	[flat|nested] 28+ messages in thread

* |FAILURE| pw157760-157652 [PATCH] [v3,54/54] net/bnxt/tf_ulp: remove
       [not found] <20251015090024.32250-55-manish.kurup@broadcom.com>
                   ` (23 preceding siblings ...)
  2025-10-17  2:17 ` |WARNING| " dpdklab
@ 2025-10-17  2:33 ` dpdklab
  2025-10-17  2:47 ` dpdklab
                   ` (2 subsequent siblings)
  27 siblings, 0 replies; 28+ messages in thread
From: dpdklab @ 2025-10-17  2:33 UTC (permalink / raw)
  To: Test Report; +Cc: dpdk-test-reports, Manish Kurup

Test-Label: iol-compile-arm64-testing
Test-Status: FAILURE
http://dpdk.org/patch/157652

_Testing issues_

Submitter: Manish Kurup <manish.kurup@broadcom.com>
Date: Wednesday, October 15 2025 09:00:24 
DPDK git baseline: Repo:dpdk
  Branch: master
  CommitID:16f4c522003dcfecf23c8d38e009b95a3bbefd03

157760-157652 --> testing issues

Upstream job id: Generic-DPDK-Compile-Meson#435124

Test environment and result as below:

+------------------------------+--------------------+
|         Environment          | dpdk_meson_compile |
+==============================+====================+
| CentOS Stream 10             | PASS               |
+------------------------------+--------------------+
| Red Hat Enterprise Linux 9.5 | PEND               |
+------------------------------+--------------------+
| Ubuntu 20.04                 | FAIL               |
+------------------------------+--------------------+
| Debian GNU/Linux 12          | PEND               |
+------------------------------+--------------------+
| Fedora Linux 42              | PEND               |
+------------------------------+--------------------+
| Ubuntu 22.04                 | PEND               |
+------------------------------+--------------------+
| Ubuntu 24.04                 | PEND               |
+------------------------------+--------------------+
| CentOS Stream 9              | PEND               |
+------------------------------+--------------------+

==== 20 line log output for Ubuntu 20.04 (dpdk_meson_compile): ====
[1083/2694] Compiling C object drivers/libtmp_rte_net_bnxt.a.p/net_bnxt_tf_core_v3_tfc_if_tbl.c.o
[1084/2694] Compiling C object drivers/libtmp_rte_net_bnxt.a.p/net_bnxt_tf_core_v3_tfc_init.c.o
[1085/2694] Compiling C object drivers/libtmp_rte_net_bnxt.a.p/net_bnxt_tf_core_v3_tfc_mpc_debug.c.o
FAILED: drivers/libtmp_rte_net_bnxt.a.p/net_bnxt_tf_core_v3_tfc_mpc_debug.c.o
ccache arm-linux-gnueabihf-gcc -Idrivers/libtmp_rte_net_bnxt.a.p -Idrivers -I../drivers -Idrivers/net/bnxt -I../drivers/net/bnxt -Idrivers/net/bnxt/tf_ulp -I../drivers/net/bnxt/tf_ulp -Idrivers/net/bnxt/tf_ulp/generic_templates -I../drivers/net/bnxt/tf_ulp/generic_templates -Idrivers/net/bnxt/tf_core -I../drivers/net/bnxt/tf_core -Idrivers/net/bnxt/tf_core/v3 -I../drivers/net/bnxt/tf_core/v3 -Idrivers/net/bnxt/hcapi/cfa -I../drivers/net/bnxt/hcapi/cfa -Idrivers/net/bnxt/hcapi/cfa_v3 -I../drivers/net/bnxt/hcapi/cfa_v3 -I../drivers/net/bnxt/hcapi/cfa_v3/include -I../drivers/net/bnxt/hcapi/cfa_v3/include/platform/dpdk -I../drivers/net/bnxt/hcapi/cfa_v3/bld/p70 -I../drivers/net/bnxt/hcapi/cfa_v3/bld/p70/host -I../drivers/net/bnxt/hcapi/cfa_v3/bld/include -I../drivers/net/bnxt/hcapi/cfa_v3/bld/include/host -I../drivers/net/bnxt/hcapi/cfa_v3/bld/include/p70 -I../drivers/net/bnxt/hcapi/cfa_v3/mm/include -I../drivers/net/bnxt/hcapi/cfa_v3/tim/include -I../drivers/net/bnxt/hcapi/cfa_v3/tpm/in
 clude -Ilib/ethdev -I../lib/ethdev -Ilib/eal/common -I../lib/eal/common -I. -I.. -Iconfig -I../config -Ilib/eal/include -I../lib/eal/include -Ilib/eal/linux/include -I../lib/eal/linux/include -Ilib/eal/arm/include -I../lib/eal/arm/include -I../kernel/linux -Ilib/eal -I../lib/eal -Ilib/kvargs -I../lib/kvargs -Ilib/log -I../lib/log -Ilib/metrics -I../lib/metrics -Ilib/telemetry -I../lib/telemetry -Ilib/argparse -I../lib/argparse -Ilib/net -I../lib/net -Ilib/mbuf -I../lib/mbuf -Ilib/mempool -I../lib/mempool -Ilib/ring -I../lib/ring -Ilib/meter -I../lib/meter -Idrivers/bus/pci -I../drivers/bus/pci -I../drivers/bus/pci/linux -Ilib/pci -I../lib/pci -Idrivers/bus/vdev -I../drivers/bus/vdev -Ilib/hash -I../lib/hash -Ilib/rcu -I../lib/rcu -fdiagnostics-color=always -pipe -D_FILE_OFFSET_BITS=64 -Wall -Winvalid-pch -Wextra -Werror -std=c11 -O3 -include rte_config.h -Wvla -Wcast-qual -Wdeprecated -Wformat -Wformat-nonliteral -Wformat-security -Wmissing-declarations -Wmissing-prototypes -Wnested
 -externs -Wold-style-definition -Wpointer-arith -Wsign-compare -Wstrict-prototypes -Wundef -Wwrite-strings -Wno-packed-not-aligned -Wno-missing-field-initializers -Wno-pointer-to-int-cast -D_GNU_SOURCE -fPIC -march=armv8-a+simd -mfpu=auto -DALLOW_EXPERIMENTAL_API -DALLOW_INTERNAL_API -Wno-format-truncation -Wno-address-of-packed-member -Wno-vla -DBNXT_TF_APP_ID=0 -DSUPPORT_CFA_HW_P70=1 -DCFA_BLD_PRINT_OBJ=1 -DRTE_LOG_DEFAULT_LOGTYPE=pmd.net.bnxt -MD -MQ drivers/libtmp_rte_net_bnxt.a.p/net_bnxt_tf_core_v3_tfc_mpc_debug.c.o -MF drivers/libtmp_rte_net_bnxt.a.p/net_bnxt_tf_core_v3_tfc_mpc_debug.c.o.d -o drivers/libtmp_rte_net_bnxt.a.p/net_bnxt_tf_core_v3_tfc_mpc_debug.c.o -c ../drivers/net/bnxt/tf_core/v3/tfc_mpc_debug.c
../drivers/net/bnxt/tf_core/v3/tfc_mpc_debug.c: In function 'act_decode':
../drivers/net/bnxt/tf_core/v3/tfc_mpc_debug.c:979:15: error: cast to pointer from integer of different size [-Werror=int-to-pointer-cast]
979 |    mod_decode((uint32_t *)(base + (act_info->full.mod_ptr <<  3)),
|               ^
../drivers/net/bnxt/tf_core/v3/tfc_mpc_debug.c:985:9: error: cast to pointer from integer of different size [-Werror=int-to-pointer-cast]
985 |         (uint32_t *)(base + (act_info->full.stat0_ptr <<  3)));
|         ^
../drivers/net/bnxt/tf_core/v3/tfc_mpc_debug.c:990:9: error: cast to pointer from integer of different size [-Werror=int-to-pointer-cast]
990 |         (uint32_t *)(base + (act_info->full.stat1_ptr <<  3)));
|         ^
../drivers/net/bnxt/tf_core/v3/tfc_mpc_debug.c:992:15: error: cast to pointer from integer of different size [-Werror=int-to-pointer-cast]
992 |    enc_decode((uint32_t *)(base + (act_info->full.enc_ptr <<  3)),
|               ^
cc1: all warnings being treated as errors
ninja: build stopped: subcommand failed.
==== End log output ====

CentOS Stream 10
	Kernel: 5.4
	Compiler: gcc gcc (GCC) 14.2.1 20250110 (Red Hat 14.2.1-8)

Red Hat Enterprise Linux 9.5
	Kernel: 5.4
	Compiler: gcc gcc (GCC) 11.5.0 20240719 (Red Hat 11.5.0-2)

Ubuntu 20.04
	Kernel: 5.15
	Compiler: aarch64-linux-gnu-gcc gcc (Ubuntu 9.4.0-1ubuntu1~20.04.2) 9.4.0

Debian GNU/Linux 12
	Kernel: 5.4
	Compiler: gcc gcc (Debian 12.2.0-14+deb12u1) 12.2.0

Fedora Linux 42
	Kernel: 5.4
	Compiler: gcc gcc (GCC) 15.2.1 20250808 (Red Hat 15.2.1-1)

Ubuntu 22.04
	Kernel: 5.4
	Compiler: gcc gcc (Ubuntu 11.4.0-1ubuntu1~22.04) 11.4.0

Ubuntu 24.04
	Kernel: 5.4
	Compiler: gcc gcc (Ubuntu 13.3.0-6ubuntu2~24.04) 13.3.0

CentOS Stream 9
	Kernel: 5.4
	Compiler: gcc gcc (GCC) 11.5.0 20240719 (Red Hat 11.5.0-11)

To view detailed results, visit:
https://lab.dpdk.org/results/dashboard/patchsets/34303/

UNH-IOL DPDK Community Lab

To manage your email subscriptions, visit: 
https://lab.dpdk.org/results/dashboard/preferences/subscriptions/

^ permalink raw reply	[flat|nested] 28+ messages in thread

* |FAILURE| pw157760-157652 [PATCH] [v3,54/54] net/bnxt/tf_ulp: remove
       [not found] <20251015090024.32250-55-manish.kurup@broadcom.com>
                   ` (24 preceding siblings ...)
  2025-10-17  2:33 ` |FAILURE| " dpdklab
@ 2025-10-17  2:47 ` dpdklab
  2025-10-17 11:01 ` dpdklab
  2025-10-17 16:35 ` |SUCCESS| " dpdklab
  27 siblings, 0 replies; 28+ messages in thread
From: dpdklab @ 2025-10-17  2:47 UTC (permalink / raw)
  To: Test Report; +Cc: dpdk-test-reports, Manish Kurup

Test-Label: iol-compile-amd64-testing
Test-Status: FAILURE
http://dpdk.org/patch/157652

_Testing issues_

Submitter: Manish Kurup <manish.kurup@broadcom.com>
Date: Wednesday, October 15 2025 09:00:24 
DPDK git baseline: Repo:dpdk
  Branch: master
  CommitID:16f4c522003dcfecf23c8d38e009b95a3bbefd03

157760-157652 --> testing issues

Upstream job id: Generic-DPDK-Compile-Meson#435102

Test environment and result as below:

+-------------------------------+-------------------------+--------------------+-------------------+----------------------+-------------------+------------------+
|          Environment          | dpdk_llvm_clang_compile | dpdk_meson_compile | dpdk_msvc_compile | dpdk_mingw64_compile | dpdk_compile_spdk | dpdk_compile_ovs |
+===============================+=========================+====================+===================+======================+===================+==================+
| Windows Server 2022           | PASS                    | SKIPPED            | PASS              | PASS                 | SKIPPED           | SKIPPED          |
+-------------------------------+-------------------------+--------------------+-------------------+----------------------+-------------------+------------------+
| Ubuntu 20.04                  | SKIPPED                 | PASS               | SKIPPED           | SKIPPED              | SKIPPED           | SKIPPED          |
+-------------------------------+-------------------------+--------------------+-------------------+----------------------+-------------------+------------------+
| FreeBSD 14.2                  | SKIPPED                 | PASS               | SKIPPED           | SKIPPED              | SKIPPED           | SKIPPED          |
+-------------------------------+-------------------------+--------------------+-------------------+----------------------+-------------------+------------------+
| CentOS Stream 9               | SKIPPED                 | PASS               | SKIPPED           | SKIPPED              | WARN              | SKIPPED          |
+-------------------------------+-------------------------+--------------------+-------------------+----------------------+-------------------+------------------+
| CentOS Stream 10              | SKIPPED                 | PASS               | SKIPPED           | SKIPPED              | SKIPPED           | SKIPPED          |
+-------------------------------+-------------------------+--------------------+-------------------+----------------------+-------------------+------------------+
| Debian GNU/Linux 12           | SKIPPED                 | PASS               | SKIPPED           | SKIPPED              | WARN              | SKIPPED          |
+-------------------------------+-------------------------+--------------------+-------------------+----------------------+-------------------+------------------+
| Fedora Linux 42               | SKIPPED                 | PASS               | SKIPPED           | SKIPPED              | WARN              | PASS             |
+-------------------------------+-------------------------+--------------------+-------------------+----------------------+-------------------+------------------+
| openSUSE Leap 15.6            | SKIPPED                 | PASS               | SKIPPED           | SKIPPED              | SKIPPED           | SKIPPED          |
+-------------------------------+-------------------------+--------------------+-------------------+----------------------+-------------------+------------------+
| Red Hat Enterprise Linux 8.10 | SKIPPED                 | PASS               | SKIPPED           | SKIPPED              | SKIPPED           | SKIPPED          |
+-------------------------------+-------------------------+--------------------+-------------------+----------------------+-------------------+------------------+
| Red Hat Enterprise Linux 9.5  | SKIPPED                 | PASS               | SKIPPED           | SKIPPED              | SKIPPED           | SKIPPED          |
+-------------------------------+-------------------------+--------------------+-------------------+----------------------+-------------------+------------------+
| Ubuntu 22.04                  | SKIPPED                 | PASS               | SKIPPED           | SKIPPED              | WARN              | SKIPPED          |
+-------------------------------+-------------------------+--------------------+-------------------+----------------------+-------------------+------------------+
| Ubuntu 24.04                  | SKIPPED                 | FAIL               | SKIPPED           | SKIPPED              | WARN              | PASS             |
+-------------------------------+-------------------------+--------------------+-------------------+----------------------+-------------------+------------------+
| Alpine Linux 3.22.0           | SKIPPED                 | PASS               | SKIPPED           | SKIPPED              | SKIPPED           | SKIPPED          |
+-------------------------------+-------------------------+--------------------+-------------------+----------------------+-------------------+------------------+

==== 20 line log output for Ubuntu 24.04 (dpdk_compile_spdk): ====
 --- Failed to get log output --- 
==== End log output ====

Windows Server 2022
	Kernel: 10.0.20348.2031
	Compiler: clang 15.0.7, gcc 14.1.0 (MinGW), and MSVC VS 19.39.33521

Ubuntu 20.04
	Kernel: 4.19
	Compiler: gcc gcc (Ubuntu 9.4.0-1ubuntu1~20.04.2) 9.4.0

FreeBSD 14.2
	Kernel: 14.2-RELEASE
	Compiler: clang 18.1.6

CentOS Stream 9
	Kernel: 5.15
	Compiler: gcc gcc (GCC) 11.5.0 20240719 (Red Hat 11.5.0-11)

CentOS Stream 10
	Kernel: 5.15
	Compiler: gcc gcc (GCC) 14.2.1 20250110 (Red Hat 14.2.1-8)

Debian GNU/Linux 12
	Kernel: 5.15
	Compiler: gcc gcc (Debian 12.2.0-14+deb12u1) 12.2.0

Fedora Linux 42
	Kernel: 5.15
	Compiler: clang gcc (GCC) 15.2.1 20250808 (Red Hat 15.2.1-1)

openSUSE Leap 15.6
	Kernel: 5.15
	Compiler: gcc gcc (SUSE Linux) 7.5.0

Red Hat Enterprise Linux 8.10
	Kernel: 5.15
	Compiler: gcc gcc (GCC) 8.5.0 20210514 (Red Hat 8.5.0-22)

Red Hat Enterprise Linux 9.5
	Kernel: 5.15
	Compiler: gcc gcc (GCC) 11.5.0 20240719 (Red Hat 11.5.0-2)

Ubuntu 22.04
	Kernel: 5.15
	Compiler: gcc gcc (Ubuntu 11.4.0-1ubuntu1~22.04) 11.4.0

Ubuntu 24.04
	Kernel: 5.15
	Compiler: gcc gcc (Ubuntu 13.3.0-6ubuntu2~24.04) 13.3.0

Alpine Linux 3.22.0
	Kernel: 5.15
	Compiler: gcc gcc (Alpine 14.2.0) 14.2.0

To view detailed results, visit:
https://lab.dpdk.org/results/dashboard/patchsets/34303/

UNH-IOL DPDK Community Lab

To manage your email subscriptions, visit: 
https://lab.dpdk.org/results/dashboard/preferences/subscriptions/

^ permalink raw reply	[flat|nested] 28+ messages in thread

* |FAILURE| pw157760-157652 [PATCH] [v3,54/54] net/bnxt/tf_ulp: remove
       [not found] <20251015090024.32250-55-manish.kurup@broadcom.com>
                   ` (25 preceding siblings ...)
  2025-10-17  2:47 ` dpdklab
@ 2025-10-17 11:01 ` dpdklab
  2025-10-17 16:35 ` |SUCCESS| " dpdklab
  27 siblings, 0 replies; 28+ messages in thread
From: dpdklab @ 2025-10-17 11:01 UTC (permalink / raw)
  To: Test Report; +Cc: dpdk-test-reports, Manish Kurup

Test-Label: iol-compile-arm64-testing
Test-Status: FAILURE
http://dpdk.org/patch/157652

_Testing issues_

Submitter: Manish Kurup <manish.kurup@broadcom.com>
Date: Wednesday, October 15 2025 09:00:24 
DPDK git baseline: Repo:dpdk
  Branch: master
  CommitID:16f4c522003dcfecf23c8d38e009b95a3bbefd03

157760-157652 --> testing issues

Upstream job id: Generic-DPDK-Compile-Meson#435117

Test environment and result as below:

+------------------------------+--------------------+
|         Environment          | dpdk_meson_compile |
+==============================+====================+
| CentOS Stream 10             | PASS               |
+------------------------------+--------------------+
| Red Hat Enterprise Linux 9.5 | PASS               |
+------------------------------+--------------------+
| Ubuntu 20.04                 | FAIL               |
+------------------------------+--------------------+
| Debian GNU/Linux 12          | PASS               |
+------------------------------+--------------------+
| Fedora Linux 42              | PASS               |
+------------------------------+--------------------+
| Ubuntu 22.04                 | PASS               |
+------------------------------+--------------------+
| Ubuntu 24.04                 | PASS               |
+------------------------------+--------------------+
| CentOS Stream 9              | PASS               |
+------------------------------+--------------------+

==== 20 line log output for Ubuntu 20.04 (dpdk_meson_compile): ====
[1083/2694] Compiling C object drivers/libtmp_rte_net_bnxt.a.p/net_bnxt_tf_core_v3_tfc_if_tbl.c.o
[1084/2694] Compiling C object drivers/libtmp_rte_net_bnxt.a.p/net_bnxt_tf_core_v3_tfc_init.c.o
[1085/2694] Compiling C object drivers/libtmp_rte_net_bnxt.a.p/net_bnxt_tf_core_v3_tfc_mpc_debug.c.o
FAILED: drivers/libtmp_rte_net_bnxt.a.p/net_bnxt_tf_core_v3_tfc_mpc_debug.c.o
ccache arm-linux-gnueabihf-gcc -Idrivers/libtmp_rte_net_bnxt.a.p -Idrivers -I../drivers -Idrivers/net/bnxt -I../drivers/net/bnxt -Idrivers/net/bnxt/tf_ulp -I../drivers/net/bnxt/tf_ulp -Idrivers/net/bnxt/tf_ulp/generic_templates -I../drivers/net/bnxt/tf_ulp/generic_templates -Idrivers/net/bnxt/tf_core -I../drivers/net/bnxt/tf_core -Idrivers/net/bnxt/tf_core/v3 -I../drivers/net/bnxt/tf_core/v3 -Idrivers/net/bnxt/hcapi/cfa -I../drivers/net/bnxt/hcapi/cfa -Idrivers/net/bnxt/hcapi/cfa_v3 -I../drivers/net/bnxt/hcapi/cfa_v3 -I../drivers/net/bnxt/hcapi/cfa_v3/include -I../drivers/net/bnxt/hcapi/cfa_v3/include/platform/dpdk -I../drivers/net/bnxt/hcapi/cfa_v3/bld/p70 -I../drivers/net/bnxt/hcapi/cfa_v3/bld/p70/host -I../drivers/net/bnxt/hcapi/cfa_v3/bld/include -I../drivers/net/bnxt/hcapi/cfa_v3/bld/include/host -I../drivers/net/bnxt/hcapi/cfa_v3/bld/include/p70 -I../drivers/net/bnxt/hcapi/cfa_v3/mm/include -I../drivers/net/bnxt/hcapi/cfa_v3/tim/include -I../drivers/net/bnxt/hcapi/cfa_v3/tpm/in
 clude -Ilib/ethdev -I../lib/ethdev -Ilib/eal/common -I../lib/eal/common -I. -I.. -Iconfig -I../config -Ilib/eal/include -I../lib/eal/include -Ilib/eal/linux/include -I../lib/eal/linux/include -Ilib/eal/arm/include -I../lib/eal/arm/include -I../kernel/linux -Ilib/eal -I../lib/eal -Ilib/kvargs -I../lib/kvargs -Ilib/log -I../lib/log -Ilib/metrics -I../lib/metrics -Ilib/telemetry -I../lib/telemetry -Ilib/argparse -I../lib/argparse -Ilib/net -I../lib/net -Ilib/mbuf -I../lib/mbuf -Ilib/mempool -I../lib/mempool -Ilib/ring -I../lib/ring -Ilib/meter -I../lib/meter -Idrivers/bus/pci -I../drivers/bus/pci -I../drivers/bus/pci/linux -Ilib/pci -I../lib/pci -Idrivers/bus/vdev -I../drivers/bus/vdev -Ilib/hash -I../lib/hash -Ilib/rcu -I../lib/rcu -fdiagnostics-color=always -pipe -D_FILE_OFFSET_BITS=64 -Wall -Winvalid-pch -Wextra -Werror -std=c11 -O3 -include rte_config.h -Wvla -Wcast-qual -Wdeprecated -Wformat -Wformat-nonliteral -Wformat-security -Wmissing-declarations -Wmissing-prototypes -Wnested
 -externs -Wold-style-definition -Wpointer-arith -Wsign-compare -Wstrict-prototypes -Wundef -Wwrite-strings -Wno-packed-not-aligned -Wno-missing-field-initializers -Wno-pointer-to-int-cast -D_GNU_SOURCE -fPIC -march=armv8-a+simd -mfpu=auto -DALLOW_EXPERIMENTAL_API -DALLOW_INTERNAL_API -Wno-format-truncation -Wno-address-of-packed-member -Wno-vla -DBNXT_TF_APP_ID=0 -DSUPPORT_CFA_HW_P70=1 -DCFA_BLD_PRINT_OBJ=1 -DRTE_LOG_DEFAULT_LOGTYPE=pmd.net.bnxt -MD -MQ drivers/libtmp_rte_net_bnxt.a.p/net_bnxt_tf_core_v3_tfc_mpc_debug.c.o -MF drivers/libtmp_rte_net_bnxt.a.p/net_bnxt_tf_core_v3_tfc_mpc_debug.c.o.d -o drivers/libtmp_rte_net_bnxt.a.p/net_bnxt_tf_core_v3_tfc_mpc_debug.c.o -c ../drivers/net/bnxt/tf_core/v3/tfc_mpc_debug.c
../drivers/net/bnxt/tf_core/v3/tfc_mpc_debug.c: In function 'act_decode':
../drivers/net/bnxt/tf_core/v3/tfc_mpc_debug.c:979:15: error: cast to pointer from integer of different size [-Werror=int-to-pointer-cast]
979 |    mod_decode((uint32_t *)(base + (act_info->full.mod_ptr <<  3)),
|               ^
../drivers/net/bnxt/tf_core/v3/tfc_mpc_debug.c:985:9: error: cast to pointer from integer of different size [-Werror=int-to-pointer-cast]
985 |         (uint32_t *)(base + (act_info->full.stat0_ptr <<  3)));
|         ^
../drivers/net/bnxt/tf_core/v3/tfc_mpc_debug.c:990:9: error: cast to pointer from integer of different size [-Werror=int-to-pointer-cast]
990 |         (uint32_t *)(base + (act_info->full.stat1_ptr <<  3)));
|         ^
../drivers/net/bnxt/tf_core/v3/tfc_mpc_debug.c:992:15: error: cast to pointer from integer of different size [-Werror=int-to-pointer-cast]
992 |    enc_decode((uint32_t *)(base + (act_info->full.enc_ptr <<  3)),
|               ^
cc1: all warnings being treated as errors
ninja: build stopped: subcommand failed.
==== End log output ====

CentOS Stream 10
	Kernel: 5.4
	Compiler: gcc gcc (GCC) 14.2.1 20250110 (Red Hat 14.2.1-8)

Red Hat Enterprise Linux 9.5
	Kernel: 5.4
	Compiler: gcc gcc (GCC) 11.5.0 20240719 (Red Hat 11.5.0-2)

Ubuntu 20.04
	Kernel: 5.15
	Compiler: aarch64-linux-gnu-gcc gcc (Ubuntu 9.4.0-1ubuntu1~20.04.2) 9.4.0

Debian GNU/Linux 12
	Kernel: 5.4
	Compiler: gcc gcc (Debian 12.2.0-14+deb12u1) 12.2.0

Fedora Linux 42
	Kernel: 5.4
	Compiler: gcc gcc (GCC) 15.2.1 20250808 (Red Hat 15.2.1-1)

Ubuntu 22.04
	Kernel: 5.4
	Compiler: gcc gcc (Ubuntu 11.4.0-1ubuntu1~22.04) 11.4.0

Ubuntu 24.04
	Kernel: 5.4
	Compiler: gcc gcc (Ubuntu 13.3.0-6ubuntu2~24.04) 13.3.0

CentOS Stream 9
	Kernel: 5.4
	Compiler: gcc gcc (GCC) 11.5.0 20240719 (Red Hat 11.5.0-11)

To view detailed results, visit:
https://lab.dpdk.org/results/dashboard/patchsets/34303/

UNH-IOL DPDK Community Lab

To manage your email subscriptions, visit: 
https://lab.dpdk.org/results/dashboard/preferences/subscriptions/

^ permalink raw reply	[flat|nested] 28+ messages in thread

* |SUCCESS| pw157760-157652 [PATCH] [v3,54/54] net/bnxt/tf_ulp: remove
       [not found] <20251015090024.32250-55-manish.kurup@broadcom.com>
                   ` (26 preceding siblings ...)
  2025-10-17 11:01 ` dpdklab
@ 2025-10-17 16:35 ` dpdklab
  27 siblings, 0 replies; 28+ messages in thread
From: dpdklab @ 2025-10-17 16:35 UTC (permalink / raw)
  To: Test Report; +Cc: dpdk-test-reports

Test-Label: iol-unit-arm64-testing
Test-Status: SUCCESS
http://dpdk.org/patch/157652

_Testing PASS_

Submitter: Manish Kurup <manish.kurup@broadcom.com>
Date: Wednesday, October 15 2025 09:00:24 
DPDK git baseline: Repo:dpdk
  Branch: master
  CommitID:16f4c522003dcfecf23c8d38e009b95a3bbefd03

157760-157652 --> testing pass

Upstream job id: Generic-Unit-Test-DPDK#382355

Test environment and result as below:

+------------------------------+------------------------------+---------------------------+--------------+----------------+
|         Environment          | cryptodev_sw_snow3g_autotest | cryptodev_sw_zuc_autotest | lpm_autotest | dpdk_unit_test |
+==============================+==============================+===========================+==============+================+
| Debian 12 (arm)              | PASS                         | PASS                      | SKIPPED      | SKIPPED        |
+------------------------------+------------------------------+---------------------------+--------------+----------------+
| Ubuntu 20.04                 | SKIPPED                      | SKIPPED                   | PASS         | PASS           |
+------------------------------+------------------------------+---------------------------+--------------+----------------+
| Ubuntu 22.04                 | SKIPPED                      | SKIPPED                   | SKIPPED      | PASS           |
+------------------------------+------------------------------+---------------------------+--------------+----------------+
| Debian GNU/Linux 12          | SKIPPED                      | SKIPPED                   | SKIPPED      | PASS           |
+------------------------------+------------------------------+---------------------------+--------------+----------------+
| Fedora Linux 40              | SKIPPED                      | SKIPPED                   | SKIPPED      | PASS           |
+------------------------------+------------------------------+---------------------------+--------------+----------------+
| CentOS Stream 9              | SKIPPED                      | SKIPPED                   | SKIPPED      | PASS           |
+------------------------------+------------------------------+---------------------------+--------------+----------------+
| CentOS Stream 10             | SKIPPED                      | SKIPPED                   | SKIPPED      | PASS           |
+------------------------------+------------------------------+---------------------------+--------------+----------------+
| Fedora Linux 41              | SKIPPED                      | SKIPPED                   | SKIPPED      | PASS           |
+------------------------------+------------------------------+---------------------------+--------------+----------------+
| Fedora Linux 42              | SKIPPED                      | SKIPPED                   | SKIPPED      | PASS           |
+------------------------------+------------------------------+---------------------------+--------------+----------------+
| Ubuntu 24.04                 | SKIPPED                      | SKIPPED                   | SKIPPED      | PASS           |
+------------------------------+------------------------------+---------------------------+--------------+----------------+
| Red Hat Enterprise Linux 9.5 | SKIPPED                      | SKIPPED                   | SKIPPED      | PASS           |
+------------------------------+------------------------------+---------------------------+--------------+----------------+


Debian 12 (arm)
	Kernel: Depends on container host
	Compiler: gcc (Debian 12.2.0-14) 12.2.0

Ubuntu 20.04
	Kernel: 5.4
	Compiler: gcc gcc (Ubuntu 9.4.0-1ubuntu1~20.04.2) 9.4.0

Ubuntu 22.04
	Kernel: 5.15
	Compiler: gcc gcc (Ubuntu 11.4.0-1ubuntu1~22.04.2) 11.4.0

Debian GNU/Linux 12
	Kernel: 5.4
	Compiler: gcc gcc (Debian 12.2.0-14+deb12u1) 12.2.0

Fedora Linux 40
	Kernel: 5.4
	Compiler: gcc gcc (GCC) 14.2.1 20240912 (Red Hat 14.2.1-3)

CentOS Stream 9
	Kernel: 5.4
	Compiler: gcc gcc (GCC) 11.5.0 20240719 (Red Hat 11.5.0-11)

CentOS Stream 10
	Kernel: 5.4
	Compiler: gcc gcc (GCC) 14.2.1 20250110 (Red Hat 14.2.1-8)

Fedora Linux 41
	Kernel: 5.4
	Compiler: gcc gcc (GCC) 14.3.1 20250523 (Red Hat 14.3.1-1)

Fedora Linux 42
	Kernel: 5.4
	Compiler: clang gcc (GCC) 15.2.1 20250808 (Red Hat 15.2.1-1)

Ubuntu 24.04
	Kernel: 5.4
	Compiler: gcc gcc (Ubuntu 13.3.0-6ubuntu2~24.04) 13.3.0

Red Hat Enterprise Linux 9.5
	Kernel: 5.4
	Compiler: gcc gcc (GCC) 11.5.0 20240719 (Red Hat 11.5.0-2)

To view detailed results, visit:
https://lab.dpdk.org/results/dashboard/patchsets/34303/

UNH-IOL DPDK Community Lab

To manage your email subscriptions, visit: 
https://lab.dpdk.org/results/dashboard/preferences/subscriptions/

^ permalink raw reply	[flat|nested] 28+ messages in thread

end of thread, other threads:[~2025-10-17 16:35 UTC | newest]

Thread overview: 28+ messages (download: mbox.gz / follow: Atom feed)
-- links below jump to the message on this page --
     [not found] <20251015090024.32250-55-manish.kurup@broadcom.com>
2025-10-16 18:51 ` |SUCCESS| pw157760-157652 [PATCH v3 54/54] net/bnxt/tf_ulp: remove Truflow DEBUG code qemudev
2025-10-16 18:56 ` qemudev
2025-10-16 19:23 ` |SUCCESS| pw157652 " checkpatch
2025-10-16 19:50 ` |PENDING| pw157760-157652 [PATCH] [v3,54/54] net/bnxt/tf_ulp: remove dpdklab
2025-10-16 19:53 ` dpdklab
2025-10-16 19:54 ` |SUCCESS| " dpdklab
2025-10-16 19:58 ` dpdklab
2025-10-16 19:58 ` |PENDING| " dpdklab
2025-10-16 20:02 ` dpdklab
2025-10-16 20:13 ` |SUCCESS| " dpdklab
2025-10-16 20:15 ` dpdklab
2025-10-16 20:15 ` dpdklab
2025-10-16 20:17 ` dpdklab
2025-10-16 20:29 ` dpdklab
2025-10-16 20:29 ` dpdklab
2025-10-16 20:29 ` dpdklab
2025-10-16 20:33 ` dpdklab
2025-10-16 20:34 ` dpdklab
2025-10-16 20:36 ` dpdklab
2025-10-16 20:37 ` dpdklab
2025-10-16 20:54 ` dpdklab
2025-10-16 22:38 ` |FAILURE| pw157652 [PATCH v3 54/54] net/bnxt/tf_ulp: remove Truflow DEBUG code 0-day Robot
2025-10-17  0:33 ` |SUCCESS| pw157760-157652 [PATCH] [v3,54/54] net/bnxt/tf_ulp: remove dpdklab
2025-10-17  2:17 ` |WARNING| " dpdklab
2025-10-17  2:33 ` |FAILURE| " dpdklab
2025-10-17  2:47 ` dpdklab
2025-10-17 11:01 ` dpdklab
2025-10-17 16:35 ` |SUCCESS| " dpdklab

This is a public inbox, see mirroring instructions
for how to clone and mirror all data and code used for this inbox;
as well as URLs for NNTP newsgroup(s).