automatic DPDK test reports
 help / color / mirror / Atom feed
From: dpdklab@iol.unh.edu
To: Test Report <test-report@dpdk.org>
Cc: dpdk-test-reports@iol.unh.edu
Subject: |PENDING| pw157760-157652 [PATCH] [v3,54/54] net/bnxt/tf_ulp: remove
Date: Thu, 16 Oct 2025 13:02:31 -0700 (PDT)	[thread overview]
Message-ID: <68f14f57.050a0220.1a8e80.c1c4SMTPIN_ADDED_MISSING@mx.google.com> (raw)
In-Reply-To: <20251015090024.32250-55-manish.kurup@broadcom.com>

Test-Label: iol-sample-apps-testing
Test-Status: PENDING
http://dpdk.org/patch/157652

_Testing pending_

Submitter: Manish Kurup <manish.kurup@broadcom.com>
Date: Wednesday, October 15 2025 09:00:24 
DPDK git baseline: Repo:dpdk
  Branch: master
  CommitID:16f4c522003dcfecf23c8d38e009b95a3bbefd03

157760-157652 --> testing pending

Upstream job id: Template-DTS-Pipeline#249826

Test environment and result as below:

+--------------+----------------------+----------------------+
| Environment  | dpdk_fips_validation | compressdev_zlib_pmd |
+==============+======================+======================+
| Ubuntu 20.04 | PEND                 | SKIPPED              |
+--------------+----------------------+----------------------+
| Ubuntu 22.04 | SKIPPED              | PASS                 |
+--------------+----------------------+----------------------+


Ubuntu 20.04
	Kernel: 5.15
	Compiler: gcc gcc (Ubuntu 9.4.0-1ubuntu1~20.04.2) 9.4.0

Ubuntu 22.04
	Kernel: 5.15
	Compiler: gcc gcc (Ubuntu 11.4.0-1ubuntu1~22.04.2) 11.4.0

To view detailed results, visit:
https://lab.dpdk.org/results/dashboard/patchsets/34303/

UNH-IOL DPDK Community Lab

To manage your email subscriptions, visit: 
https://lab.dpdk.org/results/dashboard/preferences/subscriptions/

  parent reply	other threads:[~2025-10-16 20:02 UTC|newest]

Thread overview: 28+ messages / expand[flat|nested]  mbox.gz  Atom feed  top
     [not found] <20251015090024.32250-55-manish.kurup@broadcom.com>
2025-10-16 18:51 ` |SUCCESS| pw157760-157652 [PATCH v3 54/54] net/bnxt/tf_ulp: remove Truflow DEBUG code qemudev
2025-10-16 18:56 ` qemudev
2025-10-16 19:23 ` |SUCCESS| pw157652 " checkpatch
2025-10-16 19:50 ` |PENDING| pw157760-157652 [PATCH] [v3,54/54] net/bnxt/tf_ulp: remove dpdklab
2025-10-16 19:53 ` dpdklab
2025-10-16 19:54 ` |SUCCESS| " dpdklab
2025-10-16 19:58 ` dpdklab
2025-10-16 19:58 ` |PENDING| " dpdklab
2025-10-16 20:02 ` dpdklab [this message]
2025-10-16 20:13 ` |SUCCESS| " dpdklab
2025-10-16 20:15 ` dpdklab
2025-10-16 20:15 ` dpdklab
2025-10-16 20:17 ` dpdklab
2025-10-16 20:29 ` dpdklab
2025-10-16 20:29 ` dpdklab
2025-10-16 20:29 ` dpdklab
2025-10-16 20:33 ` dpdklab
2025-10-16 20:34 ` dpdklab
2025-10-16 20:36 ` dpdklab
2025-10-16 20:37 ` dpdklab
2025-10-16 20:54 ` dpdklab
2025-10-16 22:38 ` |FAILURE| pw157652 [PATCH v3 54/54] net/bnxt/tf_ulp: remove Truflow DEBUG code 0-day Robot
2025-10-17  0:33 ` |SUCCESS| pw157760-157652 [PATCH] [v3,54/54] net/bnxt/tf_ulp: remove dpdklab
2025-10-17  2:17 ` |WARNING| " dpdklab
2025-10-17  2:33 ` |FAILURE| " dpdklab
2025-10-17  2:47 ` dpdklab
2025-10-17 11:01 ` dpdklab
2025-10-17 16:35 ` |SUCCESS| " dpdklab

Reply instructions:

You may reply publicly to this message via plain-text email
using any one of the following methods:

* Save the following mbox file, import it into your mail client,
  and reply-to-all from there: mbox

  Avoid top-posting and favor interleaved quoting:
  https://en.wikipedia.org/wiki/Posting_style#Interleaved_style

* Reply using the --to, --cc, and --in-reply-to
  switches of git-send-email(1):

  git send-email \
    --in-reply-to=68f14f57.050a0220.1a8e80.c1c4SMTPIN_ADDED_MISSING@mx.google.com \
    --to=dpdklab@iol.unh.edu \
    --cc=dpdk-test-reports@iol.unh.edu \
    --cc=test-report@dpdk.org \
    /path/to/YOUR_REPLY

  https://kernel.org/pub/software/scm/git/docs/git-send-email.html

* If your mail client supports setting the In-Reply-To header
  via mailto: links, try the mailto: link
Be sure your reply has a Subject: header at the top and a blank line before the message body.
This is a public inbox, see mirroring instructions
for how to clone and mirror all data and code used for this inbox;
as well as URLs for NNTP newsgroup(s).