From mboxrd@z Thu Jan 1 00:00:00 1970 Return-Path: Received: from mails.dpdk.org (mails.dpdk.org [217.70.189.124]) by inbox.dpdk.org (Postfix) with ESMTP id 66BAF48959 for ; Thu, 16 Oct 2025 22:47:56 +0200 (CEST) Received: from mails.dpdk.org (localhost [127.0.0.1]) by mails.dpdk.org (Postfix) with ESMTP id 606924026D; Thu, 16 Oct 2025 22:47:56 +0200 (CEST) Received: from mail-pl1-f228.google.com (mail-pl1-f228.google.com [209.85.214.228]) by mails.dpdk.org (Postfix) with ESMTP id 6ED4740A89 for ; Thu, 16 Oct 2025 22:47:51 +0200 (CEST) Received: by mail-pl1-f228.google.com with SMTP id d9443c01a7336-290a3a4c7ecso12682345ad.0 for ; Thu, 16 Oct 2025 13:47:51 -0700 (PDT) DKIM-Signature: v=1; a=rsa-sha256; c=relaxed/relaxed; d=iol.unh.edu; s=unh-iol; t=1760647670; x=1761252470; darn=dpdk.org; h=cc:to:from:subject:message-id:date:from:to:cc:subject:date :message-id:reply-to; bh=UGagwK/n4mnm/Xqq9Y5g3qFN3BpneEYi+7Hlay/t790=; b=gfHQzZ2QwwealwSGCSDq0znwhB4LJH5bOf5P2W65nwZnTYD1uDKIVtxTu+K1tRIY99 iU48cvz4fTnOkff8YHPiZ+DJlWEoGLo21TCetSDjw7/xLZNa90MkLfsKKUDGGMpldVv5 MQkHCMmPsnSCkWMBN7B5RGPsyq7ZyeX/dxmLg= X-Google-DKIM-Signature: v=1; a=rsa-sha256; c=relaxed/relaxed; d=1e100.net; s=20230601; t=1760647670; x=1761252470; h=cc:to:from:subject:message-id:date:x-gm-message-state:from:to:cc :subject:date:message-id:reply-to; bh=UGagwK/n4mnm/Xqq9Y5g3qFN3BpneEYi+7Hlay/t790=; b=tqTTIFpc/aRp3P4RRgwJZx+sGgf/MRraX7hApovOhUPg8rh+UWDO71n9hD8CD17Pry HsQuFPyG/i+UF6Xwa9/vs7WE0GaDBObzvUUkYC2HYpazIdlN3UES4VumbXG7r4tZckCR dX2X+6IX0v/HwIeWpyuJwvaviEUnZgJ+8ii0WCrpViedP+Wve5J3dL3yhNSZMycyfFvB f2Se/YOOz7xu9sdkbRmT7vwkOQQXhCFEuyAHdfRtY3hz4F2N/cxiW0irE9qiah5A9UXx kFieKlJ6IZkwKbgP0TqTWlQ633ZnseTppSFf2vpY2cBzbHYg5+m6iet86nt0M2UDKye/ mXjg== X-Gm-Message-State: AOJu0YwP0d7CIO0FNoPQXtr4+Z4oNpyLFun2skSgGnbpt00iHwzNFkjJ Op6X9EVq077Hm30KbBm+R5DxfNY4doX71NbFIv2YXHsJ97Ccfimf/AMEtbW2m0+9CsUULWLx6MI x/GtnxRLUt2VTFpS258km4X8Rkoax89QabGzhIwiYq9aFzzPPc7QY X-Gm-Gg: ASbGncs2cGwhl2ZbcGHc++EyxANuZ/HkwDvXqV6/L/8nghrf13Vwg5wjta2mqVAgPqR zBjuUvRk+3HeRHZKKTCxY+9EdnOloewCIbxwUM9QP673ZtTr6aO1Bfnr7ITMtmOOs/bOZFm1Ofg 4/7s4KH2ryfLOOgWX4ySpvWlrvpVcFU0T7gOHqWoS3h0AI4eA8MzShi9DRh9RZlrKEmvJeZEi1u 78/d8llrv0vcWEMr9+/Poth+w/wmdqy1AtuttVgiOgWn7oEiggzCI5Tb12gaQl0KtvC15ABRfRg 4oz/QDKEs/fTQnkmT5Q6oPqs77w6bsw0IkPWFrQClk1IE58CFTjnvbsjCUmFXemcgBMuWSY0ob2 Mr6xmQe28 X-Google-Smtp-Source: AGHT+IH7kzF83HN6F469BwUmClIwFLTOW6vMU9F4InkLjImuEEETA7IiT4TlIP/41/cPYl+bbYhWbYA6rRvY X-Received: by 2002:a17:903:2884:b0:266:3098:666 with SMTP id d9443c01a7336-290ca121a21mr10137375ad.32.1760647670587; Thu, 16 Oct 2025 13:47:50 -0700 (PDT) Received: from postal.iol.unh.edu (postal.iol.unh.edu. [2606:4100:3880:1234::84]) by smtp-relay.gmail.com with ESMTPS id d9443c01a7336-29099675163sm3858135ad.39.2025.10.16.13.47.50 (version=TLS1_2 cipher=ECDHE-ECDSA-AES128-GCM-SHA256 bits=128/128); Thu, 16 Oct 2025 13:47:50 -0700 (PDT) X-Relaying-Domain: iol.unh.edu Date: Thu, 16 Oct 2025 13:47:50 -0700 (PDT) Message-ID: <68f159f6.170a0220.29d19f.2a03SMTPIN_ADDED_MISSING@mx.google.com> Received: from [172.21.0.5] (unknown [172.18.0.240]) by postal.iol.unh.edu (Postfix) with ESMTP id 189E66051830; Thu, 16 Oct 2025 16:47:50 -0400 (EDT) Subject: |FAILURE| [GIT MASTER] 62f583c49bf67dd4d6733ece14e55fe6839e66d1 From: dpdklab@iol.unh.edu To: Test Report Cc: dpdk-test-reports@iol.unh.edu, Xueming Li , Christian Ehrhardt , Kevin Traynor , Luca Boccassi Content-Type: text/plain X-BeenThere: test-report@dpdk.org X-Mailman-Version: 2.1.29 Precedence: list List-Id: automatic DPDK test reports List-Unsubscribe: , List-Archive: List-Post: List-Help: List-Subscribe: , Errors-To: test-report-bounces@dpdk.org _Testing issues_ Branch: tags/v23.11 62f583c49bf67dd4d6733ece14e55fe6839e66d1 --> testing issues Upstream job id: Generic-DPDK-Compile-Meson#434826 Test environment and result as below: +------------------------------+--------------------+ | Environment | dpdk_meson_compile | +==============================+====================+ | Red Hat Enterprise Linux 9.5 | PASS | +------------------------------+--------------------+ | Ubuntu 20.04 | PASS | +------------------------------+--------------------+ | Debian GNU/Linux 12 | PASS | +------------------------------+--------------------+ | Fedora Linux 42 | PASS | +------------------------------+--------------------+ | Ubuntu 22.04 | PASS | +------------------------------+--------------------+ | Ubuntu 24.04 | PASS | +------------------------------+--------------------+ | CentOS Stream 9 | PASS | +------------------------------+--------------------+ | CentOS Stream 10 | PASS | +------------------------------+--------------------+ Red Hat Enterprise Linux 9.5 Kernel: 5.4 Compiler: gcc gcc (GCC) 11.5.0 20240719 (Red Hat 11.5.0-2) Ubuntu 20.04 Kernel: 5.15 Compiler: aarch64-linux-gnu-gcc gcc (Ubuntu 9.4.0-1ubuntu1~20.04.2) 9.4.0 Debian GNU/Linux 12 Kernel: 5.4 Compiler: gcc gcc (Debian 12.2.0-14+deb12u1) 12.2.0 Fedora Linux 42 Kernel: 5.4 Compiler: gcc gcc (GCC) 15.2.1 20250808 (Red Hat 15.2.1-1) Ubuntu 22.04 Kernel: 5.4 Compiler: gcc gcc (Ubuntu 11.4.0-1ubuntu1~22.04) 11.4.0 Ubuntu 24.04 Kernel: 5.4 Compiler: gcc gcc (Ubuntu 13.3.0-6ubuntu2~24.04) 13.3.0 CentOS Stream 9 Kernel: 5.4 Compiler: gcc gcc (GCC) 11.5.0 20240719 (Red Hat 11.5.0-11) CentOS Stream 10 Kernel: 5.4 Compiler: gcc gcc (GCC) 14.2.1 20250110 (Red Hat 14.2.1-8) To view detailed results, visit: https://lab.dpdk.org/results/dashboard/tarballs/35228/ UNH-IOL DPDK Community Lab To manage your email subscriptions, visit: https://lab.dpdk.org/results/dashboard/preferences/subscriptions/