From mboxrd@z Thu Jan 1 00:00:00 1970 Return-Path: Received: from mails.dpdk.org (mails.dpdk.org [217.70.189.124]) by inbox.dpdk.org (Postfix) with ESMTP id 7284D48959 for ; Thu, 16 Oct 2025 22:48:05 +0200 (CEST) Received: from mails.dpdk.org (localhost [127.0.0.1]) by mails.dpdk.org (Postfix) with ESMTP id 6D5F74026D; Thu, 16 Oct 2025 22:48:05 +0200 (CEST) Received: from mail-vk1-f225.google.com (mail-vk1-f225.google.com [209.85.221.225]) by mails.dpdk.org (Postfix) with ESMTP id 368404026D for ; Thu, 16 Oct 2025 22:48:04 +0200 (CEST) Received: by mail-vk1-f225.google.com with SMTP id 71dfb90a1353d-54bc08ef45dso778056e0c.1 for ; Thu, 16 Oct 2025 13:48:04 -0700 (PDT) DKIM-Signature: v=1; a=rsa-sha256; c=relaxed/relaxed; d=iol.unh.edu; s=unh-iol; t=1760647683; x=1761252483; darn=dpdk.org; h=cc:to:from:subject:message-id:date:from:to:cc:subject:date :message-id:reply-to; bh=+C47+b4BNk+8pyejdjPAMrnTAttrg5ThBFeB280FtJE=; b=LuPhhb5b11SSvinJSpvk6ENiiw1gM7ca2i7ks9rzH3DnUz/xh45CJVi2QLoKIdg3YU t8ED6DMXpYnj6x8ElZfrTtSQGYiEu0r0xfDrn1WAz4odWg9PbifWW+GxbZd0/ESf498p Dt0yAc/UWTSoWtdmdDbxhahBKBd+vPAvT3jzE= X-Google-DKIM-Signature: v=1; a=rsa-sha256; c=relaxed/relaxed; d=1e100.net; s=20230601; t=1760647683; x=1761252483; h=cc:to:from:subject:message-id:date:x-gm-message-state:from:to:cc :subject:date:message-id:reply-to; bh=+C47+b4BNk+8pyejdjPAMrnTAttrg5ThBFeB280FtJE=; b=IQw14JV9QTZez2BRnr6Oh3/6VEKhTJAx6GPViPwxUkAcHHnHwOxQQ2SvlTdT1Vxkh7 08WOaaYn1KaE5+vgFY6WbBRl//vBNX3pIMYX6qNXa09PgZ5J4dnZqEsRBFmqMT/mkS8h iVrkSxnOZ2Nq9LtHZ0ZnRr4v9W1O6Da9m/QUj/VwwtJVERih+a0nu5weMJBhqJHQlcKv 5caxYxZxymLHVIoyy3vMt6KeoMCU+FUCb2KkL3o6+TM2PSPO5c1wWNlKRU9k9eW78vZc flxxWgcq3gZY8voX5Q7XRm8KCmtU52dNsZHhd50Uor5zRc/31phvyokmKBzRWjZZC6sA 5Y+A== X-Gm-Message-State: AOJu0YwV+klQdmPS+0L2c+PMGMkCdzBjPT2pzOfMLk11ywDpyIr697bo Ht+KzFs1Y4o1qXNz+SyEK6rYA9NRiojmulesJMMTGhDNHqdeeOVeTl1n9wIZoGAVNzssxrk2NIy /Hk7S6lRtBHnZZ90WOhtu1YsIQSiMHIGAvHu2SlmTxWd6NPN5VkcD X-Gm-Gg: ASbGncsTkJRyvKLRFQZGX0RO1F7QBhdniyTYPCqsZOlkgKzwXy/O0yDRXRTiubVfZQb Ymfhy5xzEcsArtQ4uWN++31F6xPGq7ZopZR+2c8NvywDtuUvUN9sxtty2popuw9fFyZn04WOy4E 1V3tQmheWVazsmGzDbSrCCle1QECyJx29RH4XdXBgRBy4sqOB3LScxtPt2w1c19g3H+aseTkNal updj91WSejLXE7jDTk7yWyosLw4BL97lrQuEAOxahV/4r6wZWjYYy8YYaOu3R9tAlgTHg8ycoqM uRrX9R/p1Da+OaQqe3cM1eTTmugxhdfSnYNDli9Ap+BuhL3Y/D23GM2KtAk/hoEeHUv74mhE/RL 6aEngCzYy X-Google-Smtp-Source: AGHT+IEaa5Rj/W/hZXChAsGZT+uOpVPnwurAHbuyWf9H9CQk/7Wv9fM1UxGkQgglHQFBY2hz/MSGxT+zG2Bi X-Received: by 2002:a05:6122:2a14:b0:544:71fb:f49b with SMTP id 71dfb90a1353d-5564eeeb9bamr904810e0c.10.1760647683518; Thu, 16 Oct 2025 13:48:03 -0700 (PDT) Received: from postal.iol.unh.edu (postal.iol.unh.edu. [2606:4100:3880:1234::84]) by smtp-relay.gmail.com with ESMTPS id 71dfb90a1353d-554d7fc3e3fsm2133200e0c.4.2025.10.16.13.48.03 (version=TLS1_2 cipher=ECDHE-ECDSA-AES128-GCM-SHA256 bits=128/128); Thu, 16 Oct 2025 13:48:03 -0700 (PDT) X-Relaying-Domain: iol.unh.edu Date: Thu, 16 Oct 2025 13:48:03 -0700 (PDT) Message-ID: <68f15a03.050a0220.22332.8ba6SMTPIN_ADDED_MISSING@mx.google.com> Received: from [172.21.0.3] (unknown [172.18.0.240]) by postal.iol.unh.edu (Postfix) with ESMTP id 3A8DD6051830; Thu, 16 Oct 2025 16:48:03 -0400 (EDT) Subject: |FAILURE| [GIT MASTER] 62f583c49bf67dd4d6733ece14e55fe6839e66d1 From: dpdklab@iol.unh.edu To: Test Report Cc: dpdk-test-reports@iol.unh.edu, Xueming Li , Christian Ehrhardt , Kevin Traynor , Luca Boccassi Content-Type: text/plain X-BeenThere: test-report@dpdk.org X-Mailman-Version: 2.1.29 Precedence: list List-Id: automatic DPDK test reports List-Unsubscribe: , List-Archive: List-Post: List-Help: List-Subscribe: , Errors-To: test-report-bounces@dpdk.org _Testing issues_ Branch: tags/v23.11 62f583c49bf67dd4d6733ece14e55fe6839e66d1 --> testing issues Upstream job id: Generic-DPDK-Compile-Meson#434816 Test environment and result as below: +------------------------------+--------------------+ | Environment | dpdk_meson_compile | +==============================+====================+ | Red Hat Enterprise Linux 9.5 | PASS | +------------------------------+--------------------+ | Ubuntu 20.04 | PASS | +------------------------------+--------------------+ | Debian GNU/Linux 12 | PASS | +------------------------------+--------------------+ | Fedora Linux 42 | PASS | +------------------------------+--------------------+ | Ubuntu 22.04 | PASS | +------------------------------+--------------------+ | Ubuntu 24.04 | PASS | +------------------------------+--------------------+ | CentOS Stream 9 | PASS | +------------------------------+--------------------+ | CentOS Stream 10 | PASS | +------------------------------+--------------------+ Red Hat Enterprise Linux 9.5 Kernel: 5.4 Compiler: gcc gcc (GCC) 11.5.0 20240719 (Red Hat 11.5.0-2) Ubuntu 20.04 Kernel: 5.15 Compiler: aarch64-linux-gnu-gcc gcc (Ubuntu 9.4.0-1ubuntu1~20.04.2) 9.4.0 Debian GNU/Linux 12 Kernel: 5.4 Compiler: gcc gcc (Debian 12.2.0-14+deb12u1) 12.2.0 Fedora Linux 42 Kernel: 5.4 Compiler: gcc gcc (GCC) 15.2.1 20250808 (Red Hat 15.2.1-1) Ubuntu 22.04 Kernel: 5.4 Compiler: gcc gcc (Ubuntu 11.4.0-1ubuntu1~22.04) 11.4.0 Ubuntu 24.04 Kernel: 5.4 Compiler: gcc gcc (Ubuntu 13.3.0-6ubuntu2~24.04) 13.3.0 CentOS Stream 9 Kernel: 5.4 Compiler: gcc gcc (GCC) 11.5.0 20240719 (Red Hat 11.5.0-11) CentOS Stream 10 Kernel: 5.4 Compiler: gcc gcc (GCC) 14.2.1 20250110 (Red Hat 14.2.1-8) To view detailed results, visit: https://lab.dpdk.org/results/dashboard/tarballs/35228/ UNH-IOL DPDK Community Lab To manage your email subscriptions, visit: https://lab.dpdk.org/results/dashboard/preferences/subscriptions/