From mboxrd@z Thu Jan 1 00:00:00 1970 Return-Path: Received: from mails.dpdk.org (mails.dpdk.org [217.70.189.124]) by inbox.dpdk.org (Postfix) with ESMTP id EEF9648956 for ; Fri, 17 Oct 2025 03:46:13 +0200 (CEST) Received: from mails.dpdk.org (localhost [127.0.0.1]) by mails.dpdk.org (Postfix) with ESMTP id E4D0140269; Fri, 17 Oct 2025 03:46:13 +0200 (CEST) Received: from mail-qv1-f99.google.com (mail-qv1-f99.google.com [209.85.219.99]) by mails.dpdk.org (Postfix) with ESMTP id 84A6E40269 for ; Fri, 17 Oct 2025 03:46:12 +0200 (CEST) Received: by mail-qv1-f99.google.com with SMTP id 6a1803df08f44-87bb66dd224so18778226d6.3 for ; Thu, 16 Oct 2025 18:46:12 -0700 (PDT) DKIM-Signature: v=1; a=rsa-sha256; c=relaxed/relaxed; d=iol.unh.edu; s=unh-iol; t=1760665572; x=1761270372; darn=dpdk.org; h=cc:to:from:subject:message-id:date:from:to:cc:subject:date :message-id:reply-to; bh=KYwfQfPnywEHj6jZ0Q0ytV7bor6xMfFIkzx7BrOzEqY=; b=O6MN7jrUOVV0mrq3CVhvunnsYwyrHH8QLt2FhxK/YjoFlCrXaiQvrV/K6hPdyLnjBN dWj/ilfzQowXuMQaiagnzsxRUENERrpPsxGq3VGXIH/xttuDN2DXpxssuUf2yH4T8Ogw cwOlZ+6cJ/O0u8tw1DAqJX5606rhQvU2TV5Go= X-Google-DKIM-Signature: v=1; a=rsa-sha256; c=relaxed/relaxed; d=1e100.net; s=20230601; t=1760665572; x=1761270372; h=cc:to:from:subject:message-id:date:x-gm-message-state:from:to:cc :subject:date:message-id:reply-to; bh=KYwfQfPnywEHj6jZ0Q0ytV7bor6xMfFIkzx7BrOzEqY=; b=KhDpvv+QsRMyYdmX9EI5cZMmnQPNp5X2Sa+SsMyJ5Cd2FJXQzzWSBfDPmQ9Jxdn4MA eJztrkpbkQRQAmYdr4wXBxfs185Zbr8RbevcEKlOmpYBwXvQ4B7/CA/EgpoVbzbEEBJ3 QFOJFyPzyaEdKmsY+UOUcrOoWIt+XNkbOld1QUg50vCWYyO7coNnBKhLHXdA0AeHTeTJ A1P8dr9SKdFu7maN7Rk1fUi+h+31eAoj1k7j1nW2JnX/zImWaYh2TjBZz+JdJMyu/0v7 q6WUrNecbo4WpXAPNIeSPk8AlEy0oq2scibFmr5hhhZoDawAbgRGconPNNMlxMMuutLC V6wQ== X-Gm-Message-State: AOJu0YzLNshmkOXC68oEI4k2FsBattLUAyinvJApAVjVBECOA5mU25tF DB6VacPL/rtCdhFLtMbLaPgV8/eK9dYeYCFK/BCtMXaymz5YmR20TgcABzIR/I5Z6XpL0Tbie0v 0FvKmuxcmUjwbA/Edl0ycIt39+8CVpVURH10lk4eMAB5s1HOH87co X-Gm-Gg: ASbGnct+ptLUfkHls0z518PZ+VtW0sYJNzYo8GZSq0k73gtsvGIev/Xxq/8Hl2caG1u G3e/lbuf6B6WGThZvYApVoz3GRJyJjF3bLIYnsBDwjNV9bjnYpOi8mCh233eU31JMBXDXnEN7pJ 9PUXUJcE7eD/EeeJVD20Oro4Th9b8UEd5t/GmwB6WA8ITXKK9byRa5LIDlKbUBefuVoq+Y15y5u NeJF6K0ub4NNuvaIS8H5wyI5YFbR/qC5Sbcgcehp/0zjiHhO9zqG0u+nOA4RomdgVwB9aM5DNzX G/nNo66lLbaOBzcjU0Oiia02YPwzVAM4tla4w9doIQZqACGAN5sQ39758T1M0KoBodianzjFhS1 XdknyIbPH X-Google-Smtp-Source: AGHT+IFY2772TvLgDScLqOrCfGYV9enUTWrTSIYG7czHEoHRaFcpjg9jnJnJRZn6HSL2lLVJU+SoU74lSAGv X-Received: by 2002:a05:6214:c8e:b0:729:fdfa:df20 with SMTP id 6a1803df08f44-87c2055e68bmr32241606d6.3.1760665571963; Thu, 16 Oct 2025 18:46:11 -0700 (PDT) Received: from postal.iol.unh.edu (postal.iol.unh.edu. [2606:4100:3880:1234::84]) by smtp-relay.gmail.com with ESMTPS id 6a1803df08f44-87c012abd4csm6431576d6.32.2025.10.16.18.46.11 (version=TLS1_2 cipher=ECDHE-ECDSA-AES128-GCM-SHA256 bits=128/128); Thu, 16 Oct 2025 18:46:11 -0700 (PDT) X-Relaying-Domain: iol.unh.edu Date: Thu, 16 Oct 2025 18:46:11 -0700 (PDT) Message-ID: <68f19fe3.050a0220.11ed98.027fSMTPIN_ADDED_MISSING@mx.google.com> Received: from [172.21.0.2] (unknown [172.18.0.240]) by postal.iol.unh.edu (Postfix) with ESMTP id AC18E6051830; Thu, 16 Oct 2025 21:46:11 -0400 (EDT) Subject: |FAILURE| [GIT MASTER] 62f583c49bf67dd4d6733ece14e55fe6839e66d1 From: dpdklab@iol.unh.edu To: Test Report Cc: dpdk-test-reports@iol.unh.edu, Xueming Li , Christian Ehrhardt , Kevin Traynor , Luca Boccassi Content-Type: text/plain X-BeenThere: test-report@dpdk.org X-Mailman-Version: 2.1.29 Precedence: list List-Id: automatic DPDK test reports List-Unsubscribe: , List-Archive: List-Post: List-Help: List-Subscribe: , Errors-To: test-report-bounces@dpdk.org _Testing issues_ Branch: tags/v23.11 62f583c49bf67dd4d6733ece14e55fe6839e66d1 --> testing issues Upstream job id: Generic-Unit-Test-DPDK#382023 Test environment and result as below: +------------------------------+----------------+--------------+------------------------------+---------------------------+ | Environment | dpdk_unit_test | lpm_autotest | cryptodev_sw_snow3g_autotest | cryptodev_sw_zuc_autotest | +==============================+================+==============+==============================+===========================+ | CentOS Stream 9 | PASS | SKIPPED | SKIPPED | SKIPPED | +------------------------------+----------------+--------------+------------------------------+---------------------------+ | CentOS Stream 10 | PASS | SKIPPED | SKIPPED | SKIPPED | +------------------------------+----------------+--------------+------------------------------+---------------------------+ | Fedora Linux 40 | PEND | SKIPPED | SKIPPED | SKIPPED | +------------------------------+----------------+--------------+------------------------------+---------------------------+ | Debian GNU/Linux 12 | PASS | SKIPPED | SKIPPED | SKIPPED | +------------------------------+----------------+--------------+------------------------------+---------------------------+ | Fedora Linux 41 | PEND | SKIPPED | SKIPPED | SKIPPED | +------------------------------+----------------+--------------+------------------------------+---------------------------+ | Fedora Linux 42 | PEND | SKIPPED | SKIPPED | SKIPPED | +------------------------------+----------------+--------------+------------------------------+---------------------------+ | Red Hat Enterprise Linux 9.5 | PEND | SKIPPED | SKIPPED | SKIPPED | +------------------------------+----------------+--------------+------------------------------+---------------------------+ | Ubuntu 22.04 | PEND | SKIPPED | SKIPPED | SKIPPED | +------------------------------+----------------+--------------+------------------------------+---------------------------+ | Ubuntu 20.04 | PEND | PASS | SKIPPED | SKIPPED | +------------------------------+----------------+--------------+------------------------------+---------------------------+ | Ubuntu 24.04 | PEND | SKIPPED | SKIPPED | SKIPPED | +------------------------------+----------------+--------------+------------------------------+---------------------------+ | Debian 12 (arm) | SKIPPED | SKIPPED | PASS | PEND | +------------------------------+----------------+--------------+------------------------------+---------------------------+ CentOS Stream 9 Kernel: 5.4 Compiler: gcc gcc (GCC) 11.5.0 20240719 (Red Hat 11.5.0-11) CentOS Stream 10 Kernel: 5.4 Compiler: gcc gcc (GCC) 14.2.1 20250110 (Red Hat 14.2.1-8) Fedora Linux 40 Kernel: 5.4 Compiler: gcc gcc (GCC) 14.2.1 20240912 (Red Hat 14.2.1-3) Debian GNU/Linux 12 Kernel: 5.4 Compiler: gcc gcc (Debian 12.2.0-14+deb12u1) 12.2.0 Fedora Linux 41 Kernel: 5.4 Compiler: gcc gcc (GCC) 14.3.1 20250523 (Red Hat 14.3.1-1) Fedora Linux 42 Kernel: 5.4 Compiler: gcc gcc (GCC) 15.2.1 20250808 (Red Hat 15.2.1-1) Red Hat Enterprise Linux 9.5 Kernel: 5.4 Compiler: gcc gcc (GCC) 11.5.0 20240719 (Red Hat 11.5.0-2) Ubuntu 22.04 Kernel: 5.15 Compiler: gcc gcc (Ubuntu 11.4.0-1ubuntu1~22.04.2) 11.4.0 Ubuntu 20.04 Kernel: 5.4 Compiler: gcc gcc (Ubuntu 9.4.0-1ubuntu1~20.04.2) 9.4.0 Ubuntu 24.04 Kernel: 5.4 Compiler: gcc gcc (Ubuntu 13.3.0-6ubuntu2~24.04) 13.3.0 Debian 12 (arm) Kernel: Depends on container host Compiler: gcc (Debian 12.2.0-14) 12.2.0 To view detailed results, visit: https://lab.dpdk.org/results/dashboard/tarballs/35228/ UNH-IOL DPDK Community Lab To manage your email subscriptions, visit: https://lab.dpdk.org/results/dashboard/preferences/subscriptions/