From: dpdklab@iol.unh.edu
To: Test Report <test-report@dpdk.org>
Cc: dpdk-test-reports@iol.unh.edu
Subject: |WARNING| pw157761-157767 [PATCH] [v7,7/7] usertools/mbuf: parse mbu
Date: Thu, 16 Oct 2025 20:27:32 -0700 (PDT) [thread overview]
Message-ID: <68f1b7a4.170a0220.39b8fe.a300SMTPIN_ADDED_MISSING@mx.google.com> (raw)
In-Reply-To: <20251016203557.2554678-8-thomas@monjalon.net>
Test-Label: iol-compile-amd64-testing
Test-Status: WARNING
http://dpdk.org/patch/157767
_Testing issues_
Submitter: Thomas Monjalon <thomas@monjalon.net>
Date: Thursday, October 16 2025 20:34:45
DPDK git baseline: Repo:dpdk
Branch: master
CommitID:438491733c2d8a109574449d3d6de9b25a05c07c
157761-157767 --> testing issues
Upstream job id: Generic-DPDK-Compile-Meson#435150
Test environment and result as below:
+-------------------------------+-------------------------+--------------------+-------------------+----------------------+-------------------+------------------+
| Environment | dpdk_llvm_clang_compile | dpdk_meson_compile | dpdk_msvc_compile | dpdk_mingw64_compile | dpdk_compile_spdk | dpdk_compile_ovs |
+===============================+=========================+====================+===================+======================+===================+==================+
| Windows Server 2022 | PASS | SKIPPED | PASS | PASS | SKIPPED | SKIPPED |
+-------------------------------+-------------------------+--------------------+-------------------+----------------------+-------------------+------------------+
| Ubuntu 20.04 | SKIPPED | PASS | SKIPPED | SKIPPED | SKIPPED | SKIPPED |
+-------------------------------+-------------------------+--------------------+-------------------+----------------------+-------------------+------------------+
| FreeBSD 14.2 | SKIPPED | PASS | SKIPPED | SKIPPED | SKIPPED | SKIPPED |
+-------------------------------+-------------------------+--------------------+-------------------+----------------------+-------------------+------------------+
| CentOS Stream 9 | SKIPPED | PASS | SKIPPED | SKIPPED | WARN | SKIPPED |
+-------------------------------+-------------------------+--------------------+-------------------+----------------------+-------------------+------------------+
| CentOS Stream 10 | SKIPPED | PASS | SKIPPED | SKIPPED | SKIPPED | SKIPPED |
+-------------------------------+-------------------------+--------------------+-------------------+----------------------+-------------------+------------------+
| Debian GNU/Linux 12 | SKIPPED | PASS | SKIPPED | SKIPPED | WARN | SKIPPED |
+-------------------------------+-------------------------+--------------------+-------------------+----------------------+-------------------+------------------+
| Fedora Linux 42 | SKIPPED | PASS | SKIPPED | SKIPPED | WARN | PASS |
+-------------------------------+-------------------------+--------------------+-------------------+----------------------+-------------------+------------------+
| openSUSE Leap 15.6 | SKIPPED | PASS | SKIPPED | SKIPPED | SKIPPED | SKIPPED |
+-------------------------------+-------------------------+--------------------+-------------------+----------------------+-------------------+------------------+
| Red Hat Enterprise Linux 8.10 | SKIPPED | PASS | SKIPPED | SKIPPED | SKIPPED | SKIPPED |
+-------------------------------+-------------------------+--------------------+-------------------+----------------------+-------------------+------------------+
| Red Hat Enterprise Linux 9.5 | SKIPPED | PASS | SKIPPED | SKIPPED | SKIPPED | SKIPPED |
+-------------------------------+-------------------------+--------------------+-------------------+----------------------+-------------------+------------------+
| Ubuntu 22.04 | SKIPPED | PASS | SKIPPED | SKIPPED | WARN | SKIPPED |
+-------------------------------+-------------------------+--------------------+-------------------+----------------------+-------------------+------------------+
| Ubuntu 24.04 | SKIPPED | PASS | SKIPPED | SKIPPED | WARN | PASS |
+-------------------------------+-------------------------+--------------------+-------------------+----------------------+-------------------+------------------+
| Alpine Linux 3.22.0 | SKIPPED | PASS | SKIPPED | SKIPPED | SKIPPED | SKIPPED |
+-------------------------------+-------------------------+--------------------+-------------------+----------------------+-------------------+------------------+
==== 20 line log output for Ubuntu 24.04 (dpdk_compile_spdk): ====
--- Failed to get log output ---
==== End log output ====
Windows Server 2022
Kernel: 10.0.20348.2031
Compiler: clang 15.0.7, gcc 14.1.0 (MinGW), and MSVC VS 19.39.33521
Ubuntu 20.04
Kernel: 4.19
Compiler: gcc gcc (Ubuntu 9.4.0-1ubuntu1~20.04.2) 9.4.0
FreeBSD 14.2
Kernel: 14.2-RELEASE
Compiler: clang 18.1.6
CentOS Stream 9
Kernel: 5.15
Compiler: gcc gcc (GCC) 11.5.0 20240719 (Red Hat 11.5.0-11)
CentOS Stream 10
Kernel: 5.15
Compiler: gcc gcc (GCC) 14.2.1 20250110 (Red Hat 14.2.1-8)
Debian GNU/Linux 12
Kernel: 5.15
Compiler: gcc gcc (Debian 12.2.0-14+deb12u1) 12.2.0
Fedora Linux 42
Kernel: 5.15
Compiler: clang gcc (GCC) 15.2.1 20250808 (Red Hat 15.2.1-1)
openSUSE Leap 15.6
Kernel: 5.15
Compiler: gcc gcc (SUSE Linux) 7.5.0
Red Hat Enterprise Linux 8.10
Kernel: 5.15
Compiler: gcc gcc (GCC) 8.5.0 20210514 (Red Hat 8.5.0-22)
Red Hat Enterprise Linux 9.5
Kernel: 5.15
Compiler: gcc gcc (GCC) 11.5.0 20240719 (Red Hat 11.5.0-2)
Ubuntu 22.04
Kernel: 5.15
Compiler: gcc gcc (Ubuntu 11.4.0-1ubuntu1~22.04) 11.4.0
Ubuntu 24.04
Kernel: 5.15
Compiler: gcc gcc (Ubuntu 13.3.0-6ubuntu2~24.04) 13.3.0
Alpine Linux 3.22.0
Kernel: 5.15
Compiler: gcc gcc (Alpine 14.2.0) 14.2.0
To view detailed results, visit:
https://lab.dpdk.org/results/dashboard/patchsets/34304/
UNH-IOL DPDK Community Lab
To manage your email subscriptions, visit:
https://lab.dpdk.org/results/dashboard/preferences/subscriptions/
next prev parent reply other threads:[~2025-10-17 3:27 UTC|newest]
Thread overview: 23+ messages / expand[flat|nested] mbox.gz Atom feed top
[not found] <20251016203557.2554678-8-thomas@monjalon.net>
2025-10-16 20:09 ` |SUCCESS| pw157761-157767 [PATCH v7 7/7] usertools/mbuf: parse mbuf history dump qemudev
2025-10-16 20:14 ` qemudev
2025-10-16 20:37 ` |SUCCESS| pw157767 " checkpatch
2025-10-16 21:05 ` |SUCCESS| pw157761-157767 [PATCH] [v7,7/7] usertools/mbuf: parse mbu dpdklab
2025-10-16 21:06 ` |PENDING| " dpdklab
2025-10-16 21:07 ` |SUCCESS| " dpdklab
2025-10-16 21:22 ` |PENDING| " dpdklab
2025-10-16 21:24 ` dpdklab
2025-10-16 21:25 ` |SUCCESS| " dpdklab
2025-10-16 21:27 ` dpdklab
2025-10-16 21:29 ` dpdklab
2025-10-16 21:46 ` dpdklab
2025-10-16 21:54 ` dpdklab
2025-10-16 22:04 ` dpdklab
2025-10-16 22:11 ` dpdklab
2025-10-16 22:22 ` dpdklab
2025-10-16 22:22 ` dpdklab
2025-10-16 22:38 ` |FAILURE| pw157767 [PATCH v7 7/7] usertools/mbuf: parse mbuf history dump 0-day Robot
2025-10-17 2:45 ` |PENDING| pw157761-157767 [PATCH] [v7,7/7] usertools/mbuf: parse mbu dpdklab
2025-10-17 3:02 ` |WARNING| " dpdklab
2025-10-17 3:27 ` dpdklab [this message]
2025-10-17 12:32 ` |SUCCESS| " dpdklab
2025-10-17 20:27 ` dpdklab
Reply instructions:
You may reply publicly to this message via plain-text email
using any one of the following methods:
* Save the following mbox file, import it into your mail client,
and reply-to-all from there: mbox
Avoid top-posting and favor interleaved quoting:
https://en.wikipedia.org/wiki/Posting_style#Interleaved_style
* Reply using the --to, --cc, and --in-reply-to
switches of git-send-email(1):
git send-email \
--in-reply-to=68f1b7a4.170a0220.39b8fe.a300SMTPIN_ADDED_MISSING@mx.google.com \
--to=dpdklab@iol.unh.edu \
--cc=dpdk-test-reports@iol.unh.edu \
--cc=test-report@dpdk.org \
/path/to/YOUR_REPLY
https://kernel.org/pub/software/scm/git/docs/git-send-email.html
* If your mail client supports setting the In-Reply-To header
via mailto: links, try the mailto: link
Be sure your reply has a Subject: header at the top and a blank line
before the message body.
This is a public inbox, see mirroring instructions
for how to clone and mirror all data and code used for this inbox;
as well as URLs for NNTP newsgroup(s).