From mboxrd@z Thu Jan 1 00:00:00 1970 Return-Path: Received: from mails.dpdk.org (mails.dpdk.org [217.70.189.124]) by inbox.dpdk.org (Postfix) with ESMTP id CBE424895A for ; Fri, 17 Oct 2025 06:19:40 +0200 (CEST) Received: from mails.dpdk.org (localhost [127.0.0.1]) by mails.dpdk.org (Postfix) with ESMTP id AB6E040269; Fri, 17 Oct 2025 06:19:40 +0200 (CEST) Received: from mail-qk1-f225.google.com (mail-qk1-f225.google.com [209.85.222.225]) by mails.dpdk.org (Postfix) with ESMTP id B620840269 for ; Fri, 17 Oct 2025 06:19:39 +0200 (CEST) Received: by mail-qk1-f225.google.com with SMTP id af79cd13be357-88f79ae58f0so254008185a.2 for ; Thu, 16 Oct 2025 21:19:39 -0700 (PDT) DKIM-Signature: v=1; a=rsa-sha256; c=relaxed/relaxed; d=iol.unh.edu; s=unh-iol; t=1760674779; x=1761279579; darn=dpdk.org; h=cc:to:from:subject:message-id:date:from:to:cc:subject:date :message-id:reply-to; bh=0usmWqvk+5C7LKV4aEGPFIV5X6PrUWvVcTbQRLWnE4Y=; b=QZRQr+GvoUB7WjXU+ix+KiOnHu4GTqtx3F0nxmhEhl0L0dFXNUblBom63M+HGqv0GI RZLNvUkiukbD64LLgj3Q0ZUVO9uXrke+5AcEZPs64jhufMro6SOPo9HHlUQn51uuz2i5 sjdjyhLd5t6GFe3QfQcAqdxTvqfdgEmGsCx1s= X-Google-DKIM-Signature: v=1; a=rsa-sha256; c=relaxed/relaxed; d=1e100.net; s=20230601; t=1760674779; x=1761279579; h=cc:to:from:subject:message-id:date:x-gm-message-state:from:to:cc :subject:date:message-id:reply-to; bh=0usmWqvk+5C7LKV4aEGPFIV5X6PrUWvVcTbQRLWnE4Y=; b=wm5I0pO0cxSZ+pDR50BxXCyVicbgILTTe4siQkx8TAZCNkl7QcIM15u3RkQqzVuZSu NLb2u683U3wqrO68teYLZKzUtXr5swPgn7ZMJNDKFvSB97T0wJbLpnhAPdR/BqmYpSa6 NdJI/GNAPt0fzSVC00nVX4hohqO8RrvI8tJXlXIcjjIVwS6EQeVL1X5teoNdK35AUbrB x4poeKoiJFNUVsXtg87ZJYevYKXjV6xeuCLEXAzaW9NH9m/13aUgdW4DU/JsCyJEO8N4 H7TuFNVf9+NaGp8q4HwcjM9iC79Ydk7stQzjSR3em7RnzhXDZ0x9XhKqoRr5KG4GtTVU R9DQ== X-Gm-Message-State: AOJu0YwLV2hj/geQf0JL0nIyjAxjykLpKs+/PoJbDGDRZcB6cZJhV42G HA/5FIkLx64Y4C0gXpfFDBRh9E/4pPZ/qHxXU3LDCj3vS/mVfGDcrY8ccLResmm8voYkXLpr9ji eY3p6EVuPcvtwGzoRheWNqTYye+jbY9nizMX3jsneNamtbZXoPxUh X-Gm-Gg: ASbGncveey8BMYSEbCxONAW7LfQJKZe2RToH9QfzukP1iBAUpEdYAT09Wxo2BgALfov JZmqA6GunXa7wVhFuEUbs++IyVqihjfFbjG+wPjOiNLAKEsPj43rx+ldg5oZqkNkXiDW5x46KNM M5UlrY44wh/5vwfgDkIytF+JyPih3N9PuB3EqD/9nEC+qpnJnfBUIoXsgbd2+0lF6yYmB0nm2a0 rNAWUiGtuhhbLg7xp3yYKda1PCUhRAmqmZNvUZwJnaQEJlJ33Dpt5ICtaWcsLu4zZv27Zsx3yIJ TD+vAZbfQYmu/hROLWwUftOFWuh+jHAGp3P6pgRAuZu68byKuv5fwWhqXPFj5F132oGvXb8TP2Z jL2BKNlG3 X-Google-Smtp-Source: AGHT+IHwqZGtqE/+ZbL3Q5ise18TO9ECcJO3XrnthYIzE5SEHaFMEE2/JijN1ES/vvaYzHMOM16/WPOPqFkz X-Received: by 2002:ac8:4254:0:b0:4e8:9e4e:5e3c with SMTP id d75a77b69052e-4e89e4e62bemr27823621cf.83.1760674778924; Thu, 16 Oct 2025 21:19:38 -0700 (PDT) Received: from postal.iol.unh.edu (postal.iol.unh.edu. [2606:4100:3880:1234::84]) by smtp-relay.gmail.com with ESMTPS id 6a1803df08f44-87c0129fa4dsm7094306d6.31.2025.10.16.21.19.38 (version=TLS1_2 cipher=ECDHE-ECDSA-AES128-GCM-SHA256 bits=128/128); Thu, 16 Oct 2025 21:19:38 -0700 (PDT) X-Relaying-Domain: iol.unh.edu Date: Thu, 16 Oct 2025 21:19:38 -0700 (PDT) Message-ID: <68f1c3da.050a0220.1e84f8.33acSMTPIN_ADDED_MISSING@mx.google.com> Received: from [172.21.0.2] (unknown [172.18.0.240]) by postal.iol.unh.edu (Postfix) with ESMTP id 93F8C6051830; Fri, 17 Oct 2025 00:19:38 -0400 (EDT) Subject: |FAILURE| [GIT MASTER] 62f583c49bf67dd4d6733ece14e55fe6839e66d1 From: dpdklab@iol.unh.edu To: Test Report Cc: dpdk-test-reports@iol.unh.edu, Xueming Li , Christian Ehrhardt , Kevin Traynor , Luca Boccassi Content-Type: text/plain X-BeenThere: test-report@dpdk.org X-Mailman-Version: 2.1.29 Precedence: list List-Id: automatic DPDK test reports List-Unsubscribe: , List-Archive: List-Post: List-Help: List-Subscribe: , Errors-To: test-report-bounces@dpdk.org _Testing issues_ Branch: tags/v23.11 62f583c49bf67dd4d6733ece14e55fe6839e66d1 --> testing issues Upstream job id: Windows-Compile-DPDK-Native#31693 Test environment and result as below: +---------------------+--------------------+-------------------+-------------------------+ | Environment | dpdk_meson_compile | dpdk_msvc_compile | dpdk_llvm_clang_compile | +=====================+====================+===================+=========================+ | Ubuntu 20.04 | PASS | SKIPPED | SKIPPED | +---------------------+--------------------+-------------------+-------------------------+ | FreeBSD 14.2 | PEND | SKIPPED | SKIPPED | +---------------------+--------------------+-------------------+-------------------------+ | Windows Server 2022 | SKIPPED | PASS | FAIL | +---------------------+--------------------+-------------------+-------------------------+ ==== 20 line log output for Windows Server 2022 (dpdk_llvm_clang_compile): ==== Compiler for C supports arguments -mavx512f: YES (cached) Compiler for C supports arguments -mavx512bw: YES (cached) Compiler for C supports arguments -mavx512dq: YES (cached) Compiler for C supports arguments -march=skylake-avx512: YES Message: drivers/common/idpf: Defining dependency "common_idpf" Message: drivers/bus/auxiliary: Defining dependency "bus_auxiliary" Compiler for C supports arguments -Wno-cast-qual: YES (cached) Compiler for C supports arguments -Wno-pointer-arith: YES (cached) Message: drivers/bus/pci: Defining dependency "bus_pci" Message: drivers/bus/vdev: Defining dependency "bus_vdev" Compiler for C supports arguments -std=c11: YES Compiler for C supports arguments -Wno-strict-prototypes: YES Compiler for C supports arguments -D_BSD_SOURCE: YES Compiler for C supports arguments -D_DEFAULT_SOURCE: YES Compiler for C supports arguments -D_XOPEN_SOURCE=600: YES Has header "mlx5devx.h" : YES drivers\common\mlx5\windows\meson.build:10:13: ERROR: C shared or static library 'mlx5devx' not found A full log can be found at C:\Users\builder\jenkins\workspace\Windows-Compile-DPDK-Native\dpdk\build\meson-logs\meson-log.txt ==== End log output ==== Ubuntu 20.04 Kernel: 4.19 Compiler: gcc gcc (Ubuntu 9.4.0-1ubuntu1~20.04.2) 9.4.0 FreeBSD 14.2 Kernel: 14.2-RELEASE Compiler: clang 18.1.6 Windows Server 2022 Kernel: 10.0.20348.2031 Compiler: clang 15.0.7, gcc 14.1.0 (MinGW), and MSVC VS 19.39.33521 To view detailed results, visit: https://lab.dpdk.org/results/dashboard/tarballs/35244/ UNH-IOL DPDK Community Lab To manage your email subscriptions, visit: https://lab.dpdk.org/results/dashboard/preferences/subscriptions/