From mboxrd@z Thu Jan 1 00:00:00 1970 Return-Path: Received: from mails.dpdk.org (mails.dpdk.org [217.70.189.124]) by inbox.dpdk.org (Postfix) with ESMTP id 7ADD94895A for ; Fri, 17 Oct 2025 06:27:41 +0200 (CEST) Received: from mails.dpdk.org (localhost [127.0.0.1]) by mails.dpdk.org (Postfix) with ESMTP id 73C1840269; Fri, 17 Oct 2025 06:27:41 +0200 (CEST) Received: from mail-vk1-f227.google.com (mail-vk1-f227.google.com [209.85.221.227]) by mails.dpdk.org (Postfix) with ESMTP id 1BFA740269 for ; Fri, 17 Oct 2025 06:27:40 +0200 (CEST) Received: by mail-vk1-f227.google.com with SMTP id 71dfb90a1353d-5563c36f6d4so1070746e0c.1 for ; Thu, 16 Oct 2025 21:27:40 -0700 (PDT) DKIM-Signature: v=1; a=rsa-sha256; c=relaxed/relaxed; d=iol.unh.edu; s=unh-iol; t=1760675259; x=1761280059; darn=dpdk.org; h=cc:to:from:subject:message-id:date:from:to:cc:subject:date :message-id:reply-to; bh=bYHwmbSnih9TOoahjs0uNxzUkqLcvTbM8Ry4uYD8Wwk=; b=JlAE6pze4MQDIWbKmpUxfTPD/GZKsXu1BoZpmEeNr/AlTNY6ubQJJfa97lNF5GUc0f Bl9ZrN2qz1O0Uy0VC+Kcjq6rryrp0gbsRpdRFCRT1CWwPRRXVq0Vh+ZO/8L919Rl1GSz jRdEAZFOdik9zOLBy6UNfuqsvIEeNMcFMRevk= X-Google-DKIM-Signature: v=1; a=rsa-sha256; c=relaxed/relaxed; d=1e100.net; s=20230601; t=1760675259; x=1761280059; h=cc:to:from:subject:message-id:date:x-gm-message-state:from:to:cc :subject:date:message-id:reply-to; bh=bYHwmbSnih9TOoahjs0uNxzUkqLcvTbM8Ry4uYD8Wwk=; b=LR/07H340KDQWJOwMtA6C4ByY1E137WHGf28usDLvoiNi+IAA++HSY42HW4LevjPIF PcsM6tPCyQUQaz6Cz0PcGpciiJgYoPPqPaKKDTBvphktBf3seTop1kdSLjXeN52qNC77 PmdPZ6wG/3QT+BQT7lqEhJ+TMXVIEgKwtAvzglFRWjLrxxbIKlmHei71Sqvi0Sukh6WM ruPDqiS4HcALHNU5jDxoXzWRQ53pWcR7A4F/nXe1t772P0A1bJvDB0Ub8O7YeBvx919j 2DbUM4S+FL2yx157BpcJOe0O95snRt3879HM3c6J/UDSH7KDUCyE6056oPYBSRKxpdp1 M7ug== X-Gm-Message-State: AOJu0Yy0Z5hO3PZw1Fr6ofSRMgQInB+kGcRCGUerAtJG0xvJga0pUjEU fzj5w6ULNMukq6aT+FpshSZVCxftMSYieJ/yOx8A6gj2juekMDHMeOqAa0ev+pXN2bqS+k7nilh 7hrP0WMc42LdAhBLvavsPhOr6GRbMGjWCbqCNqX6PeheHTkXNZues X-Gm-Gg: ASbGncvkoeS1EZEpZEhJ37QpfgKnf/pDRcP9HZMFuY5TnxhdUvy7GKF1MizjPM+nJpA n0xDMjc3gduFlehOmh/CTw6yL/a5w7Kv2fn2dnh2b3+ZooZTDgSJcC1a/5N2vfdyDLp/jPZmk/k HrzLi84IuEpBXz4CgIPBIit1/6k6EWUR2zSG3vfmO6/jxCe1TGmqxD1Qnne8p71T1ILT6AMpRML CJUN4wAnPnNJUY5H7dQUaBvY948Jw0Y1Igz2FaV56zSzas7N2rLX/ioJoaScn5/KG7U56YIa7dA iXL8RJa3aVPfM0cZMHMdSvf9dU6gwd+POHPbU0VRVxnlBb9dxaHG0QBiWFCaXxnDDI0CUarRRV3 LIfHo4iMK X-Google-Smtp-Source: AGHT+IFgnZX5W9NrzeyE2CDBReWrq5ww43803aKdPEDerRArX9jWvlRLJQbmgHW06ZbUlMfHLhYV5q1jpDbR X-Received: by 2002:a05:6122:6ab:b0:554:e069:d7b with SMTP id 71dfb90a1353d-5563feb71d6mr1955767e0c.0.1760675259398; Thu, 16 Oct 2025 21:27:39 -0700 (PDT) Received: from postal.iol.unh.edu (postal.iol.unh.edu. [2606:4100:3880:1234::84]) by smtp-relay.gmail.com with ESMTPS id 71dfb90a1353d-554d7fc3e3fsm2224915e0c.4.2025.10.16.21.27.39 (version=TLS1_2 cipher=ECDHE-ECDSA-AES128-GCM-SHA256 bits=128/128); Thu, 16 Oct 2025 21:27:39 -0700 (PDT) X-Relaying-Domain: iol.unh.edu Date: Thu, 16 Oct 2025 21:27:39 -0700 (PDT) Message-ID: <68f1c5bb.050a0220.22332.dd78SMTPIN_ADDED_MISSING@mx.google.com> Received: from [172.21.0.2] (unknown [172.18.0.240]) by postal.iol.unh.edu (Postfix) with ESMTP id D60D56051830; Fri, 17 Oct 2025 00:27:38 -0400 (EDT) Subject: |FAILURE| [GIT MASTER] 62f583c49bf67dd4d6733ece14e55fe6839e66d1 From: dpdklab@iol.unh.edu To: Test Report Cc: dpdk-test-reports@iol.unh.edu, Xueming Li , Christian Ehrhardt , Kevin Traynor , Luca Boccassi Content-Type: text/plain X-BeenThere: test-report@dpdk.org X-Mailman-Version: 2.1.29 Precedence: list List-Id: automatic DPDK test reports List-Unsubscribe: , List-Archive: List-Post: List-Help: List-Subscribe: , Errors-To: test-report-bounces@dpdk.org _Testing issues_ Branch: tags/v23.11 62f583c49bf67dd4d6733ece14e55fe6839e66d1 --> testing issues Upstream job id: Generic-VM-DPDK-Compile-Meson#39059 Test environment and result as below: +---------------------+--------------------+-------------------+-------------------------+----------------------+ | Environment | dpdk_meson_compile | dpdk_msvc_compile | dpdk_llvm_clang_compile | dpdk_mingw64_compile | +=====================+====================+===================+=========================+======================+ | Ubuntu 20.04 | PASS | SKIPPED | SKIPPED | SKIPPED | +---------------------+--------------------+-------------------+-------------------------+----------------------+ | FreeBSD 14.2 | PASS | SKIPPED | SKIPPED | SKIPPED | +---------------------+--------------------+-------------------+-------------------------+----------------------+ | Windows Server 2022 | SKIPPED | PASS | FAIL | PASS | +---------------------+--------------------+-------------------+-------------------------+----------------------+ ==== 20 line log output for Windows Server 2022 (dpdk_llvm_clang_compile): ==== Compiler for C supports arguments -mavx512f: YES (cached) Compiler for C supports arguments -mavx512bw: YES (cached) Compiler for C supports arguments -mavx512dq: YES (cached) Compiler for C supports arguments -march=skylake-avx512: YES Message: drivers/common/idpf: Defining dependency "common_idpf" Message: drivers/bus/auxiliary: Defining dependency "bus_auxiliary" Compiler for C supports arguments -Wno-cast-qual: YES (cached) Compiler for C supports arguments -Wno-pointer-arith: YES (cached) Message: drivers/bus/pci: Defining dependency "bus_pci" Message: drivers/bus/vdev: Defining dependency "bus_vdev" Compiler for C supports arguments -std=c11: YES Compiler for C supports arguments -Wno-strict-prototypes: YES Compiler for C supports arguments -D_BSD_SOURCE: YES Compiler for C supports arguments -D_DEFAULT_SOURCE: YES Compiler for C supports arguments -D_XOPEN_SOURCE=600: YES Has header "mlx5devx.h" : YES drivers\common\mlx5\windows\meson.build:10:13: ERROR: C shared or static library 'mlx5devx' not found A full log can be found at C:\Users\builder\jenkins\workspace\Windows-Compile-DPDK-Native\dpdk\build\meson-logs\meson-log.txt ==== End log output ==== Ubuntu 20.04 Kernel: 4.19 Compiler: gcc gcc (Ubuntu 9.4.0-1ubuntu1~20.04.2) 9.4.0 FreeBSD 14.2 Kernel: 14.2-RELEASE Compiler: clang 18.1.6 Windows Server 2022 Kernel: 10.0.20348.2031 Compiler: clang 15.0.7, gcc 14.1.0 (MinGW), and MSVC VS 19.39.33521 To view detailed results, visit: https://lab.dpdk.org/results/dashboard/tarballs/35244/ UNH-IOL DPDK Community Lab To manage your email subscriptions, visit: https://lab.dpdk.org/results/dashboard/preferences/subscriptions/