From mboxrd@z Thu Jan 1 00:00:00 1970 Return-Path: Received: from mails.dpdk.org (mails.dpdk.org [217.70.189.124]) by inbox.dpdk.org (Postfix) with ESMTP id 3B9E14895A for ; Fri, 17 Oct 2025 07:45:09 +0200 (CEST) Received: from mails.dpdk.org (localhost [127.0.0.1]) by mails.dpdk.org (Postfix) with ESMTP id 33DB140A89; Fri, 17 Oct 2025 07:45:09 +0200 (CEST) Received: from mail-pg1-f227.google.com (mail-pg1-f227.google.com [209.85.215.227]) by mails.dpdk.org (Postfix) with ESMTP id 2C8C540A89 for ; Fri, 17 Oct 2025 07:45:08 +0200 (CEST) Received: by mail-pg1-f227.google.com with SMTP id 41be03b00d2f7-b6a0a7f3a47so1411673a12.1 for ; Thu, 16 Oct 2025 22:45:08 -0700 (PDT) DKIM-Signature: v=1; a=rsa-sha256; c=relaxed/relaxed; d=iol.unh.edu; s=unh-iol; t=1760679907; x=1761284707; darn=dpdk.org; h=cc:to:from:subject:message-id:date:from:to:cc:subject:date :message-id:reply-to; bh=yREfx1DODaWCrved48onrayROutU5RFDLVlv8v96YnQ=; b=GOR8FXVtsc2kuzZGexa0VHDgcj48fqbXayTTeaBdbFJE6ybUjVdtW4al1R6ufKOf5/ OpLHkPemi6Ah+EQtcM52G3LEE+/IV7apsXesSF/4F6q23cWrWSSwFDL+n9ynkZXFH1WO 2agf6MnEIKS5lJWXkW557V0+x4D2f5kST+uLI= X-Google-DKIM-Signature: v=1; a=rsa-sha256; c=relaxed/relaxed; d=1e100.net; s=20230601; t=1760679907; x=1761284707; h=cc:to:from:subject:message-id:date:x-gm-message-state:from:to:cc :subject:date:message-id:reply-to; bh=yREfx1DODaWCrved48onrayROutU5RFDLVlv8v96YnQ=; b=xKQ7KsMvfZM/mwgD8mQ7eUTiPNiTgFcI71RkWWWtoEes0AJJjILNG4tMtDA2iaOFEq imxaS5cQEh1tWHdxZClGH38lSxwm+noF2217lgUXyRZY/jgR8sWMg+Re2B3SajihCtne ZUy+5J5sOvHeOARi/p4GzvasizfA9dL7iCCwGfBUngggwg0A3FAaOonYLoSDlRwmVvYb k+lvxoAiyIa4PIX+xc6g9IsIsLDX+/hC7W9f9DQDSABx50EbFyX5oYVXt2CA2Ae/At5R W9FzEYiI8JasTgNM+ofPVgw3pRjVSXd5MvIOUXPeJs59Dz1rGjChl72AybqJkZ6IATVe +Zsw== X-Gm-Message-State: AOJu0YybkcKHA+83Xq3tNvTCAW9kGnCNftRqDQka4zO6uISXO/j7hyys hIiv9lInSnBgHY8cHic9PjkzvgxgWlvmA2x4V0p6DFD4l2/QuPooshoo3pxEQgo+CihnVjCMLL1 EAjSrqqyJjF06xJt8vy0kwd+BZy3tvz3ibczP1yVaeb7DLOhZjp8Q X-Gm-Gg: ASbGncsBC6Iu3KbyH259kdoI1Uuo4b6lPUrBW+TvtzjNsLGbskGhF43Jl/VZ9kQ0A+1 gkKY09J3lfhZxnx1Fnjf0Piqg5Q6v1VJ3167p0fCcu4yuR945vlBNIYGoIkxGDT/+YfJmtDJqU3 rUfaUgTPqf4JtVsdTSd6y3h22Cstrd4+rQllsPxbgyaw2On2/WH5rsvUb9aTymfeRBGJU15Qax8 Ok6BQrZQt5PBsIllDiASQ4hKDEr87neDhNpz1qxtQleXMjrTwdsgfUknZouIkl8lN3jm/TYaLh9 +d2wr+bqsNQhVur/eTxvlfoLC5Dt/mFFSvAn6vUCPLwBDEqfoO8ujCTRiA49Sk0zTaa+Clin9kM HVjyzm3SR X-Google-Smtp-Source: AGHT+IHCqt08WJhZpUA4GdgMjiIVCjeY7UG0BktESq2kHppErgqald4cq4s0eoYBzK1Om1+gFYcpIgxCZi5J X-Received: by 2002:a17:902:ce87:b0:26c:2e56:ec27 with SMTP id d9443c01a7336-290c9cbc92amr35669205ad.19.1760679907244; Thu, 16 Oct 2025 22:45:07 -0700 (PDT) Received: from postal.iol.unh.edu (postal.iol.unh.edu. [2606:4100:3880:1234::84]) by smtp-relay.gmail.com with ESMTPS id d9443c01a7336-29099ab1cb6sm5433985ad.69.2025.10.16.22.45.07 (version=TLS1_2 cipher=ECDHE-ECDSA-AES128-GCM-SHA256 bits=128/128); Thu, 16 Oct 2025 22:45:07 -0700 (PDT) X-Relaying-Domain: iol.unh.edu Date: Thu, 16 Oct 2025 22:45:07 -0700 (PDT) Message-ID: <68f1d7e3.170a0220.10768a.b0bbSMTPIN_ADDED_MISSING@mx.google.com> Received: from [172.21.0.2] (unknown [172.18.0.240]) by postal.iol.unh.edu (Postfix) with ESMTP id 871BD6051830; Fri, 17 Oct 2025 01:45:06 -0400 (EDT) Subject: |FAILURE| [GIT MASTER] 62f583c49bf67dd4d6733ece14e55fe6839e66d1 From: dpdklab@iol.unh.edu To: Test Report Cc: dpdk-test-reports@iol.unh.edu, Xueming Li , Christian Ehrhardt , Kevin Traynor , Luca Boccassi Content-Type: text/plain X-BeenThere: test-report@dpdk.org X-Mailman-Version: 2.1.29 Precedence: list List-Id: automatic DPDK test reports List-Unsubscribe: , List-Archive: List-Post: List-Help: List-Subscribe: , Errors-To: test-report-bounces@dpdk.org _Testing issues_ Branch: tags/v23.11 62f583c49bf67dd4d6733ece14e55fe6839e66d1 --> testing issues Upstream job id: Generic-Unit-Test-DPDK#382461 Test environment and result as below: +-------------------------------+----------------+ | Environment | dpdk_unit_test | +===============================+================+ | Fedora Linux 42 | PASS | +-------------------------------+----------------+ | Debian GNU/Linux 12 | PASS | +-------------------------------+----------------+ | Fedora Linux 40 | PASS | +-------------------------------+----------------+ | Fedora Linux 41 | PASS | +-------------------------------+----------------+ | CentOS Stream 9 | PASS | +-------------------------------+----------------+ | CentOS Stream 10 | PASS | +-------------------------------+----------------+ | Ubuntu 22.04 | PASS | +-------------------------------+----------------+ | Ubuntu 24.04 | PASS | +-------------------------------+----------------+ | Ubuntu 20.04 | PASS | +-------------------------------+----------------+ | Red Hat Enterprise Linux 8.10 | PASS | +-------------------------------+----------------+ | Red Hat Enterprise Linux 9.5 | PASS | +-------------------------------+----------------+ | Windows Server 2022 | FAIL | +-------------------------------+----------------+ ==== Unit test summary for Windows Server 2022 (dpdk_unit_test): ==== Failed to get the unit test results. Displaying the unit test results is not supported for some environments, such as our aarch32 testing, where meson is not used to run the tests. Download the logs available on our CI site. ==== End log output ==== Fedora Linux 42 Kernel: 5.15 Compiler: gcc gcc (GCC) 15.2.1 20250808 (Red Hat 15.2.1-1) Debian GNU/Linux 12 Kernel: 5.15 Compiler: gcc gcc (Debian 12.2.0-14+deb12u1) 12.2.0 Fedora Linux 40 Kernel: 5.15 Compiler: gcc gcc (GCC) 14.2.1 20240912 (Red Hat 14.2.1-3) Fedora Linux 41 Kernel: 5.15 Compiler: clang gcc (GCC) 14.3.1 20250523 (Red Hat 14.3.1-1) CentOS Stream 9 Kernel: 5.15 Compiler: gcc gcc (GCC) 11.5.0 20240719 (Red Hat 11.5.0-11) CentOS Stream 10 Kernel: 5.15 Compiler: gcc gcc (GCC) 14.2.1 20250110 (Red Hat 14.2.1-8) Ubuntu 22.04 Kernel: 5.15 Compiler: gcc gcc (Ubuntu 11.4.0-1ubuntu1~22.04) 11.4.0 Ubuntu 24.04 Kernel: 5.15 Compiler: gcc gcc (Ubuntu 13.3.0-6ubuntu2~24.04) 13.3.0 Ubuntu 20.04 Kernel: 5.15 Compiler: gcc gcc (Ubuntu 9.4.0-1ubuntu1~20.04.2) 9.4.0 Red Hat Enterprise Linux 8.10 Kernel: 5.15 Compiler: gcc gcc (GCC) 8.5.0 20210514 (Red Hat 8.5.0-22) Red Hat Enterprise Linux 9.5 Kernel: 5.15 Compiler: gcc gcc (GCC) 11.5.0 20240719 (Red Hat 11.5.0-2) Windows Server 2022 Kernel: 10.0.20348.2031 Compiler: clang 15.0.7, gcc 14.1.0 (MinGW), and MSVC VS 19.39.33521 To view detailed results, visit: https://lab.dpdk.org/results/dashboard/tarballs/35244/ UNH-IOL DPDK Community Lab To manage your email subscriptions, visit: https://lab.dpdk.org/results/dashboard/preferences/subscriptions/