From mboxrd@z Thu Jan 1 00:00:00 1970 Return-Path: Received: from mails.dpdk.org (mails.dpdk.org [217.70.189.124]) by inbox.dpdk.org (Postfix) with ESMTP id E8ECA48960 for ; Fri, 17 Oct 2025 12:03:32 +0200 (CEST) Received: from mails.dpdk.org (localhost [127.0.0.1]) by mails.dpdk.org (Postfix) with ESMTP id C5E6740269; Fri, 17 Oct 2025 12:03:32 +0200 (CEST) Received: from mail-qv1-f100.google.com (mail-qv1-f100.google.com [209.85.219.100]) by mails.dpdk.org (Postfix) with ESMTP id 7E09E40269 for ; Fri, 17 Oct 2025 12:03:31 +0200 (CEST) Received: by mail-qv1-f100.google.com with SMTP id 6a1803df08f44-78e4056623fso23198766d6.2 for ; Fri, 17 Oct 2025 03:03:31 -0700 (PDT) DKIM-Signature: v=1; a=rsa-sha256; c=relaxed/relaxed; d=iol.unh.edu; s=unh-iol; t=1760695411; x=1761300211; darn=dpdk.org; h=cc:to:from:subject:message-id:date:from:to:cc:subject:date :message-id:reply-to; bh=Rwkvfm0Y4B1El5pN8jgd/9fGnRadO0Fb3SAcdJsuR38=; b=MnPkY74VLrfseLM6I+U6XzIDkK24hUAyQpenagwov9nXrHSEdQ95O0OS6+n58efXYe aUejH63bvWlbPrcpll774PBSbRyGQvvPpB9Dk+pcot/iSVsZ1NX1riKVueqoxGeoEjhG nYgl+KvPCVUOSTsEh2shqPgtPQ1+LdQoxlVTw= X-Google-DKIM-Signature: v=1; a=rsa-sha256; c=relaxed/relaxed; d=1e100.net; s=20230601; t=1760695411; x=1761300211; h=cc:to:from:subject:message-id:date:x-gm-message-state:from:to:cc :subject:date:message-id:reply-to; bh=Rwkvfm0Y4B1El5pN8jgd/9fGnRadO0Fb3SAcdJsuR38=; b=EBDvNE6wdPmL48sFueXzoBxzR9+Kz2lRyKbLgZIojkc2Tm2+zLn0peoSnqtFdrQcSR xxLcaAqNFim+WrOpD0q6+Sa4HKm7eWkFpXyFlFmlfsKzpvXefeHz7zSxnqtnDSVDLET8 HfwSF1TpTAVZ6hd3bAcMWhTdf3hAeuqoY5tFDYcz90j6NV+2P+/sS6cqN8QmYdeyI/Ps OqIAQssNE8eswdtobNyY6UaWqh3B4DKPLjuTt9tfLABbWKpphnXXXthicZjgn+QhJID0 q2UBoOOPwavs+konhdckVn5zAwvRUraYue+Lx1YHfU0IB033Ku+x2iK03qYSiSnuTPKy cM1Q== X-Gm-Message-State: AOJu0YyQH3dx/xlvDeTy76HEtx22ORE28B12HzGxSnDjuD5+mP1CM9Oj +Hp/4YvDhjecMPskXXBOTb3TbVfChEZHP7o6onearsKtliFBurZ/kuuVLYVuM9cAFCIaHuc9A4R 9/BIPNMlU6Rx5ITGKgvI6MzriSYniCPA9qVECk8Ii6PTvg0VniJ0q X-Gm-Gg: ASbGnctaBn9KXEZNaLAy/duoYwiKyl5ixrwUYRnzaRPLJqC9uK+oYhkksBHe4Iz9FKp DjCMB02Ntyjs2INy8R+dU0jy7wgJlOCjjU2tli3ipDXEECR456HichSBJV0uTfTrM5/TkqNn0b5 i3XFgboTFMiWY6J9MnIQ5WkdpkAzMRetWaxojgO/gxvZgOK0/q0ch7JsJK0blUGSfOs/drzGYU0 edlxL86M1P/l9Tku8z/oMmdNB2bSjPpyJbkLJmOgE+ZZL4c/s2GVV4aMLxxJQw29yDHWIR6DNi1 1LLWl+/3GFhjY5djnl74+JLBNu9uxQv9Yh3GiCvu7BgbiKsJ4c1BwKAND+Ryi3+RTcbDTDI/P6K dpy6GehZe X-Google-Smtp-Source: AGHT+IGiRzI+CnphuT+nkuGlPo/7RA7ZKcICmtVd9fWVsBvwlAGizntOolt6oRHsxMpqzlN9Yc91cRxoULce X-Received: by 2002:a05:6214:406:b0:87c:1dbf:2c21 with SMTP id 6a1803df08f44-87c206314cfmr28402916d6.51.1760695410813; Fri, 17 Oct 2025 03:03:30 -0700 (PDT) Received: from postal.iol.unh.edu (postal.iol.unh.edu. [2606:4100:3880:1234::84]) by smtp-relay.gmail.com with ESMTPS id 6a1803df08f44-87c012228c1sm7519596d6.14.2025.10.17.03.03.30 (version=TLS1_2 cipher=ECDHE-ECDSA-AES128-GCM-SHA256 bits=128/128); Fri, 17 Oct 2025 03:03:30 -0700 (PDT) X-Relaying-Domain: iol.unh.edu Date: Fri, 17 Oct 2025 03:03:30 -0700 (PDT) Message-ID: <68f21472.050a0220.1d75b6.4de8SMTPIN_ADDED_MISSING@mx.google.com> Received: from [172.21.0.2] (unknown [172.18.0.240]) by postal.iol.unh.edu (Postfix) with ESMTP id 7FA5960003EA; Fri, 17 Oct 2025 06:03:30 -0400 (EDT) Subject: |FAILURE| [GIT MASTER] 62f583c49bf67dd4d6733ece14e55fe6839e66d1 From: dpdklab@iol.unh.edu To: Test Report Cc: dpdk-test-reports@iol.unh.edu, Xueming Li , Christian Ehrhardt , Kevin Traynor , Luca Boccassi Content-Type: text/plain X-BeenThere: test-report@dpdk.org X-Mailman-Version: 2.1.29 Precedence: list List-Id: automatic DPDK test reports List-Unsubscribe: , List-Archive: List-Post: List-Help: List-Subscribe: , Errors-To: test-report-bounces@dpdk.org _Testing issues_ Branch: tags/v23.11 62f583c49bf67dd4d6733ece14e55fe6839e66d1 --> testing issues Upstream job id: Generic-DPDK-Compile-Meson#435214 Test environment and result as below: +---------------------+--------------------+-------------------+-------------------------+----------------------+-------------------+ | Environment | dpdk_meson_compile | dpdk_msvc_compile | dpdk_llvm_clang_compile | dpdk_mingw64_compile | dpdk_compile_spdk | +=====================+====================+===================+=========================+======================+===================+ | Ubuntu 20.04 | PASS | SKIPPED | SKIPPED | SKIPPED | SKIPPED | +---------------------+--------------------+-------------------+-------------------------+----------------------+-------------------+ | FreeBSD 14.2 | PASS | SKIPPED | SKIPPED | SKIPPED | SKIPPED | +---------------------+--------------------+-------------------+-------------------------+----------------------+-------------------+ | CentOS Stream 9 | PASS | SKIPPED | SKIPPED | SKIPPED | PASS | +---------------------+--------------------+-------------------+-------------------------+----------------------+-------------------+ | CentOS Stream 10 | PASS | SKIPPED | SKIPPED | SKIPPED | SKIPPED | +---------------------+--------------------+-------------------+-------------------------+----------------------+-------------------+ | Windows Server 2022 | SKIPPED | PASS | FAIL | PASS | SKIPPED | +---------------------+--------------------+-------------------+-------------------------+----------------------+-------------------+ ==== 20 line log output for Windows Server 2022 (dpdk_llvm_clang_compile): ==== Compiler for C supports arguments -mavx512f: YES (cached) Compiler for C supports arguments -mavx512bw: YES (cached) Compiler for C supports arguments -mavx512dq: YES (cached) Compiler for C supports arguments -march=skylake-avx512: YES Message: drivers/common/idpf: Defining dependency "common_idpf" Message: drivers/bus/auxiliary: Defining dependency "bus_auxiliary" Compiler for C supports arguments -Wno-cast-qual: YES (cached) Compiler for C supports arguments -Wno-pointer-arith: YES (cached) Message: drivers/bus/pci: Defining dependency "bus_pci" Message: drivers/bus/vdev: Defining dependency "bus_vdev" Compiler for C supports arguments -std=c11: YES Compiler for C supports arguments -Wno-strict-prototypes: YES Compiler for C supports arguments -D_BSD_SOURCE: YES Compiler for C supports arguments -D_DEFAULT_SOURCE: YES Compiler for C supports arguments -D_XOPEN_SOURCE=600: YES Has header "mlx5devx.h" : YES drivers\common\mlx5\windows\meson.build:10:13: ERROR: C shared or static library 'mlx5devx' not found A full log can be found at C:\Users\builder\jenkins\workspace\Windows-Compile-DPDK-Native\dpdk\build\meson-logs\meson-log.txt ==== End log output ==== Ubuntu 20.04 Kernel: 4.19 Compiler: gcc gcc (Ubuntu 9.4.0-1ubuntu1~20.04.2) 9.4.0 FreeBSD 14.2 Kernel: 14.2-RELEASE Compiler: clang 18.1.6 CentOS Stream 9 Kernel: 5.15 Compiler: gcc gcc (GCC) 11.5.0 20240719 (Red Hat 11.5.0-11) CentOS Stream 10 Kernel: 5.15 Compiler: gcc gcc (GCC) 14.2.1 20250110 (Red Hat 14.2.1-8) Windows Server 2022 Kernel: 10.0.20348.2031 Compiler: clang 15.0.7, gcc 14.1.0 (MinGW), and MSVC VS 19.39.33521 To view detailed results, visit: https://lab.dpdk.org/results/dashboard/tarballs/35244/ UNH-IOL DPDK Community Lab To manage your email subscriptions, visit: https://lab.dpdk.org/results/dashboard/preferences/subscriptions/