From mboxrd@z Thu Jan 1 00:00:00 1970 Return-Path: Received: from mails.dpdk.org (mails.dpdk.org [217.70.189.124]) by inbox.dpdk.org (Postfix) with ESMTP id 070EF48960 for ; Fri, 17 Oct 2025 12:11:15 +0200 (CEST) Received: from mails.dpdk.org (localhost [127.0.0.1]) by mails.dpdk.org (Postfix) with ESMTP id 01D9440269; Fri, 17 Oct 2025 12:11:15 +0200 (CEST) Received: from mail-pj1-f100.google.com (mail-pj1-f100.google.com [209.85.216.100]) by mails.dpdk.org (Postfix) with ESMTP id 5664440269 for ; Fri, 17 Oct 2025 12:11:13 +0200 (CEST) Received: by mail-pj1-f100.google.com with SMTP id 98e67ed59e1d1-33be037cf73so428385a91.2 for ; Fri, 17 Oct 2025 03:11:13 -0700 (PDT) DKIM-Signature: v=1; a=rsa-sha256; c=relaxed/relaxed; d=iol.unh.edu; s=unh-iol; t=1760695872; x=1761300672; darn=dpdk.org; h=cc:to:from:subject:message-id:date:from:to:cc:subject:date :message-id:reply-to; bh=Q9TAe+fwsLTpt10l0/K/e/VOqwMddIMkePGqH9x7dfw=; b=bbsVRFErRQ/AD+/TOUs9i19iZ4dRHZq/Cfr8BeXu8MFjkCetz/N2CzwB/lOR5EpIx6 UYO3OJXv7nyjJUP/87FmEstYw+g+FalZ/RM0piihpmBss/ONVkvG2vkZWArsOE/NdqBZ JaA97wOWPjIzOVeTSlNEc26K0fY1jAopIydks= X-Google-DKIM-Signature: v=1; a=rsa-sha256; c=relaxed/relaxed; d=1e100.net; s=20230601; t=1760695872; x=1761300672; h=cc:to:from:subject:message-id:date:x-gm-message-state:from:to:cc :subject:date:message-id:reply-to; bh=Q9TAe+fwsLTpt10l0/K/e/VOqwMddIMkePGqH9x7dfw=; b=HCXPBLoqdhcoUVDapomwPNkEOXpGRXlIcnum1++o8bVaZO6E8z8tofWfdXMCROPt/6 kutjnOfUmc1p+DI0VDfa5qSX9eRUws6+8k12WE4ihwXpek6iOEFJM3P7eZZOo7Qd/J7a gfvDGQKksxazAJMcnVgAWDtCnFTiLsa0fAjLawcfol4s3i6hdaEkz+gEGQWuI9cWnoir O07nvqrVRim8mpmfiDyor/6K3PUzRlD4XoAJdssDg8YbzVpY/goNbU+wH/EG6M7SChDY a9JoQRVQQ6y8SvTztMakm89XHXlkQzl+quHlxsslkBsGWnH4uswNCJsJPZsPY+Qs5ftZ o8XA== X-Gm-Message-State: AOJu0Yx2PVTUbJBfyfDYYH06tyRs0K9CUQu9UEl23E+LOAusaaWmsAfq xEcrN56sTG3wbl+XVgtbGOubKDgGgt065uPIUAUPCfkCIApyIKC1UNhldDt3QzeoERv+YCjDMfQ nSDs5ERcO28BaY0IJPZY7oNBYXaVcU2URulikuDLQ6D5Pwl/c9n+x X-Gm-Gg: ASbGncvWtSGUa8Omo8CsVngdHj5dy4WOCiI9dIRGZiP//lYc9nUHLoYu5ok9vlwfcp2 T5iu4RrWjCs0Ud0i08uoOSB9DdRsnhvBpMnFXp6cVbhDlgHOMlBs8aQtsdWfBDQ9H3XrnHDZuGD Ab8BR7xyga+ENH4ylDBqdOYatWaeJCxoCXsGkCCbcM8wFSnUGaPrSbfL+tTDTcs7rEfpOODvzQQ C3sJK/vrt3G8O3o/jOa19K6cg5XHc8/69sKl7oYWzJOTp7kBajNdZajm8H1oe55G+3i6IdP4xpI JXGVL2p0oE34oPqMlREG2yLebWV1LnVVXe8QHomBOrgIB9ZI2UckZfADNNemwyuWRIeA/8PiUlN kU10lVOO/ X-Google-Smtp-Source: AGHT+IFvyaxeX5jybfSZrIvYlJzxYrlx6IgNEX5lU1mna/10x8EiTLM5267hb7DEBBypnosx/7sE8OBzY2xf X-Received: by 2002:a17:90b:3d87:b0:32b:baaa:21b0 with SMTP id 98e67ed59e1d1-33bcf853679mr3911820a91.6.1760695872516; Fri, 17 Oct 2025 03:11:12 -0700 (PDT) Received: from postal.iol.unh.edu (postal.iol.unh.edu. [2606:4100:3880:1234::84]) by smtp-relay.gmail.com with ESMTPS id 98e67ed59e1d1-33bb651ea06sm415546a91.2.2025.10.17.03.11.12 (version=TLS1_2 cipher=ECDHE-ECDSA-AES128-GCM-SHA256 bits=128/128); Fri, 17 Oct 2025 03:11:12 -0700 (PDT) X-Relaying-Domain: iol.unh.edu Date: Fri, 17 Oct 2025 03:11:12 -0700 (PDT) Message-ID: <68f21640.170a0220.1668f3.3e36SMTPIN_ADDED_MISSING@mx.google.com> Received: from [172.21.0.4] (unknown [172.18.0.240]) by postal.iol.unh.edu (Postfix) with ESMTP id C248B6051830; Fri, 17 Oct 2025 06:11:11 -0400 (EDT) Subject: |FAILURE| [GIT MASTER] 62f583c49bf67dd4d6733ece14e55fe6839e66d1 From: dpdklab@iol.unh.edu To: Test Report Cc: dpdk-test-reports@iol.unh.edu, Xueming Li , Christian Ehrhardt , Kevin Traynor , Luca Boccassi Content-Type: text/plain X-BeenThere: test-report@dpdk.org X-Mailman-Version: 2.1.29 Precedence: list List-Id: automatic DPDK test reports List-Unsubscribe: , List-Archive: List-Post: List-Help: List-Subscribe: , Errors-To: test-report-bounces@dpdk.org _Testing issues_ Branch: tags/v23.11 62f583c49bf67dd4d6733ece14e55fe6839e66d1 --> testing issues Upstream job id: Generic-DPDK-Compile-Meson#435216 Test environment and result as below: +---------------------+--------------------+-------------------+-------------------------+----------------------+-------------------+ | Environment | dpdk_meson_compile | dpdk_msvc_compile | dpdk_llvm_clang_compile | dpdk_mingw64_compile | dpdk_compile_spdk | +=====================+====================+===================+=========================+======================+===================+ | Ubuntu 20.04 | PASS | SKIPPED | SKIPPED | SKIPPED | SKIPPED | +---------------------+--------------------+-------------------+-------------------------+----------------------+-------------------+ | FreeBSD 14.2 | PASS | SKIPPED | SKIPPED | SKIPPED | SKIPPED | +---------------------+--------------------+-------------------+-------------------------+----------------------+-------------------+ | CentOS Stream 9 | PASS | SKIPPED | SKIPPED | SKIPPED | PASS | +---------------------+--------------------+-------------------+-------------------------+----------------------+-------------------+ | CentOS Stream 10 | PASS | SKIPPED | SKIPPED | SKIPPED | SKIPPED | +---------------------+--------------------+-------------------+-------------------------+----------------------+-------------------+ | Debian GNU/Linux 12 | PASS | SKIPPED | SKIPPED | SKIPPED | PASS | +---------------------+--------------------+-------------------+-------------------------+----------------------+-------------------+ | Windows Server 2022 | SKIPPED | PASS | FAIL | PASS | SKIPPED | +---------------------+--------------------+-------------------+-------------------------+----------------------+-------------------+ ==== 20 line log output for Windows Server 2022 (dpdk_llvm_clang_compile): ==== Compiler for C supports arguments -mavx512f: YES (cached) Compiler for C supports arguments -mavx512bw: YES (cached) Compiler for C supports arguments -mavx512dq: YES (cached) Compiler for C supports arguments -march=skylake-avx512: YES Message: drivers/common/idpf: Defining dependency "common_idpf" Message: drivers/bus/auxiliary: Defining dependency "bus_auxiliary" Compiler for C supports arguments -Wno-cast-qual: YES (cached) Compiler for C supports arguments -Wno-pointer-arith: YES (cached) Message: drivers/bus/pci: Defining dependency "bus_pci" Message: drivers/bus/vdev: Defining dependency "bus_vdev" Compiler for C supports arguments -std=c11: YES Compiler for C supports arguments -Wno-strict-prototypes: YES Compiler for C supports arguments -D_BSD_SOURCE: YES Compiler for C supports arguments -D_DEFAULT_SOURCE: YES Compiler for C supports arguments -D_XOPEN_SOURCE=600: YES Has header "mlx5devx.h" : YES drivers\common\mlx5\windows\meson.build:10:13: ERROR: C shared or static library 'mlx5devx' not found A full log can be found at C:\Users\builder\jenkins\workspace\Windows-Compile-DPDK-Native\dpdk\build\meson-logs\meson-log.txt ==== End log output ==== Ubuntu 20.04 Kernel: 4.19 Compiler: gcc gcc (Ubuntu 9.4.0-1ubuntu1~20.04.2) 9.4.0 FreeBSD 14.2 Kernel: 14.2-RELEASE Compiler: clang 18.1.6 CentOS Stream 9 Kernel: 5.15 Compiler: gcc gcc (GCC) 11.5.0 20240719 (Red Hat 11.5.0-11) CentOS Stream 10 Kernel: 5.15 Compiler: gcc gcc (GCC) 14.2.1 20250110 (Red Hat 14.2.1-8) Debian GNU/Linux 12 Kernel: 5.15 Compiler: gcc gcc (Debian 12.2.0-14+deb12u1) 12.2.0 Windows Server 2022 Kernel: 10.0.20348.2031 Compiler: clang 15.0.7, gcc 14.1.0 (MinGW), and MSVC VS 19.39.33521 To view detailed results, visit: https://lab.dpdk.org/results/dashboard/tarballs/35244/ UNH-IOL DPDK Community Lab To manage your email subscriptions, visit: https://lab.dpdk.org/results/dashboard/preferences/subscriptions/