From mboxrd@z Thu Jan 1 00:00:00 1970 Return-Path: Received: from mails.dpdk.org (mails.dpdk.org [217.70.189.124]) by inbox.dpdk.org (Postfix) with ESMTP id CADB948960 for ; Fri, 17 Oct 2025 12:41:24 +0200 (CEST) Received: from mails.dpdk.org (localhost [127.0.0.1]) by mails.dpdk.org (Postfix) with ESMTP id A476040269; Fri, 17 Oct 2025 12:41:24 +0200 (CEST) Received: from mail-qv1-f98.google.com (mail-qv1-f98.google.com [209.85.219.98]) by mails.dpdk.org (Postfix) with ESMTP id 4271E40269 for ; Fri, 17 Oct 2025 12:41:23 +0200 (CEST) Received: by mail-qv1-f98.google.com with SMTP id 6a1803df08f44-78f30dac856so26953236d6.2 for ; Fri, 17 Oct 2025 03:41:23 -0700 (PDT) DKIM-Signature: v=1; a=rsa-sha256; c=relaxed/relaxed; d=iol.unh.edu; s=unh-iol; t=1760697682; x=1761302482; darn=dpdk.org; h=cc:to:from:subject:message-id:date:from:to:cc:subject:date :message-id:reply-to; bh=iOBYMVvwZumeku4gF9MUCQtr75TUgcgaFP8MUyStxeI=; b=hJ1PICkXGqryTfV0HxOElLJpXB0n7lbSBVnz4Xd2jGiZj9WfdbNBls3qhll7Zjoe9x e4quGdeUl1nh+KJoiUJzoGvAqWBYADTWZSbIJ4Dq1sj4vP0vBaNOx8yxFRAVp+4VbHX2 /UnTPXMlyacJOx5Ih4E8kirEEa7I46zUKWRGw= X-Google-DKIM-Signature: v=1; a=rsa-sha256; c=relaxed/relaxed; d=1e100.net; s=20230601; t=1760697682; x=1761302482; h=cc:to:from:subject:message-id:date:x-gm-message-state:from:to:cc :subject:date:message-id:reply-to; bh=iOBYMVvwZumeku4gF9MUCQtr75TUgcgaFP8MUyStxeI=; b=UmKkaJYTzKbymPTrrAfy3rAtmN96U9z0UOXJbAHvd9YBr9EvDJL2S9ahqntcGr3n3g mCINmiP7JCaKmFqjUxg3xbJgPbjF/t6mvx2h0iVc/s+ke0PFxh2eB9Ne23XTb0XF+zzJ V/3zEWH+8bS9K+CcthqjRYoSX/38Sw13NY2bRqU9K4CpdIArHdK6sp+Qs7dw2z5J5KsN 3FCVn89WG6KqYZBON/Xo+F2RPuR2jJcSbpYuovY/hferuHVQtAWOifkc8e/Zf4ywIOly 5FYTo2QOv1gb8XjSEfKSGnkoy1OmENyF/qIndJVAqRq4L+cNoV/Xk9UczQiL642ms8+i JLHQ== X-Gm-Message-State: AOJu0Yw9nvkhkXHwoDABNQ8mZBoOv1trR5MDMd7Ok7Yodv1C2+mY7dZe iTWtXTnXh4yojOOarWBVrUoVpOLgkgRJL32Q8XKYM6lyB6lSb1XMLUJMlbZYJrrBJWN9zDJ4h3I 8uuaTqe2Z9JD/w5yyjoJLpjZJ9t6LleZx2JDMCFFWsY6409c3eEoK X-Gm-Gg: ASbGncvxxgDgdNV2P/hHStZ/FJLmlEbOa6TR23B1c4TxZS/BhpGHoh6OaMQnllgEXYA 2ZI7ktgThd1x5mrSu4e5/FpMplIALM3/2IPzX0jlxsJV59ZyXiVF8zak+ASKFq9Vj08lZHRUKNT YkrODWl8DgYWyxJLDM4ilPruV0AmNIGH/LM/F9Hj+kem+MftAU6u84s7YAWpiV0+1qtIMWGhULX pdroehSoKGd4VGxa0Wl2eCrIacq79y+eNp+cH1SjHNgTKpekb3Z+8NTnpoQmrQYsyNRiXebzW+x wEUPvN7fRkepEyCTrirkCHZ/wDsSAjaTmEAeE6uJg2Tyn+zkat9Af2nBgiVaPpsgIjv7yp+UPpo n/e13gvLM X-Google-Smtp-Source: AGHT+IGIiMm/qk4aS1mX8HlZ23z0VnaYaXBXDhY3saYVnLh/AE21pBnSfUMkUN6ciqECrPgK0Ei99P/jDnck X-Received: by 2002:a05:6214:2425:b0:787:5934:689 with SMTP id 6a1803df08f44-87c203fb792mr45250336d6.0.1760697682546; Fri, 17 Oct 2025 03:41:22 -0700 (PDT) Received: from postal.iol.unh.edu (postal.iol.unh.edu. [2606:4100:3880:1234::84]) by smtp-relay.gmail.com with ESMTPS id 6a1803df08f44-87c0120fcd3sm7235856d6.1.2025.10.17.03.41.22 (version=TLS1_2 cipher=ECDHE-ECDSA-AES128-GCM-SHA256 bits=128/128); Fri, 17 Oct 2025 03:41:22 -0700 (PDT) X-Relaying-Domain: iol.unh.edu Date: Fri, 17 Oct 2025 03:41:22 -0700 (PDT) Message-ID: <68f21d52.050a0220.23364d.787cSMTPIN_ADDED_MISSING@mx.google.com> Received: from [172.21.0.2] (unknown [172.18.0.240]) by postal.iol.unh.edu (Postfix) with ESMTP id 3F8AC6051830; Fri, 17 Oct 2025 06:41:22 -0400 (EDT) Subject: |FAILURE| [GIT MASTER] 62f583c49bf67dd4d6733ece14e55fe6839e66d1 From: dpdklab@iol.unh.edu To: Test Report Cc: dpdk-test-reports@iol.unh.edu, Xueming Li , Christian Ehrhardt , Kevin Traynor , Luca Boccassi Content-Type: text/plain X-BeenThere: test-report@dpdk.org X-Mailman-Version: 2.1.29 Precedence: list List-Id: automatic DPDK test reports List-Unsubscribe: , List-Archive: List-Post: List-Help: List-Subscribe: , Errors-To: test-report-bounces@dpdk.org _Testing issues_ Branch: tags/v23.11 62f583c49bf67dd4d6733ece14e55fe6839e66d1 --> testing issues Upstream job id: Generic-DPDK-Compile-Meson#435217 Test environment and result as below: +---------------------+--------------------+-------------------+-------------------------+----------------------+-------------------+------------------+ | Environment | dpdk_meson_compile | dpdk_msvc_compile | dpdk_llvm_clang_compile | dpdk_mingw64_compile | dpdk_compile_spdk | dpdk_compile_ovs | +=====================+====================+===================+=========================+======================+===================+==================+ | Ubuntu 20.04 | PASS | SKIPPED | SKIPPED | SKIPPED | SKIPPED | SKIPPED | +---------------------+--------------------+-------------------+-------------------------+----------------------+-------------------+------------------+ | FreeBSD 14.2 | PASS | SKIPPED | SKIPPED | SKIPPED | SKIPPED | SKIPPED | +---------------------+--------------------+-------------------+-------------------------+----------------------+-------------------+------------------+ | CentOS Stream 9 | PASS | SKIPPED | SKIPPED | SKIPPED | PASS | SKIPPED | +---------------------+--------------------+-------------------+-------------------------+----------------------+-------------------+------------------+ | CentOS Stream 10 | PASS | SKIPPED | SKIPPED | SKIPPED | SKIPPED | SKIPPED | +---------------------+--------------------+-------------------+-------------------------+----------------------+-------------------+------------------+ | Debian GNU/Linux 12 | PASS | SKIPPED | SKIPPED | SKIPPED | PASS | SKIPPED | +---------------------+--------------------+-------------------+-------------------------+----------------------+-------------------+------------------+ | Fedora Linux 42 | FAIL | SKIPPED | SKIPPED | SKIPPED | WARN | WARN | +---------------------+--------------------+-------------------+-------------------------+----------------------+-------------------+------------------+ | Windows Server 2022 | SKIPPED | PASS | FAIL | PASS | SKIPPED | SKIPPED | +---------------------+--------------------+-------------------+-------------------------+----------------------+-------------------+------------------+ ==== 20 line log output for Windows Server 2022 (dpdk_llvm_clang_compile): ==== Compiler for C supports arguments -mavx512f: YES (cached) Compiler for C supports arguments -mavx512bw: YES (cached) Compiler for C supports arguments -mavx512dq: YES (cached) Compiler for C supports arguments -march=skylake-avx512: YES Message: drivers/common/idpf: Defining dependency "common_idpf" Message: drivers/bus/auxiliary: Defining dependency "bus_auxiliary" Compiler for C supports arguments -Wno-cast-qual: YES (cached) Compiler for C supports arguments -Wno-pointer-arith: YES (cached) Message: drivers/bus/pci: Defining dependency "bus_pci" Message: drivers/bus/vdev: Defining dependency "bus_vdev" Compiler for C supports arguments -std=c11: YES Compiler for C supports arguments -Wno-strict-prototypes: YES Compiler for C supports arguments -D_BSD_SOURCE: YES Compiler for C supports arguments -D_DEFAULT_SOURCE: YES Compiler for C supports arguments -D_XOPEN_SOURCE=600: YES Has header "mlx5devx.h" : YES drivers\common\mlx5\windows\meson.build:10:13: ERROR: C shared or static library 'mlx5devx' not found A full log can be found at C:\Users\builder\jenkins\workspace\Windows-Compile-DPDK-Native\dpdk\build\meson-logs\meson-log.txt ==== End log output ==== Ubuntu 20.04 Kernel: 4.19 Compiler: gcc gcc (Ubuntu 9.4.0-1ubuntu1~20.04.2) 9.4.0 FreeBSD 14.2 Kernel: 14.2-RELEASE Compiler: clang 18.1.6 CentOS Stream 9 Kernel: 5.15 Compiler: gcc gcc (GCC) 11.5.0 20240719 (Red Hat 11.5.0-11) CentOS Stream 10 Kernel: 5.15 Compiler: gcc gcc (GCC) 14.2.1 20250110 (Red Hat 14.2.1-8) Debian GNU/Linux 12 Kernel: 5.15 Compiler: gcc gcc (Debian 12.2.0-14+deb12u1) 12.2.0 Fedora Linux 42 Kernel: 5.15 Compiler: clang gcc (GCC) 15.2.1 20250808 (Red Hat 15.2.1-1) Windows Server 2022 Kernel: 10.0.20348.2031 Compiler: clang 15.0.7, gcc 14.1.0 (MinGW), and MSVC VS 19.39.33521 To view detailed results, visit: https://lab.dpdk.org/results/dashboard/tarballs/35244/ UNH-IOL DPDK Community Lab To manage your email subscriptions, visit: https://lab.dpdk.org/results/dashboard/preferences/subscriptions/