From mboxrd@z Thu Jan 1 00:00:00 1970 Return-Path: Received: from mails.dpdk.org (mails.dpdk.org [217.70.189.124]) by inbox.dpdk.org (Postfix) with ESMTP id 36A5848960 for ; Fri, 17 Oct 2025 12:44:38 +0200 (CEST) Received: from mails.dpdk.org (localhost [127.0.0.1]) by mails.dpdk.org (Postfix) with ESMTP id 326BB40269; Fri, 17 Oct 2025 12:44:38 +0200 (CEST) Received: from mail-il1-f228.google.com (mail-il1-f228.google.com [209.85.166.228]) by mails.dpdk.org (Postfix) with ESMTP id BA9AD40269 for ; Fri, 17 Oct 2025 12:44:37 +0200 (CEST) Received: by mail-il1-f228.google.com with SMTP id e9e14a558f8ab-430b45ba0e4so7988285ab.1 for ; Fri, 17 Oct 2025 03:44:37 -0700 (PDT) DKIM-Signature: v=1; a=rsa-sha256; c=relaxed/relaxed; d=iol.unh.edu; s=unh-iol; t=1760697877; x=1761302677; darn=dpdk.org; h=cc:to:from:subject:message-id:date:from:to:cc:subject:date :message-id:reply-to; bh=BY94S6HbPn8nh/C1Wzgpy7+ktuMyFXJe2GazLHtmLrA=; b=Cg/OlBtOz1gUaT+j5luTAfEHdfMcXbsioHwRuoMlmhNS70zRBSCzKLhhT8aaLs3s7U NQKDfWs8ygF2d+zW+p94gGRr1qNRwZi+ugIbCyjQs2hFAM84mhBANfb/6MAzqDOFOFx1 qyZZw1rBvfyzF4qYOBNc15uEEssmMBYdM4dkY= X-Google-DKIM-Signature: v=1; a=rsa-sha256; c=relaxed/relaxed; d=1e100.net; s=20230601; t=1760697877; x=1761302677; h=cc:to:from:subject:message-id:date:x-gm-message-state:from:to:cc :subject:date:message-id:reply-to; bh=BY94S6HbPn8nh/C1Wzgpy7+ktuMyFXJe2GazLHtmLrA=; b=Z5hqiKeuFsfjavpJDptC9Y4W+p1X7UsMBqQkxV9wJg1iRachhmYKcwWQiUF/ml7/Pe aQJuqhd1mbwmsPmab+BkpQiyuag43oHb0VZ1Q/rtxFHS8J27sRwfCBdq1X0NoPx8HfZW RhYbk9RhodsI3PDDtwDmQxUjSxZlG+5eyK2/poEp1Tzfjb+7baaGNqiNBCN1/f3d8r14 OUOED3CuPMKRcl5Ro4YY8L8eJ1iwcsi4SYe7BLf4CCGolxM2ikfL1vuXHkYPR/5GfazH RsjTdIaoReFKsea4JEyN55C/PlkG8a2DLmChhJOfiE/vGib+WS0fodlf4Djc+ItIxHGZ llsA== X-Gm-Message-State: AOJu0YyCOdOmTKVITq4iElScRGX6ApNP7kj6RWrdD6NkwSOGWqieP522 K4ga2fBI8fqExrAkfQgpkX+qClLgiR8NaRYTurf44vv5Z+Hfo4bwglTlP2El/J2M6w4JflNuJBp td54I31kNTIgrw7qDhWlhb9O5aY6jPA2fMYCmNhd/Po1xeAS5X8Wv X-Gm-Gg: ASbGncui4Z9qytUfyTsV1X2F/F/ovO8feWzG8dnRCP/w0f6BC74ErNtslc3gP1U4UNQ 2fpmK3hzTuKRlTWFD1j7M0+6BbNVNcrr9ywmjSmOkWu+XVmGGngdOM2QPpS8Kz2UYYqeu5eJUKW bvOGaMukozTJif7nhgS78OheN995xJ8/z0hNtcPETv/sMhsvcFhfdAgRGzJkzHtyXEjiW51TetQ SEfKHhjkuCeIq/8vPgybeftobqGNP5MWLOyTFBgu485ItWvi4odHW+2NJusa0hrf+qFQ9rJDkiW Z60iKz0FedLPLMoF65+KzHZdDgQAYjdqtf1CgRPSm7YDcYDomfDHYxbgZUoL2dHUa8wtb5dEXDp ARcWfKLRa X-Google-Smtp-Source: AGHT+IGoSO1JiW+DOPgrlen1nDeBKPvozRJdgzw5dSGBD/5JlqkJqSqoUlgxl8+PnI/zfki6gsWAL9LUQJan X-Received: by 2002:a05:6e02:3e03:b0:42d:84ec:b5da with SMTP id e9e14a558f8ab-430c5226e7fmr53864025ab.10.1760697877040; Fri, 17 Oct 2025 03:44:37 -0700 (PDT) Received: from postal.iol.unh.edu (postal.iol.unh.edu. [2606:4100:3880:1234::84]) by smtp-relay.gmail.com with ESMTPS id e9e14a558f8ab-430b50c5f52sm5124645ab.11.2025.10.17.03.44.36 (version=TLS1_2 cipher=ECDHE-ECDSA-AES128-GCM-SHA256 bits=128/128); Fri, 17 Oct 2025 03:44:37 -0700 (PDT) X-Relaying-Domain: iol.unh.edu Date: Fri, 17 Oct 2025 03:44:37 -0700 (PDT) Message-ID: <68f21e15.050a0220.29be7d.a693SMTPIN_ADDED_MISSING@mx.google.com> Received: from [172.21.0.3] (unknown [172.18.0.240]) by postal.iol.unh.edu (Postfix) with ESMTP id A55D86051830; Fri, 17 Oct 2025 06:44:36 -0400 (EDT) Subject: |FAILURE| [GIT MASTER] 62f583c49bf67dd4d6733ece14e55fe6839e66d1 From: dpdklab@iol.unh.edu To: Test Report Cc: dpdk-test-reports@iol.unh.edu, Xueming Li , Christian Ehrhardt , Kevin Traynor , Luca Boccassi Content-Type: text/plain X-BeenThere: test-report@dpdk.org X-Mailman-Version: 2.1.29 Precedence: list List-Id: automatic DPDK test reports List-Unsubscribe: , List-Archive: List-Post: List-Help: List-Subscribe: , Errors-To: test-report-bounces@dpdk.org _Testing issues_ Branch: tags/v23.11 62f583c49bf67dd4d6733ece14e55fe6839e66d1 --> testing issues Upstream job id: Generic-DPDK-Compile-Meson#435219 Test environment and result as below: +---------------------+--------------------+-------------------+-------------------------+----------------------+-------------------+------------------+ | Environment | dpdk_meson_compile | dpdk_msvc_compile | dpdk_llvm_clang_compile | dpdk_mingw64_compile | dpdk_compile_spdk | dpdk_compile_ovs | +=====================+====================+===================+=========================+======================+===================+==================+ | Ubuntu 20.04 | PASS | SKIPPED | SKIPPED | SKIPPED | SKIPPED | SKIPPED | +---------------------+--------------------+-------------------+-------------------------+----------------------+-------------------+------------------+ | FreeBSD 14.2 | PASS | SKIPPED | SKIPPED | SKIPPED | SKIPPED | SKIPPED | +---------------------+--------------------+-------------------+-------------------------+----------------------+-------------------+------------------+ | CentOS Stream 9 | PASS | SKIPPED | SKIPPED | SKIPPED | PASS | SKIPPED | +---------------------+--------------------+-------------------+-------------------------+----------------------+-------------------+------------------+ | CentOS Stream 10 | PASS | SKIPPED | SKIPPED | SKIPPED | SKIPPED | SKIPPED | +---------------------+--------------------+-------------------+-------------------------+----------------------+-------------------+------------------+ | Debian GNU/Linux 12 | PASS | SKIPPED | SKIPPED | SKIPPED | PASS | SKIPPED | +---------------------+--------------------+-------------------+-------------------------+----------------------+-------------------+------------------+ | Fedora Linux 42 | FAIL | SKIPPED | SKIPPED | SKIPPED | WARN | WARN | +---------------------+--------------------+-------------------+-------------------------+----------------------+-------------------+------------------+ | openSUSE Leap 15.6 | PASS | SKIPPED | SKIPPED | SKIPPED | SKIPPED | SKIPPED | +---------------------+--------------------+-------------------+-------------------------+----------------------+-------------------+------------------+ | Windows Server 2022 | SKIPPED | PASS | FAIL | PASS | SKIPPED | SKIPPED | +---------------------+--------------------+-------------------+-------------------------+----------------------+-------------------+------------------+ ==== 20 line log output for Windows Server 2022 (dpdk_llvm_clang_compile): ==== Compiler for C supports arguments -mavx512f: YES (cached) Compiler for C supports arguments -mavx512bw: YES (cached) Compiler for C supports arguments -mavx512dq: YES (cached) Compiler for C supports arguments -march=skylake-avx512: YES Message: drivers/common/idpf: Defining dependency "common_idpf" Message: drivers/bus/auxiliary: Defining dependency "bus_auxiliary" Compiler for C supports arguments -Wno-cast-qual: YES (cached) Compiler for C supports arguments -Wno-pointer-arith: YES (cached) Message: drivers/bus/pci: Defining dependency "bus_pci" Message: drivers/bus/vdev: Defining dependency "bus_vdev" Compiler for C supports arguments -std=c11: YES Compiler for C supports arguments -Wno-strict-prototypes: YES Compiler for C supports arguments -D_BSD_SOURCE: YES Compiler for C supports arguments -D_DEFAULT_SOURCE: YES Compiler for C supports arguments -D_XOPEN_SOURCE=600: YES Has header "mlx5devx.h" : YES drivers\common\mlx5\windows\meson.build:10:13: ERROR: C shared or static library 'mlx5devx' not found A full log can be found at C:\Users\builder\jenkins\workspace\Windows-Compile-DPDK-Native\dpdk\build\meson-logs\meson-log.txt ==== End log output ==== Ubuntu 20.04 Kernel: 4.19 Compiler: gcc gcc (Ubuntu 9.4.0-1ubuntu1~20.04.2) 9.4.0 FreeBSD 14.2 Kernel: 14.2-RELEASE Compiler: clang 18.1.6 CentOS Stream 9 Kernel: 5.15 Compiler: gcc gcc (GCC) 11.5.0 20240719 (Red Hat 11.5.0-11) CentOS Stream 10 Kernel: 5.15 Compiler: gcc gcc (GCC) 14.2.1 20250110 (Red Hat 14.2.1-8) Debian GNU/Linux 12 Kernel: 5.15 Compiler: gcc gcc (Debian 12.2.0-14+deb12u1) 12.2.0 Fedora Linux 42 Kernel: 5.15 Compiler: clang gcc (GCC) 15.2.1 20250808 (Red Hat 15.2.1-1) openSUSE Leap 15.6 Kernel: 5.15 Compiler: gcc gcc (SUSE Linux) 7.5.0 Windows Server 2022 Kernel: 10.0.20348.2031 Compiler: clang 15.0.7, gcc 14.1.0 (MinGW), and MSVC VS 19.39.33521 To view detailed results, visit: https://lab.dpdk.org/results/dashboard/tarballs/35244/ UNH-IOL DPDK Community Lab To manage your email subscriptions, visit: https://lab.dpdk.org/results/dashboard/preferences/subscriptions/