From mboxrd@z Thu Jan 1 00:00:00 1970 Return-Path: Received: from mails.dpdk.org (mails.dpdk.org [217.70.189.124]) by inbox.dpdk.org (Postfix) with ESMTP id 429AD48960 for ; Fri, 17 Oct 2025 12:54:27 +0200 (CEST) Received: from mails.dpdk.org (localhost [127.0.0.1]) by mails.dpdk.org (Postfix) with ESMTP id 2CDCC40269; Fri, 17 Oct 2025 12:54:27 +0200 (CEST) Received: from mail-pj1-f99.google.com (mail-pj1-f99.google.com [209.85.216.99]) by mails.dpdk.org (Postfix) with ESMTP id 2DA6540269 for ; Fri, 17 Oct 2025 12:54:26 +0200 (CEST) Received: by mail-pj1-f99.google.com with SMTP id 98e67ed59e1d1-33b9dc8d517so1696901a91.0 for ; Fri, 17 Oct 2025 03:54:26 -0700 (PDT) DKIM-Signature: v=1; a=rsa-sha256; c=relaxed/relaxed; d=iol.unh.edu; s=unh-iol; t=1760698465; x=1761303265; darn=dpdk.org; h=cc:to:from:subject:message-id:date:from:to:cc:subject:date :message-id:reply-to; bh=wQN5LwiX5ub26m5fjS6GEWD0JVdMNDcrywjWWi5R1Io=; b=ea8SiX/rPWUNQ0qmwxXtm21k+7X/AZdFdt1itPcRHYqVyo3Vd3pd3/qpzDg9tuOoGB kl33Op+RdekqE07ZfepBmWx2XvhHDLoQU9UtPzwYgUpqFwZQw6ykLi9WZ4Fix3EiFxJU 53vNz74UwbalF/KHje6EnM0zzyD4h4jaW4N+c= X-Google-DKIM-Signature: v=1; a=rsa-sha256; c=relaxed/relaxed; d=1e100.net; s=20230601; t=1760698465; x=1761303265; h=cc:to:from:subject:message-id:date:x-gm-message-state:from:to:cc :subject:date:message-id:reply-to; bh=wQN5LwiX5ub26m5fjS6GEWD0JVdMNDcrywjWWi5R1Io=; b=iDGjB7/q5l4wc9KPhHYOUwA/YNHr3P1a8uIBQjNK29K4xLIGaief0e8SeY5QRvUoZG eZSd34DYbl5avQkrIBsaeEshdusHlLf3eQN/nDm+WQqYRJt2lk4aU1ZYbMuKbKZyEs3Y vKWyOtQciTunuTYTl/6TD2fa8RKHD7MewPgKm6yWbSEgL5aeaP88MFlFqjZUjJbpkV/p 7xPFlw/1Jee695kUUQX5Nnw1ei2Lha/WccHpSUF9/Ow+NKkHiXRRsB9w1rmG8KOmDWlD l0rtlwPmMOM81BaglTIRokNS9r76Ut7/EU7sGxufnLgk1fqg9nDXcamKpr4gWqilQXld S0wA== X-Gm-Message-State: AOJu0YzyC3YYF0CZwmsW3UGt54+RC8HaSh0O2ttbN+imfR/YTHAXt7kY fWww6VAUEJ47bU94y98VaNXj+TPvkBoePgTjV/7u9DWw0qe2/voPEI7G451DFXbPFaTri4ltbil AxlphviiWNurHk315+BETFIsryR12u9L1osMKpl3INRDqjxxRvRzX X-Gm-Gg: ASbGncvzOAS0HjJRCUpR5J1my711ftZWIpXKj/LU7AFHpSBwFpSnmtx8Ec5q8dBqlM6 EIS8WwClnMMF0W6u5PyjbW/eDtBkxu1vwy9hwGiv3nT0zxmHJgYHY09R5b4eU1ZGicTZHc1fOpm nKW3vyuFCuny8p8JnPMUGaeDciydAAPxBt6rkRRkEaV3B10wPRNRhHPorDENSxXTiAXMA/7HRMm fTZtBny0zFrBJjwcgpDXHvAC3Ry9sRQbTm6Xy/KazbLNepT2ueKroYz0MI/vApN+ld38uGVrNVE tnxLABYSTNY17BX/UH05Q6iPnExIVk43iI/ank2thQDZEc+lnwrULgHnyW3VcJ/bK9+SDh/33vq gyT0MrVNJ X-Google-Smtp-Source: AGHT+IEAm56/SdXnvkvUPqPMTpGLAN9wUUX43zzvIVEmgOsUfwVJGIF128+Q+RfztvRjxgOxbImTXDvkKLGM X-Received: by 2002:a17:902:f78b:b0:290:ab61:6a5e with SMTP id d9443c01a7336-290c9ce0ad2mr40185665ad.27.1760698465178; Fri, 17 Oct 2025 03:54:25 -0700 (PDT) Received: from postal.iol.unh.edu (postal.iol.unh.edu. [2606:4100:3880:1234::84]) by smtp-relay.gmail.com with ESMTPS id d9443c01a7336-29098e8976asm6164215ad.1.2025.10.17.03.54.25 (version=TLS1_2 cipher=ECDHE-ECDSA-AES128-GCM-SHA256 bits=128/128); Fri, 17 Oct 2025 03:54:25 -0700 (PDT) X-Relaying-Domain: iol.unh.edu Date: Fri, 17 Oct 2025 03:54:25 -0700 (PDT) Message-ID: <68f22061.170a0220.b8eea.e8ffSMTPIN_ADDED_MISSING@mx.google.com> Received: from [172.21.0.3] (unknown [172.18.0.240]) by postal.iol.unh.edu (Postfix) with ESMTP id 6B3A66051830; Fri, 17 Oct 2025 06:54:24 -0400 (EDT) Subject: |FAILURE| [GIT MASTER] 62f583c49bf67dd4d6733ece14e55fe6839e66d1 From: dpdklab@iol.unh.edu To: Test Report Cc: dpdk-test-reports@iol.unh.edu, Xueming Li , Christian Ehrhardt , Kevin Traynor , Luca Boccassi Content-Type: text/plain X-BeenThere: test-report@dpdk.org X-Mailman-Version: 2.1.29 Precedence: list List-Id: automatic DPDK test reports List-Unsubscribe: , List-Archive: List-Post: List-Help: List-Subscribe: , Errors-To: test-report-bounces@dpdk.org _Testing issues_ Branch: tags/v23.11 62f583c49bf67dd4d6733ece14e55fe6839e66d1 --> testing issues Upstream job id: Generic-DPDK-Compile-Meson#435222 Test environment and result as below: +-------------------------------+--------------------+-------------------+-------------------------+----------------------+-------------------+------------------+ | Environment | dpdk_meson_compile | dpdk_msvc_compile | dpdk_llvm_clang_compile | dpdk_mingw64_compile | dpdk_compile_spdk | dpdk_compile_ovs | +===============================+====================+===================+=========================+======================+===================+==================+ | Ubuntu 20.04 | PASS | SKIPPED | SKIPPED | SKIPPED | SKIPPED | SKIPPED | +-------------------------------+--------------------+-------------------+-------------------------+----------------------+-------------------+------------------+ | FreeBSD 14.2 | PASS | SKIPPED | SKIPPED | SKIPPED | SKIPPED | SKIPPED | +-------------------------------+--------------------+-------------------+-------------------------+----------------------+-------------------+------------------+ | CentOS Stream 9 | PASS | SKIPPED | SKIPPED | SKIPPED | PASS | SKIPPED | +-------------------------------+--------------------+-------------------+-------------------------+----------------------+-------------------+------------------+ | CentOS Stream 10 | PASS | SKIPPED | SKIPPED | SKIPPED | SKIPPED | SKIPPED | +-------------------------------+--------------------+-------------------+-------------------------+----------------------+-------------------+------------------+ | Debian GNU/Linux 12 | PASS | SKIPPED | SKIPPED | SKIPPED | PASS | SKIPPED | +-------------------------------+--------------------+-------------------+-------------------------+----------------------+-------------------+------------------+ | Fedora Linux 42 | FAIL | SKIPPED | SKIPPED | SKIPPED | WARN | WARN | +-------------------------------+--------------------+-------------------+-------------------------+----------------------+-------------------+------------------+ | openSUSE Leap 15.6 | PASS | SKIPPED | SKIPPED | SKIPPED | SKIPPED | SKIPPED | +-------------------------------+--------------------+-------------------+-------------------------+----------------------+-------------------+------------------+ | Red Hat Enterprise Linux 8.10 | PASS | SKIPPED | SKIPPED | SKIPPED | SKIPPED | SKIPPED | +-------------------------------+--------------------+-------------------+-------------------------+----------------------+-------------------+------------------+ | Red Hat Enterprise Linux 9.5 | PASS | SKIPPED | SKIPPED | SKIPPED | SKIPPED | SKIPPED | +-------------------------------+--------------------+-------------------+-------------------------+----------------------+-------------------+------------------+ | Windows Server 2022 | SKIPPED | PASS | FAIL | PASS | SKIPPED | SKIPPED | +-------------------------------+--------------------+-------------------+-------------------------+----------------------+-------------------+------------------+ ==== 20 line log output for Windows Server 2022 (dpdk_llvm_clang_compile): ==== Compiler for C supports arguments -mavx512f: YES (cached) Compiler for C supports arguments -mavx512bw: YES (cached) Compiler for C supports arguments -mavx512dq: YES (cached) Compiler for C supports arguments -march=skylake-avx512: YES Message: drivers/common/idpf: Defining dependency "common_idpf" Message: drivers/bus/auxiliary: Defining dependency "bus_auxiliary" Compiler for C supports arguments -Wno-cast-qual: YES (cached) Compiler for C supports arguments -Wno-pointer-arith: YES (cached) Message: drivers/bus/pci: Defining dependency "bus_pci" Message: drivers/bus/vdev: Defining dependency "bus_vdev" Compiler for C supports arguments -std=c11: YES Compiler for C supports arguments -Wno-strict-prototypes: YES Compiler for C supports arguments -D_BSD_SOURCE: YES Compiler for C supports arguments -D_DEFAULT_SOURCE: YES Compiler for C supports arguments -D_XOPEN_SOURCE=600: YES Has header "mlx5devx.h" : YES drivers\common\mlx5\windows\meson.build:10:13: ERROR: C shared or static library 'mlx5devx' not found A full log can be found at C:\Users\builder\jenkins\workspace\Windows-Compile-DPDK-Native\dpdk\build\meson-logs\meson-log.txt ==== End log output ==== Ubuntu 20.04 Kernel: 4.19 Compiler: gcc gcc (Ubuntu 9.4.0-1ubuntu1~20.04.2) 9.4.0 FreeBSD 14.2 Kernel: 14.2-RELEASE Compiler: clang 18.1.6 CentOS Stream 9 Kernel: 5.15 Compiler: gcc gcc (GCC) 11.5.0 20240719 (Red Hat 11.5.0-11) CentOS Stream 10 Kernel: 5.15 Compiler: gcc gcc (GCC) 14.2.1 20250110 (Red Hat 14.2.1-8) Debian GNU/Linux 12 Kernel: 5.15 Compiler: gcc gcc (Debian 12.2.0-14+deb12u1) 12.2.0 Fedora Linux 42 Kernel: 5.15 Compiler: clang gcc (GCC) 15.2.1 20250808 (Red Hat 15.2.1-1) openSUSE Leap 15.6 Kernel: 5.15 Compiler: gcc gcc (SUSE Linux) 7.5.0 Red Hat Enterprise Linux 8.10 Kernel: 5.15 Compiler: gcc gcc (GCC) 8.5.0 20210514 (Red Hat 8.5.0-22) Red Hat Enterprise Linux 9.5 Kernel: 5.15 Compiler: gcc gcc (GCC) 11.5.0 20240719 (Red Hat 11.5.0-2) Windows Server 2022 Kernel: 10.0.20348.2031 Compiler: clang 15.0.7, gcc 14.1.0 (MinGW), and MSVC VS 19.39.33521 To view detailed results, visit: https://lab.dpdk.org/results/dashboard/tarballs/35244/ UNH-IOL DPDK Community Lab To manage your email subscriptions, visit: https://lab.dpdk.org/results/dashboard/preferences/subscriptions/