From: dpdklab@iol.unh.edu
To: Test Report <test-report@dpdk.org>
Cc: dpdk-test-reports@iol.unh.edu,
Bruce Richardson <bruce.richardson@intel.com>
Subject: |SUCCESS| pw157797-157799 [PATCH] [v7,3/3] doc: note on unsupported
Date: Fri, 17 Oct 2025 06:22:21 -0700 (PDT) [thread overview]
Message-ID: <68f2430d.050a0220.ad705.b091SMTPIN_ADDED_MISSING@mx.google.com> (raw)
In-Reply-To: <20251017103415.114400-4-shaiq.wani@intel.com>
Test-Label: iol-compile-amd64-testing
Test-Status: SUCCESS
http://dpdk.org/patch/157799
_Testing PASS_
Submitter: Shaiq Wani <shaiq.wani@intel.com>
Date: Friday, October 17 2025 10:34:15
DPDK git baseline: Repo:dpdk-next-net-intel
Branch: master
CommitID:6b997d6b9ffdbb4f8ecd14d1f217da69cdc783af
157797-157799 --> testing pass
Upstream job id: Windows-Compile-DPDK-Native#31709
Test environment and result as below:
+---------------------+--------------------+-------------------+-------------------------+
| Environment | dpdk_meson_compile | dpdk_msvc_compile | dpdk_llvm_clang_compile |
+=====================+====================+===================+=========================+
| FreeBSD 14.2 | PASS | SKIPPED | SKIPPED |
+---------------------+--------------------+-------------------+-------------------------+
| Ubuntu 20.04 | PASS | SKIPPED | SKIPPED |
+---------------------+--------------------+-------------------+-------------------------+
| Ubuntu 24.04 | PASS | SKIPPED | SKIPPED |
+---------------------+--------------------+-------------------+-------------------------+
| Windows Server 2022 | SKIPPED | PASS | PASS |
+---------------------+--------------------+-------------------+-------------------------+
FreeBSD 14.2
Kernel: 14.2-RELEASE
Compiler: clang 18.1.6
Ubuntu 20.04
Kernel: 4.19
Compiler: gcc gcc (Ubuntu 9.4.0-1ubuntu1~20.04.2) 9.4.0
Ubuntu 24.04
Kernel: 5.15
Compiler: gcc gcc (Ubuntu 13.3.0-6ubuntu2~24.04) 13.3.0
Windows Server 2022
Kernel: 10.0.20348.2031
Compiler: clang 15.0.7, gcc 14.1.0 (MinGW), and MSVC VS 19.39.33521
To view detailed results, visit:
https://lab.dpdk.org/results/dashboard/patchsets/34311/
UNH-IOL DPDK Community Lab
To manage your email subscriptions, visit:
https://lab.dpdk.org/results/dashboard/preferences/subscriptions/
next prev parent reply other threads:[~2025-10-17 13:22 UTC|newest]
Thread overview: 28+ messages / expand[flat|nested] mbox.gz Atom feed top
[not found] <20251017103415.114400-4-shaiq.wani@intel.com>
2025-10-17 10:07 ` |SUCCESS| pw157797-157799 [PATCH v7 3/3] doc: note on unsupported completion queue sharing qemudev
2025-10-17 10:12 ` qemudev
2025-10-17 10:35 ` |SUCCESS| pw157799 " checkpatch
2025-10-17 11:04 ` |PENDING| pw157797-157799 [PATCH] [v7,3/3] doc: note on unsupported dpdklab
2025-10-17 11:05 ` |SUCCESS| " dpdklab
2025-10-17 11:11 ` dpdklab
2025-10-17 11:14 ` dpdklab
2025-10-17 11:22 ` |PENDING| " dpdklab
2025-10-17 11:26 ` |SUCCESS| " dpdklab
2025-10-17 11:29 ` |PENDING| " dpdklab
2025-10-17 11:37 ` |SUCCESS| " dpdklab
2025-10-17 11:38 ` dpdklab
2025-10-17 11:56 ` dpdklab
2025-10-17 12:02 ` dpdklab
2025-10-17 12:11 ` dpdklab
2025-10-17 12:34 ` dpdklab
2025-10-17 12:48 ` dpdklab
2025-10-17 13:03 ` dpdklab
2025-10-17 13:05 ` |FAILURE| pw157799 [PATCH v7 3/3] doc: note on unsupported completion queue sharing 0-day Robot
2025-10-17 13:22 ` dpdklab [this message]
2025-10-17 13:26 ` |SUCCESS| pw157797-157799 [PATCH] [v7,3/3] doc: note on unsupported dpdklab
2025-10-17 13:39 ` dpdklab
2025-10-17 13:54 ` dpdklab
2025-10-17 14:37 ` dpdklab
2025-10-17 16:53 ` |PENDING| " dpdklab
2025-10-17 17:48 ` |WARNING| " dpdklab
2025-10-17 22:22 ` |SUCCESS| " dpdklab
2025-10-17 22:40 ` dpdklab
Reply instructions:
You may reply publicly to this message via plain-text email
using any one of the following methods:
* Save the following mbox file, import it into your mail client,
and reply-to-all from there: mbox
Avoid top-posting and favor interleaved quoting:
https://en.wikipedia.org/wiki/Posting_style#Interleaved_style
* Reply using the --to, --cc, and --in-reply-to
switches of git-send-email(1):
git send-email \
--in-reply-to=68f2430d.050a0220.ad705.b091SMTPIN_ADDED_MISSING@mx.google.com \
--to=dpdklab@iol.unh.edu \
--cc=bruce.richardson@intel.com \
--cc=dpdk-test-reports@iol.unh.edu \
--cc=test-report@dpdk.org \
/path/to/YOUR_REPLY
https://kernel.org/pub/software/scm/git/docs/git-send-email.html
* If your mail client supports setting the In-Reply-To header
via mailto: links, try the mailto: link
Be sure your reply has a Subject: header at the top and a blank line
before the message body.
This is a public inbox, see mirroring instructions
for how to clone and mirror all data and code used for this inbox;
as well as URLs for NNTP newsgroup(s).