From mboxrd@z Thu Jan 1 00:00:00 1970 Return-Path: Received: from mails.dpdk.org (mails.dpdk.org [217.70.189.124]) by inbox.dpdk.org (Postfix) with ESMTP id E63DA48962 for ; Fri, 17 Oct 2025 18:49:57 +0200 (CEST) Received: from mails.dpdk.org (localhost [127.0.0.1]) by mails.dpdk.org (Postfix) with ESMTP id C1AF542DE9; Fri, 17 Oct 2025 18:49:57 +0200 (CEST) Received: from mail-pf1-f226.google.com (mail-pf1-f226.google.com [209.85.210.226]) by mails.dpdk.org (Postfix) with ESMTP id 09A18400D7 for ; Fri, 17 Oct 2025 18:49:56 +0200 (CEST) Received: by mail-pf1-f226.google.com with SMTP id d2e1a72fcca58-7811a02316bso1553775b3a.3 for ; Fri, 17 Oct 2025 09:49:55 -0700 (PDT) DKIM-Signature: v=1; a=rsa-sha256; c=relaxed/relaxed; d=iol.unh.edu; s=unh-iol; t=1760719795; x=1761324595; darn=dpdk.org; h=cc:to:from:subject:message-id:date:from:to:cc:subject:date :message-id:reply-to; bh=lybWKEZU7WEjCH7ouSzx5rMqMiMa0rezNL67w4dMS5E=; b=jTgM/nQZvuoewbbenv4xRSxQdDnQ/g/mEFkcuLEWsdYJLlu0TnNFAR5lw8xZYRi3hE qTYk/+an44wgcro/AJfcLMzHoG3LRfAUq+NHsf9EwO4aROmKd56ZC2XigBiWBHJj9P5x rfuC8anDNcxu79FRQCt8/LvH+dwJzhZA2ktdc= X-Google-DKIM-Signature: v=1; a=rsa-sha256; c=relaxed/relaxed; d=1e100.net; s=20230601; t=1760719795; x=1761324595; h=cc:to:from:subject:message-id:date:x-gm-message-state:from:to:cc :subject:date:message-id:reply-to; bh=lybWKEZU7WEjCH7ouSzx5rMqMiMa0rezNL67w4dMS5E=; b=UmPVDy4CFidSfXnbUVbAMGtYWerXJargt4+XHKErFw819LMHHwpnoxLSYogwGw8HFz 01+P6ymf3rC9j/vt9P2jpLWIRjDUzwGFshc2hp9bvSnzQuzwNFFJ/o2l7UzQG+HZT6fI 4zotBp/Jgkl5wFA2k3du0vAazweyY7+FVQtGaEmy3jcQJuwLfC7YhPBppfNEymdvlcwT /CA2CQL2RKY1i004PxIRG5uYmQrEXFBaQjKbq/6qbaxdNW0LF+mV9djRIs7+D5Vpl4EJ 0dtmfX0nrdcNVm31J4zJUgjOHkB9hwdNtJbpOoDvp1bs3r2Ac3CqD8v+TDJHGnjdIPDE wdzg== X-Gm-Message-State: AOJu0Yw9q0npzvN8U8n18DiXNr4vK/Sd19F+SYJbPKHjyPg4LvQV/jIa Zghhn0x+ioMAF3WNshALY8ijbrgnpNobkaQx4Kz6gy3uHHYydzYYzbD4uU8VVjPTX+vtnpudYmW n5dHTs18AHL/nG8NqDY6FVdcaDiIqakRiASiS X-Gm-Gg: ASbGncsNammbVhgDM44lvqOLs83X0MT4Y9Gzis2aF7idoZz0VzTtKGegjI3iuktWkoa 8XxTQfWTIk/C9z7IwjrLDiDSAw5y5Rc2lpFs5K/S6FYiE0HvL5oUelXhdob41YqUin+8PRtePLO 2UjD3jS9opXnB0NbVoEp3Kk+JiNvsrVZ+RB03oI2DqucFUoFi44a1SRcm/u2o8hGCSWP8J2Wj7S Fi63llY9hx/YtkJNtR5yjan25zIXUnrRdR8zl9YQ18r9+zQfQlInspuB0kmq7gEqMGGecZu65cl DvF5pyhlZ+582Oq9c/om9VH04Egm+TSXYvIuk+OdO0Q19A3s1uO8E3Uq6PZQ07XTMq8fj4xJinJ 0WL6oCo7aW0WY0/cV1LUx1Z5P7D/XI3Y= X-Google-Smtp-Source: AGHT+IFXysG6K4ndamIodjEYysNftZCUkbG/5diCA6MJMg6O/hFxK2grBLKvXxLOR0Oe1yTm3uy+b6kB3snj X-Received: by 2002:a05:6a00:ad4:b0:781:1916:c5fb with SMTP id d2e1a72fcca58-7a2208f163dmr5630767b3a.14.1760719794788; Fri, 17 Oct 2025 09:49:54 -0700 (PDT) Received: from postal.iol.unh.edu (postal.iol.unh.edu. [132.177.123.84]) by smtp-relay.gmail.com with ESMTPS id d2e1a72fcca58-7a22fd1c0c8sm7533b3a.0.2025.10.17.09.49.54 (version=TLS1_2 cipher=ECDHE-ECDSA-AES128-GCM-SHA256 bits=128/128); Fri, 17 Oct 2025 09:49:54 -0700 (PDT) X-Relaying-Domain: iol.unh.edu Date: Fri, 17 Oct 2025 09:49:54 -0700 (PDT) Message-ID: <68f273b2.050a0220.2dd475.06dbSMTPIN_ADDED_MISSING@mx.google.com> Received: from [172.21.0.3] (unknown [172.18.0.240]) by postal.iol.unh.edu (Postfix) with ESMTP id BA0F86051830; Fri, 17 Oct 2025 12:49:53 -0400 (EDT) Subject: |FAILURE| [GIT MASTER] 62f583c49bf67dd4d6733ece14e55fe6839e66d1 From: dpdklab@iol.unh.edu To: Test Report Cc: dpdk-test-reports@iol.unh.edu, Xueming Li , Christian Ehrhardt , Kevin Traynor , Luca Boccassi Content-Type: text/plain X-BeenThere: test-report@dpdk.org X-Mailman-Version: 2.1.29 Precedence: list List-Id: automatic DPDK test reports List-Unsubscribe: , List-Archive: List-Post: List-Help: List-Subscribe: , Errors-To: test-report-bounces@dpdk.org _Testing issues_ Branch: tags/v23.11 62f583c49bf67dd4d6733ece14e55fe6839e66d1 --> testing issues Upstream job id: Generic-DPDK-Compile-Meson#435213 Test environment and result as below: +------------------------------+--------------------+ | Environment | dpdk_meson_compile | +==============================+====================+ | Red Hat Enterprise Linux 9.5 | PASS | +------------------------------+--------------------+ | Ubuntu 20.04 | PASS | +------------------------------+--------------------+ | Debian GNU/Linux 12 | PASS | +------------------------------+--------------------+ | Fedora Linux 42 | PASS | +------------------------------+--------------------+ | Ubuntu 22.04 | PASS | +------------------------------+--------------------+ | Ubuntu 24.04 | PASS | +------------------------------+--------------------+ | CentOS Stream 9 | PASS | +------------------------------+--------------------+ | CentOS Stream 10 | PASS | +------------------------------+--------------------+ Red Hat Enterprise Linux 9.5 Kernel: 5.4 Compiler: gcc gcc (GCC) 11.5.0 20240719 (Red Hat 11.5.0-2) Ubuntu 20.04 Kernel: 5.15 Compiler: aarch64-linux-gnu-gcc gcc (Ubuntu 9.4.0-1ubuntu1~20.04.2) 9.4.0 Debian GNU/Linux 12 Kernel: 5.4 Compiler: gcc gcc (Debian 12.2.0-14+deb12u1) 12.2.0 Fedora Linux 42 Kernel: 5.4 Compiler: gcc gcc (GCC) 15.2.1 20250808 (Red Hat 15.2.1-1) Ubuntu 22.04 Kernel: 5.4 Compiler: gcc gcc (Ubuntu 11.4.0-1ubuntu1~22.04) 11.4.0 Ubuntu 24.04 Kernel: 5.4 Compiler: gcc gcc (Ubuntu 13.3.0-6ubuntu2~24.04) 13.3.0 CentOS Stream 9 Kernel: 5.4 Compiler: gcc gcc (GCC) 11.5.0 20240719 (Red Hat 11.5.0-11) CentOS Stream 10 Kernel: 5.4 Compiler: gcc gcc (GCC) 14.2.1 20250110 (Red Hat 14.2.1-8) To view detailed results, visit: https://lab.dpdk.org/results/dashboard/tarballs/35244/ UNH-IOL DPDK Community Lab To manage your email subscriptions, visit: https://lab.dpdk.org/results/dashboard/preferences/subscriptions/