automatic DPDK test reports
 help / color / mirror / Atom feed
From: dpdklab@iol.unh.edu
To: Test Report <test-report@dpdk.org>
Cc: dpdk-test-reports@iol.unh.edu
Subject: |SUCCESS| pw157822 [PATCH] test/ring_perf: add optional cross L3 cor
Date: Fri, 17 Oct 2025 10:32:08 -0700 (PDT)	[thread overview]
Message-ID: <68f27d98.050a0220.1006a4.062fSMTPIN_ADDED_MISSING@mx.google.com> (raw)
In-Reply-To: <20251017163407.845502-1-sivaprasad.tummala@amd.com>

Test-Label: iol-compile-amd64-testing
Test-Status: SUCCESS
http://dpdk.org/patch/157822

_Testing PASS_

Submitter: Sivaprasad Tummala <Sivaprasad.Tummala@amd.com>
Date: Friday, October 17 2025 16:34:04 
DPDK git baseline: Repo:dpdk
  Branch: master
  CommitID:fd6bb586ca832c0cd6a84bcf7123a6063b3ae133

157822 --> testing pass

Upstream job id: Windows-Compile-DPDK-Native#31723

Test environment and result as below:

+---------------------+--------------------+-------------------------+-------------------+
|     Environment     | dpdk_meson_compile | dpdk_llvm_clang_compile | dpdk_msvc_compile |
+=====================+====================+=========================+===================+
| Ubuntu 20.04        | PASS               | SKIPPED                 | SKIPPED           |
+---------------------+--------------------+-------------------------+-------------------+
| FreeBSD 14.2        | PASS               | SKIPPED                 | SKIPPED           |
+---------------------+--------------------+-------------------------+-------------------+
| Windows Server 2022 | SKIPPED            | PASS                    | PASS              |
+---------------------+--------------------+-------------------------+-------------------+


Ubuntu 20.04
	Kernel: 4.19
	Compiler: gcc gcc (Ubuntu 9.4.0-1ubuntu1~20.04.2) 9.4.0

FreeBSD 14.2
	Kernel: 14.2-RELEASE
	Compiler: clang 18.1.6

Windows Server 2022
	Kernel: 10.0.20348.2031
	Compiler: clang 15.0.7, gcc 14.1.0 (MinGW), and MSVC VS 19.39.33521

To view detailed results, visit:
https://lab.dpdk.org/results/dashboard/patchsets/34321/

UNH-IOL DPDK Community Lab

To manage your email subscriptions, visit: 
https://lab.dpdk.org/results/dashboard/preferences/subscriptions/

  parent reply	other threads:[~2025-10-17 17:32 UTC|newest]

Thread overview: 24+ messages / expand[flat|nested]  mbox.gz  Atom feed  top
     [not found] <20251017163407.845502-1-sivaprasad.tummala@amd.com>
2025-10-17 16:03 ` |SUCCESS| pw157822 [PATCH] test/ring_perf: add optional cross L3 core selection qemudev
2025-10-17 16:08 ` qemudev
2025-10-17 16:35 ` checkpatch
2025-10-17 17:02 ` |PENDING| pw157822 [PATCH] test/ring_perf: add optional cross L3 cor dpdklab
2025-10-17 17:05 ` dpdklab
2025-10-17 17:05 ` |SUCCESS| " dpdklab
2025-10-17 17:10 ` dpdklab
2025-10-17 17:13 ` |PENDING| " dpdklab
2025-10-17 17:13 ` dpdklab
2025-10-17 17:22 ` |FAILURE| " dpdklab
2025-10-17 17:24 ` |SUCCESS| " dpdklab
2025-10-17 17:27 ` |FAILURE| " dpdklab
2025-10-17 17:32 ` dpdklab [this message]
2025-10-17 17:42 ` |SUCCESS| " dpdklab
2025-10-17 17:52 ` dpdklab
2025-10-17 18:43 ` dpdklab
2025-10-17 18:46 ` dpdklab
2025-10-17 19:05 ` |FAILURE| " dpdklab
2025-10-17 20:20 ` |FAILURE| pw157822 [PATCH] test/ring_perf: add optional cross L3 core selection 0-day Robot
2025-10-17 23:15 ` |WARNING| pw157822 [PATCH] test/ring_perf: add optional cross L3 cor dpdklab
2025-10-17 23:18 ` |PENDING| " dpdklab
2025-10-17 23:56 ` |WARNING| " dpdklab
2025-10-18  0:09 ` |SUCCESS| " dpdklab
2025-10-18  8:39 ` dpdklab

Reply instructions:

You may reply publicly to this message via plain-text email
using any one of the following methods:

* Save the following mbox file, import it into your mail client,
  and reply-to-all from there: mbox

  Avoid top-posting and favor interleaved quoting:
  https://en.wikipedia.org/wiki/Posting_style#Interleaved_style

* Reply using the --to, --cc, and --in-reply-to
  switches of git-send-email(1):

  git send-email \
    --in-reply-to=68f27d98.050a0220.1006a4.062fSMTPIN_ADDED_MISSING@mx.google.com \
    --to=dpdklab@iol.unh.edu \
    --cc=dpdk-test-reports@iol.unh.edu \
    --cc=test-report@dpdk.org \
    /path/to/YOUR_REPLY

  https://kernel.org/pub/software/scm/git/docs/git-send-email.html

* If your mail client supports setting the In-Reply-To header
  via mailto: links, try the mailto: link
Be sure your reply has a Subject: header at the top and a blank line before the message body.
This is a public inbox, see mirroring instructions
for how to clone and mirror all data and code used for this inbox;
as well as URLs for NNTP newsgroup(s).