From mboxrd@z Thu Jan 1 00:00:00 1970 Return-Path: Received: from mails.dpdk.org (mails.dpdk.org [217.70.189.124]) by inbox.dpdk.org (Postfix) with ESMTP id 3155548967 for ; Sat, 18 Oct 2025 00:44:32 +0200 (CEST) Received: from mails.dpdk.org (localhost [127.0.0.1]) by mails.dpdk.org (Postfix) with ESMTP id 0D697400D7; Sat, 18 Oct 2025 00:44:32 +0200 (CEST) Received: from mail-pf1-f228.google.com (mail-pf1-f228.google.com [209.85.210.228]) by mails.dpdk.org (Postfix) with ESMTP id 0B733400D7 for ; Sat, 18 Oct 2025 00:44:30 +0200 (CEST) Received: by mail-pf1-f228.google.com with SMTP id d2e1a72fcca58-7811fa91774so2235213b3a.0 for ; Fri, 17 Oct 2025 15:44:30 -0700 (PDT) DKIM-Signature: v=1; a=rsa-sha256; c=relaxed/relaxed; d=iol.unh.edu; s=unh-iol; t=1760741070; x=1761345870; darn=dpdk.org; h=cc:to:from:subject:message-id:date:from:to:cc:subject:date :message-id:reply-to; bh=95EwjNtKNodRfbHPKnoTKROQMrrqgwZ9oKrDcI6S3pw=; b=G6682SIxbvG1Dy1hmb6bv67Hnlbc7fzE23Qz8LTV383R76Cmg9M/5e5PwvAOr3eLJn TrlXHUxwY1EHbNe+86GzVHNCLlIlvLyxFNwHuzfyvy+yxsRzOJbJVj6BBdOD1U5L7pUd EgAaxifip4iqpDmleBMnexLpuMDNFMtYNe3tg= X-Google-DKIM-Signature: v=1; a=rsa-sha256; c=relaxed/relaxed; d=1e100.net; s=20230601; t=1760741070; x=1761345870; h=cc:to:from:subject:message-id:date:x-gm-message-state:from:to:cc :subject:date:message-id:reply-to; bh=95EwjNtKNodRfbHPKnoTKROQMrrqgwZ9oKrDcI6S3pw=; b=aQW1AouWTPJjkIC02TLgHmudF6/xXVLNK25d13qzhk5qnUyBnrbfONGF5sKk0Y53lr O4S6UhnAcWfB94NKyjAJbPdtFO9NLAtADW7Nyb/PCO+Tf3pr1R+E0+oXJODKTGD1M/Wc XM99l1Y6YwaaSSgjJgjiKFwvRwYIffflv+1mFALmi2C8Gxhcb7mP7UGcyEKGdslYF3cI z1kpP+rxidXieuTfZTHZ4LRynhf/nMThQQIFTjbslqyZIY7IHxyMe2dBYI7vOLFuGTUA Y4up0080XJ+FP+SNY1B3Fb/G2LG3GE8Eo2kuknaEOZcrQ6mI+LBNIJKdLrb3qZ51qUd1 VAQw== X-Gm-Message-State: AOJu0Ywh43PqzKGQLd4zww+2KUcwi+eDWG5ZJ6MuLjgKhTs+thwFlfHZ QUudDpvcYs/mQPnEimFIVY1hHoszSPbRu7VPFBLjnf+KqV+HA2ehfDeMe8Mll8tpdbKkLSGr9PA Dovq7RfVg+Fsi8gvqvuslOkRedxl7Su7rXK7Zu4JJl6PHOUNt0U/3 X-Gm-Gg: ASbGncsC7AVqZBdecOYXh+/qGplcVDUW/mZrymZEnLDqfvtHsBm4mfUz42ug/bduzUh XXGzUd65MwuWQKhzJVvuARnIJ+ds6pbfaxAaCIZSa3eBP3ABdN+JCxkGHiJvDggdX39Q0AYbTEC 4WKwYBu96sgqRXpGtoSKgYoMZYyB4CAMJ84hwAkNDg913LQo/uEtaje9GTWMzdo7SeT1JSSQ+wL ScoPbFHc4tBjDNGU7Z6dAtvJDmTlQcs1atPv8JrulipDdF78b/gH/heNSOaugUZUc7xN4sTb5VK AnStPm8kMNU0sFYpDzYo5l/+r3k6sFvcwPPlRhwM4fRTKLqhjh8f/jDTsgGX/tg+lG3wkI6wQrt FZNaGHcYi X-Google-Smtp-Source: AGHT+IH8L7lYufLtzK17h4rvEk8MLWFs4dwviH2ZRKVebF89ergK0E/2+9NuZVkboK6GIJgLsEPOd+Ahip30 X-Received: by 2002:a05:6a20:1585:b0:334:a483:1c2c with SMTP id adf61e73a8af0-334a852439emr7173009637.22.1760741070101; Fri, 17 Oct 2025 15:44:30 -0700 (PDT) Received: from postal.iol.unh.edu (postal.iol.unh.edu. [2606:4100:3880:1234::84]) by smtp-relay.gmail.com with ESMTPS id 41be03b00d2f7-b6a76b30ef1sm73675a12.10.2025.10.17.15.44.29 (version=TLS1_2 cipher=ECDHE-ECDSA-AES128-GCM-SHA256 bits=128/128); Fri, 17 Oct 2025 15:44:30 -0700 (PDT) X-Relaying-Domain: iol.unh.edu Date: Fri, 17 Oct 2025 15:44:30 -0700 (PDT) Message-ID: <68f2c6ce.650a0220.2252b8.3cfdSMTPIN_ADDED_MISSING@mx.google.com> Received: from [172.21.0.2] (unknown [172.18.0.240]) by postal.iol.unh.edu (Postfix) with ESMTP id 516F56051830; Fri, 17 Oct 2025 18:44:29 -0400 (EDT) Subject: |FAILURE| [GIT MASTER] 62f583c49bf67dd4d6733ece14e55fe6839e66d1 From: dpdklab@iol.unh.edu To: Test Report Cc: dpdk-test-reports@iol.unh.edu, Xueming Li , Christian Ehrhardt , Kevin Traynor , Luca Boccassi Content-Type: text/plain X-BeenThere: test-report@dpdk.org X-Mailman-Version: 2.1.29 Precedence: list List-Id: automatic DPDK test reports List-Unsubscribe: , List-Archive: List-Post: List-Help: List-Subscribe: , Errors-To: test-report-bounces@dpdk.org _Testing issues_ Branch: tags/v23.11 62f583c49bf67dd4d6733ece14e55fe6839e66d1 --> testing issues Upstream job id: Generic-Unit-Test-DPDK#382460 Test environment and result as below: +------------------------------+------------------------------+---------------------------+--------------+----------------+ | Environment | cryptodev_sw_snow3g_autotest | cryptodev_sw_zuc_autotest | lpm_autotest | dpdk_unit_test | +==============================+==============================+===========================+==============+================+ | Debian 12 (arm) | PEND | PASS | SKIPPED | SKIPPED | +------------------------------+------------------------------+---------------------------+--------------+----------------+ | Ubuntu 20.04 | SKIPPED | SKIPPED | PASS | PEND | +------------------------------+------------------------------+---------------------------+--------------+----------------+ | Fedora Linux 41 | SKIPPED | SKIPPED | SKIPPED | PEND | +------------------------------+------------------------------+---------------------------+--------------+----------------+ | Fedora Linux 42 | SKIPPED | SKIPPED | SKIPPED | PEND | +------------------------------+------------------------------+---------------------------+--------------+----------------+ | Debian GNU/Linux 12 | SKIPPED | SKIPPED | SKIPPED | PEND | +------------------------------+------------------------------+---------------------------+--------------+----------------+ | CentOS Stream 10 | SKIPPED | SKIPPED | SKIPPED | PEND | +------------------------------+------------------------------+---------------------------+--------------+----------------+ | CentOS Stream 9 | SKIPPED | SKIPPED | SKIPPED | PEND | +------------------------------+------------------------------+---------------------------+--------------+----------------+ | Fedora Linux 40 | SKIPPED | SKIPPED | SKIPPED | PEND | +------------------------------+------------------------------+---------------------------+--------------+----------------+ | Red Hat Enterprise Linux 9.5 | SKIPPED | SKIPPED | SKIPPED | PEND | +------------------------------+------------------------------+---------------------------+--------------+----------------+ | Ubuntu 22.04 | SKIPPED | SKIPPED | SKIPPED | PASS | +------------------------------+------------------------------+---------------------------+--------------+----------------+ | Ubuntu 24.04 | SKIPPED | SKIPPED | SKIPPED | PEND | +------------------------------+------------------------------+---------------------------+--------------+----------------+ Debian 12 (arm) Kernel: Depends on container host Compiler: gcc (Debian 12.2.0-14) 12.2.0 Ubuntu 20.04 Kernel: 5.4 Compiler: gcc gcc (Ubuntu 9.4.0-1ubuntu1~20.04.2) 9.4.0 Fedora Linux 41 Kernel: 5.4 Compiler: gcc gcc (GCC) 14.3.1 20250523 (Red Hat 14.3.1-1) Fedora Linux 42 Kernel: 5.4 Compiler: gcc gcc (GCC) 15.2.1 20250808 (Red Hat 15.2.1-1) Debian GNU/Linux 12 Kernel: 5.4 Compiler: gcc gcc (Debian 12.2.0-14+deb12u1) 12.2.0 CentOS Stream 10 Kernel: 5.4 Compiler: gcc gcc (GCC) 14.2.1 20250110 (Red Hat 14.2.1-8) CentOS Stream 9 Kernel: 5.4 Compiler: gcc gcc (GCC) 11.5.0 20240719 (Red Hat 11.5.0-11) Fedora Linux 40 Kernel: 5.4 Compiler: clang gcc (GCC) 14.2.1 20240912 (Red Hat 14.2.1-3) Red Hat Enterprise Linux 9.5 Kernel: 5.4 Compiler: gcc gcc (GCC) 11.5.0 20240719 (Red Hat 11.5.0-2) Ubuntu 22.04 Kernel: 5.4 Compiler: gcc gcc (Ubuntu 11.4.0-1ubuntu1~22.04) 11.4.0 Ubuntu 24.04 Kernel: 5.4 Compiler: gcc gcc (Ubuntu 13.3.0-6ubuntu2~24.04) 13.3.0 To view detailed results, visit: https://lab.dpdk.org/results/dashboard/tarballs/35244/ UNH-IOL DPDK Community Lab To manage your email subscriptions, visit: https://lab.dpdk.org/results/dashboard/preferences/subscriptions/