automatic DPDK test reports
 help / color / mirror / Atom feed
From: dpdklab@iol.unh.edu
To: Test Report <test-report@dpdk.org>
Cc: dpdk-test-reports@iol.unh.edu
Subject: |WARNING| pw157823-157824 [PATCH] [v2,2/2] dts: add QinQ test suite
Date: Fri, 17 Oct 2025 17:56:59 -0700 (PDT)	[thread overview]
Message-ID: <68f2e5db.050a0220.2c2354.4027SMTPIN_ADDED_MISSING@mx.google.com> (raw)
In-Reply-To: <20251017203159.557830-2-dmarx@iol.unh.edu>

Test-Label: iol-compile-amd64-testing
Test-Status: WARNING
http://dpdk.org/patch/157824

_Testing issues_

Submitter: Dean Marx <dmarx@iol.unh.edu>
Date: Friday, October 17 2025 20:31:59 
DPDK git baseline: Repo:dpdk-next-dts
  Branch: master
  CommitID:c1a9d3e5a721be9be66f0c4bfd9fa4d6e6af3b98

157823-157824 --> testing issues

Upstream job id: Generic-DPDK-Compile-Meson#435656

Test environment and result as below:

+---------------------+--------------------+-------------------------+-------------------+----------------------+-------------------+------------------+
|     Environment     | dpdk_meson_compile | dpdk_llvm_clang_compile | dpdk_msvc_compile | dpdk_mingw64_compile | dpdk_compile_spdk | dpdk_compile_ovs |
+=====================+====================+=========================+===================+======================+===================+==================+
| Ubuntu 20.04        | PASS               | SKIPPED                 | SKIPPED           | SKIPPED              | SKIPPED           | SKIPPED          |
+---------------------+--------------------+-------------------------+-------------------+----------------------+-------------------+------------------+
| FreeBSD 14.2        | PASS               | SKIPPED                 | SKIPPED           | SKIPPED              | SKIPPED           | SKIPPED          |
+---------------------+--------------------+-------------------------+-------------------+----------------------+-------------------+------------------+
| CentOS Stream 9     | PASS               | SKIPPED                 | SKIPPED           | SKIPPED              | WARN              | SKIPPED          |
+---------------------+--------------------+-------------------------+-------------------+----------------------+-------------------+------------------+
| CentOS Stream 10    | PASS               | SKIPPED                 | SKIPPED           | SKIPPED              | SKIPPED           | SKIPPED          |
+---------------------+--------------------+-------------------------+-------------------+----------------------+-------------------+------------------+
| Debian GNU/Linux 12 | PEND               | SKIPPED                 | SKIPPED           | SKIPPED              | PEND              | SKIPPED          |
+---------------------+--------------------+-------------------------+-------------------+----------------------+-------------------+------------------+
| Fedora Linux 42     | PEND               | SKIPPED                 | SKIPPED           | SKIPPED              | PEND              | PEND             |
+---------------------+--------------------+-------------------------+-------------------+----------------------+-------------------+------------------+
| Windows Server 2022 | SKIPPED            | PASS                    | PASS              | PASS                 | SKIPPED           | SKIPPED          |
+---------------------+--------------------+-------------------------+-------------------+----------------------+-------------------+------------------+

==== 20 line log output for CentOS Stream 9 (dpdk_compile_spdk): ====
 --- Failed to get log output --- 
==== End log output ====

Ubuntu 20.04
	Kernel: 4.19
	Compiler: gcc gcc (Ubuntu 9.4.0-1ubuntu1~20.04.2) 9.4.0

FreeBSD 14.2
	Kernel: 14.2-RELEASE
	Compiler: clang 18.1.6

CentOS Stream 9
	Kernel: 5.15
	Compiler: gcc gcc (GCC) 11.5.0 20240719 (Red Hat 11.5.0-11)

CentOS Stream 10
	Kernel: 5.15
	Compiler: gcc gcc (GCC) 14.2.1 20250110 (Red Hat 14.2.1-8)

Debian GNU/Linux 12
	Kernel: 5.15
	Compiler: gcc gcc (Debian 12.2.0-14+deb12u1) 12.2.0

Fedora Linux 42
	Kernel: 5.15
	Compiler: clang gcc (GCC) 15.2.1 20250808 (Red Hat 15.2.1-1)

Windows Server 2022
	Kernel: 10.0.20348.2031
	Compiler: clang 15.0.7, gcc 14.1.0 (MinGW), and MSVC VS 19.39.33521

To view detailed results, visit:
https://lab.dpdk.org/results/dashboard/patchsets/34322/

UNH-IOL DPDK Community Lab

To manage your email subscriptions, visit: 
https://lab.dpdk.org/results/dashboard/preferences/subscriptions/

  parent reply	other threads:[~2025-10-18  0:57 UTC|newest]

Thread overview: 22+ messages / expand[flat|nested]  mbox.gz  Atom feed  top
     [not found] <20251017203159.557830-2-dmarx@iol.unh.edu>
2025-10-17 20:33 ` |SUCCESS| pw157824 [PATCH v2 2/2] " checkpatch
2025-10-17 20:57 ` |FAILURE| pw157823-157824 [PATCH] [v2,2/2] " dpdklab
2025-10-17 21:01 ` |PENDING| " dpdklab
2025-10-17 21:04 ` dpdklab
2025-10-17 21:04 ` |SUCCESS| " dpdklab
2025-10-17 21:09 ` |PENDING| " dpdklab
2025-10-17 21:12 ` dpdklab
2025-10-17 21:13 ` |SUCCESS| " dpdklab
2025-10-17 21:21 ` dpdklab
2025-10-17 21:23 ` dpdklab
2025-10-17 21:24 ` dpdklab
2025-10-17 21:26 ` dpdklab
2025-10-17 21:26 ` dpdklab
2025-10-17 21:32 ` dpdklab
2025-10-17 21:33 ` dpdklab
2025-10-17 21:38 ` dpdklab
2025-10-17 21:45 ` dpdklab
2025-10-18  0:34 ` dpdklab
2025-10-18  0:56 ` dpdklab [this message]
2025-10-18  1:42 ` |WARNING| " dpdklab
2025-10-18  1:45 ` |PENDING| " dpdklab
2025-10-18 11:36 ` |SUCCESS| " dpdklab

Reply instructions:

You may reply publicly to this message via plain-text email
using any one of the following methods:

* Save the following mbox file, import it into your mail client,
  and reply-to-all from there: mbox

  Avoid top-posting and favor interleaved quoting:
  https://en.wikipedia.org/wiki/Posting_style#Interleaved_style

* Reply using the --to, --cc, and --in-reply-to
  switches of git-send-email(1):

  git send-email \
    --in-reply-to=68f2e5db.050a0220.2c2354.4027SMTPIN_ADDED_MISSING@mx.google.com \
    --to=dpdklab@iol.unh.edu \
    --cc=dpdk-test-reports@iol.unh.edu \
    --cc=test-report@dpdk.org \
    /path/to/YOUR_REPLY

  https://kernel.org/pub/software/scm/git/docs/git-send-email.html

* If your mail client supports setting the In-Reply-To header
  via mailto: links, try the mailto: link
Be sure your reply has a Subject: header at the top and a blank line before the message body.
This is a public inbox, see mirroring instructions
for how to clone and mirror all data and code used for this inbox;
as well as URLs for NNTP newsgroup(s).